{"id":107,"date":"2026-02-05T11:04:37","date_gmt":"2026-02-05T10:04:37","guid":{"rendered":"http:\/\/powiatwwl.pl\/?page_id=107"},"modified":"2026-02-10T10:14:08","modified_gmt":"2026-02-10T09:14:08","slug":"rada-powiatu-wolominskiego","status":"publish","type":"page","link":"https:\/\/powiatwwl.pl\/?page_id=107","title":{"rendered":"RADA POWIATU WO\u0141OMI\u0143SKIEGO"},"content":{"rendered":"\n<h2 class=\"wp-block-heading has-text-align-center\"><strong>Rada Powiatu Wo\u0142omi\u0144skiego <\/strong><\/h2>\n\n\n\n<h2 class=\"wp-block-heading has-text-align-center\"><strong>VII kadencja 2024-2029<\/strong><\/h2>\n\n\n\n<figure class=\"wp-block-image size-full\"><img loading=\"lazy\" decoding=\"async\" width=\"1024\" height=\"683\" src=\"https:\/\/powiatwwl.pl\/wp-content\/uploads\/2026\/02\/0-1-1024x683-1.jpg\" alt=\"\" class=\"wp-image-655\" srcset=\"https:\/\/powiatwwl.pl\/wp-content\/uploads\/2026\/02\/0-1-1024x683-1.jpg 1024w, https:\/\/powiatwwl.pl\/wp-content\/uploads\/2026\/02\/0-1-1024x683-1-300x200.jpg 300w, https:\/\/powiatwwl.pl\/wp-content\/uploads\/2026\/02\/0-1-1024x683-1-768x512.jpg 768w\" sizes=\"auto, (max-width: 1024px) 100vw, 1024px\" \/><\/figure>\n\n\n\n<p>SUCHENEK Magdalena &#8211; Przewodnicz\u0105ca Rady Powiatu<\/p>\n\n\n\n<p>JA\u0179WI\u0143SKA Karina &#8211; Wiceprzewodnicz\u0105ca Rady Powiatu<\/p>\n\n\n\n<p>RADWAN Olga &#8211; Wiceprzewodnicz\u0105ca Rady Powiatu<\/p>\n\n\n\n<p>BANASZEK Pawe\u0142<\/p>\n\n\n\n<p>BIENIEK Anna<\/p>\n\n\n\n<p>BORCZY\u0143SKI Piotr<\/p>\n\n\n\n<p>D\u0104BROWSKI Pawe\u0142<\/p>\n\n\n\n<p>DEC Rados\u0142aw<\/p>\n\n\n\n<p>DZIEWI\u0104TKOWSKA Izabella<\/p>\n\n\n\n<p>KALATA Tomasz<\/p>\n\n\n\n<p>KLOCEK S\u0142awomir<\/p>\n\n\n\n<p>LUBIAK Adam<\/p>\n\n\n\n<p>\u0141OSSAN Jaros\u0142aw<\/p>\n\n\n\n<p>MADZIAR Jolanta<\/p>\n\n\n\n<p>MICHALAK Ewa<\/p>\n\n\n\n<p>MLONEK Adrian<\/p>\n\n\n\n<p>PAZIO Katarzyna<\/p>\n\n\n\n<p>PIETRZAK Adam<\/p>\n\n\n\n<p>RAJCHERT Marta<\/p>\n\n\n\n<p>RAKOWSKI Kazimierz<\/p>\n\n\n\n<p>ROGUSKI Robert<\/p>\n\n\n\n<p>ROSA Ewa<\/p>\n\n\n\n<p>RYPCZY\u0143SKA  Monika<\/p>\n\n\n\n<p>SIWEK Grzegorz<\/p>\n\n\n\n<p>SZYDLIK Robert<\/p>\n\n\n\n<p>U\u015aCI\u0143SKI \u0141ukasz<\/p>\n\n\n\n<p>WERELICH Arkadiusz<\/p>\n\n\n\n<p>WNUK Cezary<\/p>\n\n\n\n<p>WYSZY\u0143SKI Piotr<\/p>\n\n\n\n<p><a href=\"https:\/\/samorzad.gov.pl\/web\/powiat-wolominski\/sklad-rady4\"><strong>RADA POWIATU WO\u0141OMI\u0143SKIEGO<\/strong> &#8211; zobacz<\/a><\/p>\n","protected":false},"excerpt":{"rendered":"<p>Rada Powiatu Wo\u0142omi\u0144skiego VII kadencja 2024-2029 SUCHENEK Magdalena &#8211; Przewodnicz\u0105ca Rady Powiatu JA\u0179WI\u0143SKA Karina &#8211; Wiceprzewodnicz\u0105ca Rady Powiatu RADWAN Olga &#8211; Wiceprzewodnicz\u0105ca Rady Powiatu BANASZEK Pawe\u0142 BIENIEK Anna BORCZY\u0143SKI Piotr D\u0104BROWSKI Pawe\u0142 DEC Rados\u0142aw DZIEWI\u0104TKOWSKA Izabella KALATA Tomasz KLOCEK S\u0142awomir LUBIAK Adam \u0141OSSAN Jaros\u0142aw MADZIAR Jolanta MICHALAK Ewa MLONEK Adrian&#46;&#46;&#46;<\/p>\n","protected":false},"author":1,"featured_media":0,"parent":0,"menu_order":0,"comment_status":"closed","ping_status":"closed","template":"","meta":{"footnotes":""},"class_list":["post-107","page","type-page","status-publish","hentry"],"_links":{"self":[{"href":"https:\/\/powiatwwl.pl\/index.php?rest_route=\/wp\/v2\/pages\/107","targetHints":{"allow":["GET"]}}],"collection":[{"href":"https:\/\/powiatwwl.pl\/index.php?rest_route=\/wp\/v2\/pages"}],"about":[{"href":"https:\/\/powiatwwl.pl\/index.php?rest_route=\/wp\/v2\/types\/page"}],"author":[{"embeddable":true,"href":"https:\/\/powiatwwl.pl\/index.php?rest_route=\/wp\/v2\/users\/1"}],"replies":[{"embeddable":true,"href":"https:\/\/powiatwwl.pl\/index.php?rest_route=%2Fwp%2Fv2%2Fcomments&post=107"}],"version-history":[{"count":5,"href":"https:\/\/powiatwwl.pl\/index.php?rest_route=\/wp\/v2\/pages\/107\/revisions"}],"predecessor-version":[{"id":656,"href":"https:\/\/powiatwwl.pl\/index.php?rest_route=\/wp\/v2\/pages\/107\/revisions\/656"}],"wp:attachment":[{"href":"https:\/\/powiatwwl.pl\/index.php?rest_route=%2Fwp%2Fv2%2Fmedia&parent=107"}],"curies":[{"name":"wp","href":"https:\/\/api.w.org\/{rel}","templated":true}]}}

RADA POWIATU WOŁOMIŃSKIEGO

<h2 class="wp-block-heading has-text-align-center"><strong>Rada Powiatu Wołomińskiego </strong></h2>



<h2 class="wp-block-heading has-text-align-center"><strong>VII kadencja 2024-2029</strong></h2>



<figure class="wp-block-image size-full"><img loading="lazy" decoding="async" width="1024" height="683" src="https://powiatwwl.pl/wp-content/uploads/2026/02/0-1-1024x683-1.jpg" alt="" class="wp-image-655" srcset="https://powiatwwl.pl/wp-content/uploads/2026/02/0-1-1024x683-1.jpg 1024w, https://powiatwwl.pl/wp-content/uploads/2026/02/0-1-1024x683-1-300x200.jpg 300w, https://powiatwwl.pl/wp-content/uploads/2026/02/0-1-1024x683-1-768x512.jpg 768w" sizes="auto, (max-width: 1024px) 100vw, 1024px" /></figure>



<p>SUCHENEK Magdalena &#8211; Przewodnicząca Rady Powiatu</p>



<p>JAŹWIŃSKA Karina &#8211; Wiceprzewodnicząca Rady Powiatu</p>



<p>RADWAN Olga &#8211; Wiceprzewodnicząca Rady Powiatu</p>



<p>BANASZEK Paweł</p>



<p>BIENIEK Anna</p>



<p>BORCZYŃSKI Piotr</p>



<p>DĄBROWSKI Paweł</p>



<p>DEC Radosław</p>



<p>DZIEWIĄTKOWSKA Izabella</p>



<p>KALATA Tomasz</p>



<p>KLOCEK Sławomir</p>



<p>LUBIAK Adam</p>



<p>ŁOSSAN Jarosław</p>



<p>MADZIAR Jolanta</p>



<p>MICHALAK Ewa</p>



<p>MLONEK Adrian</p>



<p>PAZIO Katarzyna</p>



<p>PIETRZAK Adam</p>



<p>RAJCHERT Marta</p>



<p>RAKOWSKI Kazimierz</p>



<p>ROGUSKI Robert</p>



<p>ROSA Ewa</p>



<p>RYPCZYŃSKA  Monika</p>



<p>SIWEK Grzegorz</p>



<p>SZYDLIK Robert</p>



<p>UŚCIŃSKI Łukasz</p>



<p>WERELICH Arkadiusz</p>



<p>WNUK Cezary</p>



<p>WYSZYŃSKI Piotr</p>



<p><a href="https://samorzad.gov.pl/web/powiat-wolominski/sklad-rady4"><strong>RADA POWIATU WOŁOMIŃSKIEGO</strong> &#8211; zobacz</a></p>

<p>Rada Powiatu Wołomińskiego VII kadencja 2024-2029 SUCHENEK Magdalena &#8211; Przewodnicząca Rady Powiatu JAŹWIŃSKA Karina &#8211; Wiceprzewodnicząca Rady Powiatu RADWAN Olga &#8211; Wiceprzewodnicząca Rady Powiatu BANASZEK Paweł BIENIEK Anna BORCZYŃSKI Piotr DĄBROWSKI Paweł DEC Radosław DZIEWIĄTKOWSKA Izabella KALATA Tomasz KLOCEK Sławomir LUBIAK Adam ŁOSSAN Jarosław MADZIAR Jolanta MICHALAK Ewa MLONEK Adrian&#46;&#46;&#46;</p>
