{"id":1077,"date":"2026-02-24T09:17:57","date_gmt":"2026-02-24T08:17:57","guid":{"rendered":"http:\/\/powiatwwl.pl\/?page_id=1077"},"modified":"2026-03-23T12:39:39","modified_gmt":"2026-03-23T11:39:39","slug":"rokis-radzymin-marcovia-marki","status":"publish","type":"page","link":"https:\/\/powiatwwl.pl\/?page_id=1077","title":{"rendered":"ROKIS Radzymin MARCOVIA Marki"},"content":{"rendered":"\n<h2 class=\"wp-block-heading has-text-align-center\"><strong>Dru\u017cyna pi\u0142ki r\u0119cznej ROKiS Radzymin Marcovia Marki- I liga kobiet<\/strong><\/h2>\n\n\n<div class=\"wp-block-image\">\n<figure class=\"aligncenter size-full\"><img loading=\"lazy\" decoding=\"async\" width=\"960\" height=\"639\" src=\"https:\/\/powiatwwl.pl\/wp-content\/uploads\/2026\/02\/576537103_1647133769969517_366747004754072935_n.jpg\" alt=\"\" class=\"wp-image-1078\" srcset=\"https:\/\/powiatwwl.pl\/wp-content\/uploads\/2026\/02\/576537103_1647133769969517_366747004754072935_n.jpg 960w, https:\/\/powiatwwl.pl\/wp-content\/uploads\/2026\/02\/576537103_1647133769969517_366747004754072935_n-300x200.jpg 300w, https:\/\/powiatwwl.pl\/wp-content\/uploads\/2026\/02\/576537103_1647133769969517_366747004754072935_n-768x511.jpg 768w\" sizes=\"auto, (max-width: 960px) 100vw, 960px\" \/><\/figure>\n<\/div>\n\n\n<hr class=\"wp-block-separator aligncenter has-alpha-channel-opacity\"\/>\n\n\n\n<h2 class=\"wp-block-heading\">SMS ZPRP LUBLIN &#8211; ROKiS Radzymin MARCOVIA Marki 38:31<\/h2>\n\n\n\n<p>Lublin, 21 marca 2026. I liga kobiet<\/p>\n\n\n\n<hr class=\"wp-block-separator aligncenter has-alpha-channel-opacity\"\/>\n\n\n\n<h2 class=\"wp-block-heading\">ROKIS Radzymin MARCOVIA Marki &#8211; AZS UR APR Radom 30:24<\/h2>\n\n\n\n<p>Marki, 1 marca 2026. I liga kobiet. Zwyci\u0119stwo nr 14. Wi\u0119cej poni\u017cej.<\/p>\n\n\n<div class=\"wp-block-image\">\n<figure class=\"alignleft size-full is-resized\"><img loading=\"lazy\" decoding=\"async\" width=\"500\" height=\"500\" src=\"https:\/\/powiatwwl.pl\/wp-content\/uploads\/2026\/02\/277779969_647097359973168_4131644390357408655_n.jpg\" alt=\"\" class=\"wp-image-1079\" style=\"width:110px;height:auto\" srcset=\"https:\/\/powiatwwl.pl\/wp-content\/uploads\/2026\/02\/277779969_647097359973168_4131644390357408655_n.jpg 500w, https:\/\/powiatwwl.pl\/wp-content\/uploads\/2026\/02\/277779969_647097359973168_4131644390357408655_n-300x300.jpg 300w, https:\/\/powiatwwl.pl\/wp-content\/uploads\/2026\/02\/277779969_647097359973168_4131644390357408655_n-150x150.jpg 150w, https:\/\/powiatwwl.pl\/wp-content\/uploads\/2026\/02\/277779969_647097359973168_4131644390357408655_n-80x80.jpg 80w, https:\/\/powiatwwl.pl\/wp-content\/uploads\/2026\/02\/277779969_647097359973168_4131644390357408655_n-320x320.jpg 320w\" sizes=\"auto, (max-width: 500px) 100vw, 500px\" \/><\/figure>\n<\/div>\n\n\n<h2 class=\"wp-block-heading\"><a href=\"https:\/\/www.facebook.com\/kprrokis\"><strong>ROKIS Radzymin MARCOVIA Marki<\/strong><\/a><\/h2>\n\n\n\n<hr class=\"wp-block-separator aligncenter has-alpha-channel-opacity\"\/>\n\n\n\n<hr class=\"wp-block-separator aligncenter has-alpha-channel-opacity\"\/>\n\n\n\n<h2 class=\"wp-block-heading\">ROKIS Radzymin MARCOVIA Marki &#8211; AGRYKOLA Warszawa 46:26<\/h2>\n\n\n\n<p><strong>Marki, 21 luty 2026. I liga kobiet.<\/strong> <a href=\"https:\/\/www.facebook.com\/kprrokis?__cft__[0]=AZb7jQVE7ZuoPtdRwH5Butfhdwbj0EqSBIhBCctCH5eczubYJ2yg9LT-8q1rQN-d9Nq-9ZeROnz7W8zhOw0dfgE_UXuY5YqlTy1w8IP5rPbp8AXLjcjn9PBJ64RJCkad30CarqYupVR3_5k7zttrXqb55Dt25Qip2bqBEllyJ4_5XxL-ZvB1IYHmnh1QNMpozMrOpMnQEniuDfnTp6E0ZNDM&amp;__tn__=-]K-R\">ROKiS Radzymin Marcovia Marki<\/a> wygra\u0142y \ud835\udff0\ud835\udff2 \ud835\uddf1\ud835\uddfc \ud835\udfee\ud835\udff2 z <a href=\"https:\/\/www.facebook.com\/profile.php?id=100063571001039&amp;__cft__[0]=AZb7jQVE7ZuoPtdRwH5Butfhdwbj0EqSBIhBCctCH5eczubYJ2yg9LT-8q1rQN-d9Nq-9ZeROnz7W8zhOw0dfgE_UXuY5YqlTy1w8IP5rPbp8AXLjcjn9PBJ64RJCkad30CarqYupVR3_5k7zttrXqb55Dt25Qip2bqBEllyJ4_5XxL-ZvB1IYHmnh1QNMpozMrOpMnQEniuDfnTp6E0ZNDM&amp;__tn__=-]K-R\">Agrykola pi\u0142ka r\u0119czna<\/a> i potwierdzi\u0142y swoj\u0105 pozycj\u0119 lidera I ligi grupy C. To du\u017cy krok w kierunku ligi centralnej, czyli bezpo\u015bredniego zaplecza <a href=\"https:\/\/www.facebook.com\/SLKobiet?__cft__[0]=AZb7jQVE7ZuoPtdRwH5Butfhdwbj0EqSBIhBCctCH5eczubYJ2yg9LT-8q1rQN-d9Nq-9ZeROnz7W8zhOw0dfgE_UXuY5YqlTy1w8IP5rPbp8AXLjcjn9PBJ64RJCkad30CarqYupVR3_5k7zttrXqb55Dt25Qip2bqBEllyJ4_5XxL-ZvB1IYHmnh1QNMpozMrOpMnQEniuDfnTp6E0ZNDM&amp;__tn__=-]K-R\">ORLEN Superliga Kobiet<\/a>. Brawo pokaza\u0142y\u015bcie dzi\u015b niebywa\u0142ego ducha walki. Tak trzyma\u0107. <a href=\"https:\/\/www.facebook.com\/Powiat.Wolominski?__cft__[0]=AZb7jQVE7ZuoPtdRwH5Butfhdwbj0EqSBIhBCctCH5eczubYJ2yg9LT-8q1rQN-d9Nq-9ZeROnz7W8zhOw0dfgE_UXuY5YqlTy1w8IP5rPbp8AXLjcjn9PBJ64RJCkad30CarqYupVR3_5k7zttrXqb55Dt25Qip2bqBEllyJ4_5XxL-ZvB1IYHmnh1QNMpozMrOpMnQEniuDfnTp6E0ZNDM&amp;__tn__=-]K-R\">Powiat Wo\u0142omi\u0144ski<\/a> jest z Was bardzo dumny.<\/p>\n\n\n<div class=\"wp-block-image\">\n<figure class=\"alignleft size-full is-resized\"><img loading=\"lazy\" decoding=\"async\" width=\"688\" height=\"688\" src=\"https:\/\/powiatwwl.pl\/wp-content\/uploads\/2026\/02\/Colorful-Live-News-Free-Logo.jpg\" alt=\"\" class=\"wp-image-371\" style=\"width:106px;height:auto\" srcset=\"https:\/\/powiatwwl.pl\/wp-content\/uploads\/2026\/02\/Colorful-Live-News-Free-Logo.jpg 688w, https:\/\/powiatwwl.pl\/wp-content\/uploads\/2026\/02\/Colorful-Live-News-Free-Logo-300x300.jpg 300w, https:\/\/powiatwwl.pl\/wp-content\/uploads\/2026\/02\/Colorful-Live-News-Free-Logo-150x150.jpg 150w, https:\/\/powiatwwl.pl\/wp-content\/uploads\/2026\/02\/Colorful-Live-News-Free-Logo-80x80.jpg 80w, https:\/\/powiatwwl.pl\/wp-content\/uploads\/2026\/02\/Colorful-Live-News-Free-Logo-320x320.jpg 320w\" sizes=\"auto, (max-width: 688px) 100vw, 688px\" \/><\/figure>\n<\/div>\n\n\n<h2 class=\"wp-block-heading\"><strong><a href=\"https:\/\/www.facebook.com\/share\/r\/1CTpdLjpDD\/\">Rolka VIDEO<\/a><\/strong><\/h2>\n\n\n\n<hr class=\"wp-block-separator aligncenter has-alpha-channel-opacity\"\/>\n\n\n<div class=\"wp-block-image\">\n<figure class=\"alignleft size-full is-resized\"><img loading=\"lazy\" decoding=\"async\" width=\"500\" height=\"500\" src=\"https:\/\/powiatwwl.pl\/wp-content\/uploads\/2026\/02\/277779969_647097359973168_4131644390357408655_n.jpg\" alt=\"\" class=\"wp-image-1079\" style=\"width:114px;height:auto\" srcset=\"https:\/\/powiatwwl.pl\/wp-content\/uploads\/2026\/02\/277779969_647097359973168_4131644390357408655_n.jpg 500w, https:\/\/powiatwwl.pl\/wp-content\/uploads\/2026\/02\/277779969_647097359973168_4131644390357408655_n-300x300.jpg 300w, https:\/\/powiatwwl.pl\/wp-content\/uploads\/2026\/02\/277779969_647097359973168_4131644390357408655_n-150x150.jpg 150w, https:\/\/powiatwwl.pl\/wp-content\/uploads\/2026\/02\/277779969_647097359973168_4131644390357408655_n-80x80.jpg 80w, https:\/\/powiatwwl.pl\/wp-content\/uploads\/2026\/02\/277779969_647097359973168_4131644390357408655_n-320x320.jpg 320w\" sizes=\"auto, (max-width: 500px) 100vw, 500px\" \/><\/figure>\n<\/div>\n\n\n<h2 class=\"wp-block-heading\"><strong><a href=\"https:\/\/www.facebook.com\/kprrokis\">ROKIS Radzymin MARCOVIA Marki<\/a><\/strong><\/h2>\n\n\n\n<p><\/p>\n","protected":false},"excerpt":{"rendered":"<p>Dru\u017cyna pi\u0142ki r\u0119cznej ROKiS Radzymin Marcovia Marki- I liga kobiet SMS ZPRP LUBLIN &#8211; ROKiS Radzymin MARCOVIA Marki 38:31 Lublin, 21 marca 2026. I liga kobiet ROKIS Radzymin MARCOVIA Marki &#8211; AZS UR APR Radom 30:24 Marki, 1 marca 2026. I liga kobiet. Zwyci\u0119stwo nr 14. Wi\u0119cej poni\u017cej. ROKIS Radzymin&#46;&#46;&#46;<\/p>\n","protected":false},"author":1,"featured_media":0,"parent":0,"menu_order":0,"comment_status":"closed","ping_status":"closed","template":"","meta":{"footnotes":""},"class_list":["post-1077","page","type-page","status-publish","hentry"],"_links":{"self":[{"href":"https:\/\/powiatwwl.pl\/index.php?rest_route=\/wp\/v2\/pages\/1077","targetHints":{"allow":["GET"]}}],"collection":[{"href":"https:\/\/powiatwwl.pl\/index.php?rest_route=\/wp\/v2\/pages"}],"about":[{"href":"https:\/\/powiatwwl.pl\/index.php?rest_route=\/wp\/v2\/types\/page"}],"author":[{"embeddable":true,"href":"https:\/\/powiatwwl.pl\/index.php?rest_route=\/wp\/v2\/users\/1"}],"replies":[{"embeddable":true,"href":"https:\/\/powiatwwl.pl\/index.php?rest_route=%2Fwp%2Fv2%2Fcomments&post=1077"}],"version-history":[{"count":7,"href":"https:\/\/powiatwwl.pl\/index.php?rest_route=\/wp\/v2\/pages\/1077\/revisions"}],"predecessor-version":[{"id":2321,"href":"https:\/\/powiatwwl.pl\/index.php?rest_route=\/wp\/v2\/pages\/1077\/revisions\/2321"}],"wp:attachment":[{"href":"https:\/\/powiatwwl.pl\/index.php?rest_route=%2Fwp%2Fv2%2Fmedia&parent=1077"}],"curies":[{"name":"wp","href":"https:\/\/api.w.org\/{rel}","templated":true}]}}

<h2 class="wp-block-heading has-text-align-center"><strong>Drużyna piłki ręcznej ROKiS Radzymin Marcovia Marki- I liga kobiet</strong></h2>


<div class="wp-block-image">
<figure class="aligncenter size-full"><img loading="lazy" decoding="async" width="960" height="639" src="https://powiatwwl.pl/wp-content/uploads/2026/02/576537103_1647133769969517_366747004754072935_n.jpg" alt="" class="wp-image-1078" srcset="https://powiatwwl.pl/wp-content/uploads/2026/02/576537103_1647133769969517_366747004754072935_n.jpg 960w, https://powiatwwl.pl/wp-content/uploads/2026/02/576537103_1647133769969517_366747004754072935_n-300x200.jpg 300w, https://powiatwwl.pl/wp-content/uploads/2026/02/576537103_1647133769969517_366747004754072935_n-768x511.jpg 768w" sizes="auto, (max-width: 960px) 100vw, 960px" /></figure>
</div>


<hr class="wp-block-separator aligncenter has-alpha-channel-opacity"/>



<h2 class="wp-block-heading">SMS ZPRP LUBLIN &#8211; ROKiS Radzymin MARCOVIA Marki 38:31</h2>



<p>Lublin, 21 marca 2026. I liga kobiet</p>



<hr class="wp-block-separator aligncenter has-alpha-channel-opacity"/>



<h2 class="wp-block-heading">ROKIS Radzymin MARCOVIA Marki &#8211; AZS UR APR Radom 30:24</h2>



<p>Marki, 1 marca 2026. I liga kobiet. Zwycięstwo nr 14. Więcej poniżej.</p>


<div class="wp-block-image">
<figure class="alignleft size-full is-resized"><img loading="lazy" decoding="async" width="500" height="500" src="https://powiatwwl.pl/wp-content/uploads/2026/02/277779969_647097359973168_4131644390357408655_n.jpg" alt="" class="wp-image-1079" style="width:110px;height:auto" srcset="https://powiatwwl.pl/wp-content/uploads/2026/02/277779969_647097359973168_4131644390357408655_n.jpg 500w, https://powiatwwl.pl/wp-content/uploads/2026/02/277779969_647097359973168_4131644390357408655_n-300x300.jpg 300w, https://powiatwwl.pl/wp-content/uploads/2026/02/277779969_647097359973168_4131644390357408655_n-150x150.jpg 150w, https://powiatwwl.pl/wp-content/uploads/2026/02/277779969_647097359973168_4131644390357408655_n-80x80.jpg 80w, https://powiatwwl.pl/wp-content/uploads/2026/02/277779969_647097359973168_4131644390357408655_n-320x320.jpg 320w" sizes="auto, (max-width: 500px) 100vw, 500px" /></figure>
</div>


<h2 class="wp-block-heading"><a href="https://www.facebook.com/kprrokis"><strong>ROKIS Radzymin MARCOVIA Marki</strong></a></h2>



<hr class="wp-block-separator aligncenter has-alpha-channel-opacity"/>



<hr class="wp-block-separator aligncenter has-alpha-channel-opacity"/>



<h2 class="wp-block-heading">ROKIS Radzymin MARCOVIA Marki &#8211; AGRYKOLA Warszawa 46:26</h2>



<p><strong>Marki, 21 luty 2026. I liga kobiet.</strong> <a href="https://www.facebook.com/kprrokis?__cft__[0]=AZb7jQVE7ZuoPtdRwH5Butfhdwbj0EqSBIhBCctCH5eczubYJ2yg9LT-8q1rQN-d9Nq-9ZeROnz7W8zhOw0dfgE_UXuY5YqlTy1w8IP5rPbp8AXLjcjn9PBJ64RJCkad30CarqYupVR3_5k7zttrXqb55Dt25Qip2bqBEllyJ4_5XxL-ZvB1IYHmnh1QNMpozMrOpMnQEniuDfnTp6E0ZNDM&amp;__tn__=-]K-R">ROKiS Radzymin Marcovia Marki</a> wygrały 𝟰𝟲 𝗱𝗼 𝟮𝟲 z <a href="https://www.facebook.com/profile.php?id=100063571001039&amp;__cft__[0]=AZb7jQVE7ZuoPtdRwH5Butfhdwbj0EqSBIhBCctCH5eczubYJ2yg9LT-8q1rQN-d9Nq-9ZeROnz7W8zhOw0dfgE_UXuY5YqlTy1w8IP5rPbp8AXLjcjn9PBJ64RJCkad30CarqYupVR3_5k7zttrXqb55Dt25Qip2bqBEllyJ4_5XxL-ZvB1IYHmnh1QNMpozMrOpMnQEniuDfnTp6E0ZNDM&amp;__tn__=-]K-R">Agrykola piłka ręczna</a> i potwierdziły swoją pozycję lidera I ligi grupy C. To duży krok w kierunku ligi centralnej, czyli bezpośredniego zaplecza <a href="https://www.facebook.com/SLKobiet?__cft__[0]=AZb7jQVE7ZuoPtdRwH5Butfhdwbj0EqSBIhBCctCH5eczubYJ2yg9LT-8q1rQN-d9Nq-9ZeROnz7W8zhOw0dfgE_UXuY5YqlTy1w8IP5rPbp8AXLjcjn9PBJ64RJCkad30CarqYupVR3_5k7zttrXqb55Dt25Qip2bqBEllyJ4_5XxL-ZvB1IYHmnh1QNMpozMrOpMnQEniuDfnTp6E0ZNDM&amp;__tn__=-]K-R">ORLEN Superliga Kobiet</a>. Brawo pokazałyście dziś niebywałego ducha walki. Tak trzymać. <a href="https://www.facebook.com/Powiat.Wolominski?__cft__[0]=AZb7jQVE7ZuoPtdRwH5Butfhdwbj0EqSBIhBCctCH5eczubYJ2yg9LT-8q1rQN-d9Nq-9ZeROnz7W8zhOw0dfgE_UXuY5YqlTy1w8IP5rPbp8AXLjcjn9PBJ64RJCkad30CarqYupVR3_5k7zttrXqb55Dt25Qip2bqBEllyJ4_5XxL-ZvB1IYHmnh1QNMpozMrOpMnQEniuDfnTp6E0ZNDM&amp;__tn__=-]K-R">Powiat Wołomiński</a> jest z Was bardzo dumny.</p>


<div class="wp-block-image">
<figure class="alignleft size-full is-resized"><img loading="lazy" decoding="async" width="688" height="688" src="https://powiatwwl.pl/wp-content/uploads/2026/02/Colorful-Live-News-Free-Logo.jpg" alt="" class="wp-image-371" style="width:106px;height:auto" srcset="https://powiatwwl.pl/wp-content/uploads/2026/02/Colorful-Live-News-Free-Logo.jpg 688w, https://powiatwwl.pl/wp-content/uploads/2026/02/Colorful-Live-News-Free-Logo-300x300.jpg 300w, https://powiatwwl.pl/wp-content/uploads/2026/02/Colorful-Live-News-Free-Logo-150x150.jpg 150w, https://powiatwwl.pl/wp-content/uploads/2026/02/Colorful-Live-News-Free-Logo-80x80.jpg 80w, https://powiatwwl.pl/wp-content/uploads/2026/02/Colorful-Live-News-Free-Logo-320x320.jpg 320w" sizes="auto, (max-width: 688px) 100vw, 688px" /></figure>
</div>


<h2 class="wp-block-heading"><strong><a href="https://www.facebook.com/share/r/1CTpdLjpDD/">Rolka VIDEO</a></strong></h2>



<hr class="wp-block-separator aligncenter has-alpha-channel-opacity"/>


<div class="wp-block-image">
<figure class="alignleft size-full is-resized"><img loading="lazy" decoding="async" width="500" height="500" src="https://powiatwwl.pl/wp-content/uploads/2026/02/277779969_647097359973168_4131644390357408655_n.jpg" alt="" class="wp-image-1079" style="width:114px;height:auto" srcset="https://powiatwwl.pl/wp-content/uploads/2026/02/277779969_647097359973168_4131644390357408655_n.jpg 500w, https://powiatwwl.pl/wp-content/uploads/2026/02/277779969_647097359973168_4131644390357408655_n-300x300.jpg 300w, https://powiatwwl.pl/wp-content/uploads/2026/02/277779969_647097359973168_4131644390357408655_n-150x150.jpg 150w, https://powiatwwl.pl/wp-content/uploads/2026/02/277779969_647097359973168_4131644390357408655_n-80x80.jpg 80w, https://powiatwwl.pl/wp-content/uploads/2026/02/277779969_647097359973168_4131644390357408655_n-320x320.jpg 320w" sizes="auto, (max-width: 500px) 100vw, 500px" /></figure>
</div>


<h2 class="wp-block-heading"><strong><a href="https://www.facebook.com/kprrokis">ROKIS Radzymin MARCOVIA Marki</a></strong></h2>



<p></p>

<p>Drużyna piłki ręcznej ROKiS Radzymin Marcovia Marki- I liga kobiet SMS ZPRP LUBLIN &#8211; ROKiS Radzymin MARCOVIA Marki 38:31 Lublin, 21 marca 2026. I liga kobiet ROKIS Radzymin MARCOVIA Marki &#8211; AZS UR APR Radom 30:24 Marki, 1 marca 2026. I liga kobiet. Zwycięstwo nr 14. Więcej poniżej. ROKIS Radzymin&#46;&#46;&#46;</p>
