{"id":121,"date":"2026-02-05T11:34:31","date_gmt":"2026-02-05T10:34:31","guid":{"rendered":"http:\/\/powiatwwl.pl\/?page_id=121"},"modified":"2026-03-03T19:17:13","modified_gmt":"2026-03-03T18:17:13","slug":"starostwo-powiatowe","status":"publish","type":"page","link":"https:\/\/powiatwwl.pl\/?page_id=121","title":{"rendered":"STAROSTWO POWIATOWE"},"content":{"rendered":"\n<h3 class=\"wp-block-heading has-text-align-center\"><strong>Zarz\u0105d Powiatu Wo\u0142omi\u0144skiego kadencji 2024-2029<\/strong><\/h3>\n\n\n\n<p class=\"has-text-align-center\"><strong>Arkadiusz WERELICH &#8211; Starosta Wo\u0142omi\u0144ski<\/strong><\/p>\n\n\n<div class=\"wp-block-image\">\n<figure class=\"aligncenter size-full is-resized\"><img loading=\"lazy\" decoding=\"async\" width=\"960\" height=\"958\" src=\"https:\/\/powiatwwl.pl\/wp-content\/uploads\/2026\/02\/548525645_1323612059769050_7274501498487044888_n.jpg\" alt=\"\" class=\"wp-image-203\" style=\"aspect-ratio:1.002092050209205;width:309px;height:auto\" srcset=\"https:\/\/powiatwwl.pl\/wp-content\/uploads\/2026\/02\/548525645_1323612059769050_7274501498487044888_n.jpg 960w, https:\/\/powiatwwl.pl\/wp-content\/uploads\/2026\/02\/548525645_1323612059769050_7274501498487044888_n-300x300.jpg 300w, https:\/\/powiatwwl.pl\/wp-content\/uploads\/2026\/02\/548525645_1323612059769050_7274501498487044888_n-150x150.jpg 150w, https:\/\/powiatwwl.pl\/wp-content\/uploads\/2026\/02\/548525645_1323612059769050_7274501498487044888_n-768x766.jpg 768w, https:\/\/powiatwwl.pl\/wp-content\/uploads\/2026\/02\/548525645_1323612059769050_7274501498487044888_n-80x80.jpg 80w, https:\/\/powiatwwl.pl\/wp-content\/uploads\/2026\/02\/548525645_1323612059769050_7274501498487044888_n-320x320.jpg 320w\" sizes=\"auto, (max-width: 960px) 100vw, 960px\" \/><\/figure>\n<\/div>\n\n\n<hr class=\"wp-block-separator has-alpha-channel-opacity\"\/>\n\n\n\n<p class=\"has-text-align-center\"><strong>Katarzyna Maria PAZIO &#8211; Wicestarosta Wo\u0142omi\u0144ski<\/strong><\/p>\n\n\n<div class=\"wp-block-image\">\n<figure class=\"aligncenter size-full\"><img loading=\"lazy\" decoding=\"async\" width=\"300\" height=\"300\" src=\"https:\/\/powiatwwl.pl\/wp-content\/uploads\/2026\/02\/067699_r1_300.jpg\" alt=\"\" class=\"wp-image-642\" srcset=\"https:\/\/powiatwwl.pl\/wp-content\/uploads\/2026\/02\/067699_r1_300.jpg 300w, https:\/\/powiatwwl.pl\/wp-content\/uploads\/2026\/02\/067699_r1_300-150x150.jpg 150w, https:\/\/powiatwwl.pl\/wp-content\/uploads\/2026\/02\/067699_r1_300-80x80.jpg 80w\" sizes=\"auto, (max-width: 300px) 100vw, 300px\" \/><\/figure>\n<\/div>\n\n\n<hr class=\"wp-block-separator has-alpha-channel-opacity\"\/>\n\n\n\n<p class=\"has-text-align-center\"><strong>Tomasz KALATA &#8211; Cz\u0142onek Zarz\u0105du <\/strong><\/p>\n\n\n<div class=\"wp-block-image\">\n<figure class=\"aligncenter size-large is-resized\"><img loading=\"lazy\" decoding=\"async\" width=\"1024\" height=\"699\" src=\"https:\/\/powiatwwl.pl\/wp-content\/uploads\/2026\/02\/1920x810-1024x699.jpg\" alt=\"\" class=\"wp-image-643\" style=\"aspect-ratio:1.4649941031414173;width:311px;height:auto\" srcset=\"https:\/\/powiatwwl.pl\/wp-content\/uploads\/2026\/02\/1920x810-1024x699.jpg 1024w, https:\/\/powiatwwl.pl\/wp-content\/uploads\/2026\/02\/1920x810-300x205.jpg 300w, https:\/\/powiatwwl.pl\/wp-content\/uploads\/2026\/02\/1920x810-768x524.jpg 768w, https:\/\/powiatwwl.pl\/wp-content\/uploads\/2026\/02\/1920x810.jpg 1187w\" sizes=\"auto, (max-width: 1024px) 100vw, 1024px\" \/><\/figure>\n<\/div>\n\n\n<hr class=\"wp-block-separator has-alpha-channel-opacity\"\/>\n\n\n\n<p class=\"has-text-align-center\"><strong>Robert ROGUSKI &#8211; Cz\u0142onek Zarz\u0105du<\/strong><\/p>\n\n\n<div class=\"wp-block-image\">\n<figure class=\"aligncenter size-large is-resized\"><img loading=\"lazy\" decoding=\"async\" width=\"1024\" height=\"757\" src=\"https:\/\/powiatwwl.pl\/wp-content\/uploads\/2026\/02\/1920x810-1-1024x757.jpg\" alt=\"\" class=\"wp-image-646\" style=\"aspect-ratio:1.3527175128606577;width:317px;height:auto\" srcset=\"https:\/\/powiatwwl.pl\/wp-content\/uploads\/2026\/02\/1920x810-1-1024x757.jpg 1024w, https:\/\/powiatwwl.pl\/wp-content\/uploads\/2026\/02\/1920x810-1-300x222.jpg 300w, https:\/\/powiatwwl.pl\/wp-content\/uploads\/2026\/02\/1920x810-1-768x568.jpg 768w, https:\/\/powiatwwl.pl\/wp-content\/uploads\/2026\/02\/1920x810-1.jpg 1096w\" sizes=\"auto, (max-width: 1024px) 100vw, 1024px\" \/><\/figure>\n<\/div>\n\n\n<hr class=\"wp-block-separator has-alpha-channel-opacity\"\/>\n\n\n\n<p class=\"has-text-align-center\"><strong>Marta RAJCHERT &#8211; Cz\u0142onek Zarz\u0105du<\/strong><\/p>\n\n\n<div class=\"wp-block-image\">\n<figure class=\"aligncenter size-full is-resized\"><img loading=\"lazy\" decoding=\"async\" width=\"715\" height=\"560\" src=\"https:\/\/powiatwwl.pl\/wp-content\/uploads\/2026\/02\/1328x560.jpg\" alt=\"\" class=\"wp-image-649\" style=\"aspect-ratio:1.276860873599788;width:311px;height:auto\" srcset=\"https:\/\/powiatwwl.pl\/wp-content\/uploads\/2026\/02\/1328x560.jpg 715w, https:\/\/powiatwwl.pl\/wp-content\/uploads\/2026\/02\/1328x560-300x235.jpg 300w\" sizes=\"auto, (max-width: 715px) 100vw, 715px\" \/><\/figure>\n<\/div>\n\n\n<hr class=\"wp-block-separator has-alpha-channel-opacity\"\/>\n","protected":false},"excerpt":{"rendered":"<p>Zarz\u0105d Powiatu Wo\u0142omi\u0144skiego kadencji 2024-2029 Arkadiusz WERELICH &#8211; Starosta Wo\u0142omi\u0144ski Katarzyna Maria PAZIO &#8211; Wicestarosta Wo\u0142omi\u0144ski Tomasz KALATA &#8211; Cz\u0142onek Zarz\u0105du Robert ROGUSKI &#8211; Cz\u0142onek Zarz\u0105du Marta RAJCHERT &#8211; Cz\u0142onek Zarz\u0105du<\/p>\n","protected":false},"author":1,"featured_media":0,"parent":0,"menu_order":0,"comment_status":"closed","ping_status":"closed","template":"","meta":{"footnotes":""},"class_list":["post-121","page","type-page","status-publish","hentry"],"_links":{"self":[{"href":"https:\/\/powiatwwl.pl\/index.php?rest_route=\/wp\/v2\/pages\/121","targetHints":{"allow":["GET"]}}],"collection":[{"href":"https:\/\/powiatwwl.pl\/index.php?rest_route=\/wp\/v2\/pages"}],"about":[{"href":"https:\/\/powiatwwl.pl\/index.php?rest_route=\/wp\/v2\/types\/page"}],"author":[{"embeddable":true,"href":"https:\/\/powiatwwl.pl\/index.php?rest_route=\/wp\/v2\/users\/1"}],"replies":[{"embeddable":true,"href":"https:\/\/powiatwwl.pl\/index.php?rest_route=%2Fwp%2Fv2%2Fcomments&post=121"}],"version-history":[{"count":7,"href":"https:\/\/powiatwwl.pl\/index.php?rest_route=\/wp\/v2\/pages\/121\/revisions"}],"predecessor-version":[{"id":1827,"href":"https:\/\/powiatwwl.pl\/index.php?rest_route=\/wp\/v2\/pages\/121\/revisions\/1827"}],"wp:attachment":[{"href":"https:\/\/powiatwwl.pl\/index.php?rest_route=%2Fwp%2Fv2%2Fmedia&parent=121"}],"curies":[{"name":"wp","href":"https:\/\/api.w.org\/{rel}","templated":true}]}}

<h3 class="wp-block-heading has-text-align-center"><strong>Zarząd Powiatu Wołomińskiego kadencji 2024-2029</strong></h3>



<p class="has-text-align-center"><strong>Arkadiusz WERELICH &#8211; Starosta Wołomiński</strong></p>


<div class="wp-block-image">
<figure class="aligncenter size-full is-resized"><img loading="lazy" decoding="async" width="960" height="958" src="https://powiatwwl.pl/wp-content/uploads/2026/02/548525645_1323612059769050_7274501498487044888_n.jpg" alt="" class="wp-image-203" style="aspect-ratio:1.002092050209205;width:309px;height:auto" srcset="https://powiatwwl.pl/wp-content/uploads/2026/02/548525645_1323612059769050_7274501498487044888_n.jpg 960w, https://powiatwwl.pl/wp-content/uploads/2026/02/548525645_1323612059769050_7274501498487044888_n-300x300.jpg 300w, https://powiatwwl.pl/wp-content/uploads/2026/02/548525645_1323612059769050_7274501498487044888_n-150x150.jpg 150w, https://powiatwwl.pl/wp-content/uploads/2026/02/548525645_1323612059769050_7274501498487044888_n-768x766.jpg 768w, https://powiatwwl.pl/wp-content/uploads/2026/02/548525645_1323612059769050_7274501498487044888_n-80x80.jpg 80w, https://powiatwwl.pl/wp-content/uploads/2026/02/548525645_1323612059769050_7274501498487044888_n-320x320.jpg 320w" sizes="auto, (max-width: 960px) 100vw, 960px" /></figure>
</div>


<hr class="wp-block-separator has-alpha-channel-opacity"/>



<p class="has-text-align-center"><strong>Katarzyna Maria PAZIO &#8211; Wicestarosta Wołomiński</strong></p>


<div class="wp-block-image">
<figure class="aligncenter size-full"><img loading="lazy" decoding="async" width="300" height="300" src="https://powiatwwl.pl/wp-content/uploads/2026/02/067699_r1_300.jpg" alt="" class="wp-image-642" srcset="https://powiatwwl.pl/wp-content/uploads/2026/02/067699_r1_300.jpg 300w, https://powiatwwl.pl/wp-content/uploads/2026/02/067699_r1_300-150x150.jpg 150w, https://powiatwwl.pl/wp-content/uploads/2026/02/067699_r1_300-80x80.jpg 80w" sizes="auto, (max-width: 300px) 100vw, 300px" /></figure>
</div>


<hr class="wp-block-separator has-alpha-channel-opacity"/>



<p class="has-text-align-center"><strong>Tomasz KALATA &#8211; Członek Zarządu </strong></p>


<div class="wp-block-image">
<figure class="aligncenter size-large is-resized"><img loading="lazy" decoding="async" width="1024" height="699" src="https://powiatwwl.pl/wp-content/uploads/2026/02/1920x810-1024x699.jpg" alt="" class="wp-image-643" style="aspect-ratio:1.4649941031414173;width:311px;height:auto" srcset="https://powiatwwl.pl/wp-content/uploads/2026/02/1920x810-1024x699.jpg 1024w, https://powiatwwl.pl/wp-content/uploads/2026/02/1920x810-300x205.jpg 300w, https://powiatwwl.pl/wp-content/uploads/2026/02/1920x810-768x524.jpg 768w, https://powiatwwl.pl/wp-content/uploads/2026/02/1920x810.jpg 1187w" sizes="auto, (max-width: 1024px) 100vw, 1024px" /></figure>
</div>


<hr class="wp-block-separator has-alpha-channel-opacity"/>



<p class="has-text-align-center"><strong>Robert ROGUSKI &#8211; Członek Zarządu</strong></p>


<div class="wp-block-image">
<figure class="aligncenter size-large is-resized"><img loading="lazy" decoding="async" width="1024" height="757" src="https://powiatwwl.pl/wp-content/uploads/2026/02/1920x810-1-1024x757.jpg" alt="" class="wp-image-646" style="aspect-ratio:1.3527175128606577;width:317px;height:auto" srcset="https://powiatwwl.pl/wp-content/uploads/2026/02/1920x810-1-1024x757.jpg 1024w, https://powiatwwl.pl/wp-content/uploads/2026/02/1920x810-1-300x222.jpg 300w, https://powiatwwl.pl/wp-content/uploads/2026/02/1920x810-1-768x568.jpg 768w, https://powiatwwl.pl/wp-content/uploads/2026/02/1920x810-1.jpg 1096w" sizes="auto, (max-width: 1024px) 100vw, 1024px" /></figure>
</div>


<hr class="wp-block-separator has-alpha-channel-opacity"/>



<p class="has-text-align-center"><strong>Marta RAJCHERT &#8211; Członek Zarządu</strong></p>


<div class="wp-block-image">
<figure class="aligncenter size-full is-resized"><img loading="lazy" decoding="async" width="715" height="560" src="https://powiatwwl.pl/wp-content/uploads/2026/02/1328x560.jpg" alt="" class="wp-image-649" style="aspect-ratio:1.276860873599788;width:311px;height:auto" srcset="https://powiatwwl.pl/wp-content/uploads/2026/02/1328x560.jpg 715w, https://powiatwwl.pl/wp-content/uploads/2026/02/1328x560-300x235.jpg 300w" sizes="auto, (max-width: 715px) 100vw, 715px" /></figure>
</div>


<hr class="wp-block-separator has-alpha-channel-opacity"/>

<p>Zarząd Powiatu Wołomińskiego kadencji 2024-2029 Arkadiusz WERELICH &#8211; Starosta Wołomiński Katarzyna Maria PAZIO &#8211; Wicestarosta Wołomiński Tomasz KALATA &#8211; Członek Zarządu Robert ROGUSKI &#8211; Członek Zarządu Marta RAJCHERT &#8211; Członek Zarządu</p>
