{"id":1512,"date":"2026-03-01T15:55:22","date_gmt":"2026-03-01T14:55:22","guid":{"rendered":"http:\/\/powiatwwl.pl\/?page_id=1512"},"modified":"2026-03-02T10:20:24","modified_gmt":"2026-03-02T09:20:24","slug":"historia-powiatu-wolominskiego","status":"publish","type":"page","link":"https:\/\/powiatwwl.pl\/?page_id=1512","title":{"rendered":"HISTORIA POWIATU WO\u0141OMI\u0143SKIEGO"},"content":{"rendered":"<div class=\"wp-block-image\">\n<figure class=\"aligncenter size-large\"><img loading=\"lazy\" decoding=\"async\" width=\"1024\" height=\"314\" src=\"https:\/\/powiatwwl.pl\/wp-content\/uploads\/2026\/03\/594420544_1437698615022497_3057466256433024527_n-1024x314.jpg\" alt=\"\" class=\"wp-image-1509\" srcset=\"https:\/\/powiatwwl.pl\/wp-content\/uploads\/2026\/03\/594420544_1437698615022497_3057466256433024527_n-1024x314.jpg 1024w, https:\/\/powiatwwl.pl\/wp-content\/uploads\/2026\/03\/594420544_1437698615022497_3057466256433024527_n-300x92.jpg 300w, https:\/\/powiatwwl.pl\/wp-content\/uploads\/2026\/03\/594420544_1437698615022497_3057466256433024527_n-768x236.jpg 768w, https:\/\/powiatwwl.pl\/wp-content\/uploads\/2026\/03\/594420544_1437698615022497_3057466256433024527_n-1536x471.jpg 1536w, https:\/\/powiatwwl.pl\/wp-content\/uploads\/2026\/03\/594420544_1437698615022497_3057466256433024527_n.jpg 1600w\" sizes=\"auto, (max-width: 1024px) 100vw, 1024px\" \/><\/figure>\n<\/div>\n\n\n<p>Zapraszam na lekcj\u0119 historii o naszym powiecie. Zapraszam w imieniu \u0141ukasza RYGA\u0141O, mieszka\u0144ca Wo\u0142omina, pasjonata historii, fotografii na jego autorski portal dawny.pl<\/p>\n\n\n\n<hr class=\"wp-block-separator aligncenter has-alpha-channel-opacity\"\/>\n\n\n<div class=\"wp-block-image\">\n<figure class=\"alignleft size-full is-resized\"><img loading=\"lazy\" decoding=\"async\" width=\"740\" height=\"740\" src=\"https:\/\/powiatwwl.pl\/wp-content\/uploads\/2026\/03\/302446288_501643305294704_6788891344602450192_n.jpg\" alt=\"\" class=\"wp-image-1503\" style=\"width:111px;height:auto\" srcset=\"https:\/\/powiatwwl.pl\/wp-content\/uploads\/2026\/03\/302446288_501643305294704_6788891344602450192_n.jpg 740w, https:\/\/powiatwwl.pl\/wp-content\/uploads\/2026\/03\/302446288_501643305294704_6788891344602450192_n-300x300.jpg 300w, https:\/\/powiatwwl.pl\/wp-content\/uploads\/2026\/03\/302446288_501643305294704_6788891344602450192_n-150x150.jpg 150w, https:\/\/powiatwwl.pl\/wp-content\/uploads\/2026\/03\/302446288_501643305294704_6788891344602450192_n-80x80.jpg 80w, https:\/\/powiatwwl.pl\/wp-content\/uploads\/2026\/03\/302446288_501643305294704_6788891344602450192_n-320x320.jpg 320w\" sizes=\"auto, (max-width: 740px) 100vw, 740px\" \/><\/figure>\n<\/div>\n\n\n<h2 class=\"wp-block-heading\"><strong><a href=\"https:\/\/dawny.pl\/\">DAWNY.PL<\/a><\/strong><\/h2>\n\n\n\n<hr class=\"wp-block-separator aligncenter has-alpha-channel-opacity\"\/>\n\n\n<div class=\"wp-block-image\">\n<figure class=\"alignleft size-large is-resized\"><img loading=\"lazy\" decoding=\"async\" width=\"1024\" height=\"314\" src=\"https:\/\/powiatwwl.pl\/wp-content\/uploads\/2026\/03\/594420544_1437698615022497_3057466256433024527_n-1024x314.jpg\" alt=\"\" class=\"wp-image-1509\" style=\"aspect-ratio:3.261322324234395;width:246px;height:auto\" srcset=\"https:\/\/powiatwwl.pl\/wp-content\/uploads\/2026\/03\/594420544_1437698615022497_3057466256433024527_n-1024x314.jpg 1024w, https:\/\/powiatwwl.pl\/wp-content\/uploads\/2026\/03\/594420544_1437698615022497_3057466256433024527_n-300x92.jpg 300w, https:\/\/powiatwwl.pl\/wp-content\/uploads\/2026\/03\/594420544_1437698615022497_3057466256433024527_n-768x236.jpg 768w, https:\/\/powiatwwl.pl\/wp-content\/uploads\/2026\/03\/594420544_1437698615022497_3057466256433024527_n-1536x471.jpg 1536w, https:\/\/powiatwwl.pl\/wp-content\/uploads\/2026\/03\/594420544_1437698615022497_3057466256433024527_n.jpg 1600w\" sizes=\"auto, (max-width: 1024px) 100vw, 1024px\" \/><\/figure>\n<\/div>\n\n\n<h2 class=\"wp-block-heading\"><strong><a href=\"https:\/\/www.facebook.com\/dawnypl\">DAWNY.PL FACEBOOK<\/a><\/strong><\/h2>\n\n\n\n<p><\/p>\n","protected":false},"excerpt":{"rendered":"<p>Zapraszam na lekcj\u0119 historii o naszym powiecie. Zapraszam w imieniu \u0141ukasza RYGA\u0141O, mieszka\u0144ca Wo\u0142omina, pasjonata historii, fotografii na jego autorski portal dawny.pl DAWNY.PL DAWNY.PL FACEBOOK<\/p>\n","protected":false},"author":1,"featured_media":0,"parent":0,"menu_order":0,"comment_status":"closed","ping_status":"closed","template":"","meta":{"footnotes":""},"class_list":["post-1512","page","type-page","status-publish","hentry"],"_links":{"self":[{"href":"https:\/\/powiatwwl.pl\/index.php?rest_route=\/wp\/v2\/pages\/1512","targetHints":{"allow":["GET"]}}],"collection":[{"href":"https:\/\/powiatwwl.pl\/index.php?rest_route=\/wp\/v2\/pages"}],"about":[{"href":"https:\/\/powiatwwl.pl\/index.php?rest_route=\/wp\/v2\/types\/page"}],"author":[{"embeddable":true,"href":"https:\/\/powiatwwl.pl\/index.php?rest_route=\/wp\/v2\/users\/1"}],"replies":[{"embeddable":true,"href":"https:\/\/powiatwwl.pl\/index.php?rest_route=%2Fwp%2Fv2%2Fcomments&post=1512"}],"version-history":[{"count":3,"href":"https:\/\/powiatwwl.pl\/index.php?rest_route=\/wp\/v2\/pages\/1512\/revisions"}],"predecessor-version":[{"id":1652,"href":"https:\/\/powiatwwl.pl\/index.php?rest_route=\/wp\/v2\/pages\/1512\/revisions\/1652"}],"wp:attachment":[{"href":"https:\/\/powiatwwl.pl\/index.php?rest_route=%2Fwp%2Fv2%2Fmedia&parent=1512"}],"curies":[{"name":"wp","href":"https:\/\/api.w.org\/{rel}","templated":true}]}}

HISTORIA POWIATU WOŁOMIŃSKIEGO

<div class="wp-block-image">
<figure class="aligncenter size-large"><img loading="lazy" decoding="async" width="1024" height="314" src="https://powiatwwl.pl/wp-content/uploads/2026/03/594420544_1437698615022497_3057466256433024527_n-1024x314.jpg" alt="" class="wp-image-1509" srcset="https://powiatwwl.pl/wp-content/uploads/2026/03/594420544_1437698615022497_3057466256433024527_n-1024x314.jpg 1024w, https://powiatwwl.pl/wp-content/uploads/2026/03/594420544_1437698615022497_3057466256433024527_n-300x92.jpg 300w, https://powiatwwl.pl/wp-content/uploads/2026/03/594420544_1437698615022497_3057466256433024527_n-768x236.jpg 768w, https://powiatwwl.pl/wp-content/uploads/2026/03/594420544_1437698615022497_3057466256433024527_n-1536x471.jpg 1536w, https://powiatwwl.pl/wp-content/uploads/2026/03/594420544_1437698615022497_3057466256433024527_n.jpg 1600w" sizes="auto, (max-width: 1024px) 100vw, 1024px" /></figure>
</div>


<p>Zapraszam na lekcję historii o naszym powiecie. Zapraszam w imieniu Łukasza RYGAŁO, mieszkańca Wołomina, pasjonata historii, fotografii na jego autorski portal dawny.pl</p>



<hr class="wp-block-separator aligncenter has-alpha-channel-opacity"/>


<div class="wp-block-image">
<figure class="alignleft size-full is-resized"><img loading="lazy" decoding="async" width="740" height="740" src="https://powiatwwl.pl/wp-content/uploads/2026/03/302446288_501643305294704_6788891344602450192_n.jpg" alt="" class="wp-image-1503" style="width:111px;height:auto" srcset="https://powiatwwl.pl/wp-content/uploads/2026/03/302446288_501643305294704_6788891344602450192_n.jpg 740w, https://powiatwwl.pl/wp-content/uploads/2026/03/302446288_501643305294704_6788891344602450192_n-300x300.jpg 300w, https://powiatwwl.pl/wp-content/uploads/2026/03/302446288_501643305294704_6788891344602450192_n-150x150.jpg 150w, https://powiatwwl.pl/wp-content/uploads/2026/03/302446288_501643305294704_6788891344602450192_n-80x80.jpg 80w, https://powiatwwl.pl/wp-content/uploads/2026/03/302446288_501643305294704_6788891344602450192_n-320x320.jpg 320w" sizes="auto, (max-width: 740px) 100vw, 740px" /></figure>
</div>


<h2 class="wp-block-heading"><strong><a href="https://dawny.pl/">DAWNY.PL</a></strong></h2>



<hr class="wp-block-separator aligncenter has-alpha-channel-opacity"/>


<div class="wp-block-image">
<figure class="alignleft size-large is-resized"><img loading="lazy" decoding="async" width="1024" height="314" src="https://powiatwwl.pl/wp-content/uploads/2026/03/594420544_1437698615022497_3057466256433024527_n-1024x314.jpg" alt="" class="wp-image-1509" style="aspect-ratio:3.261322324234395;width:246px;height:auto" srcset="https://powiatwwl.pl/wp-content/uploads/2026/03/594420544_1437698615022497_3057466256433024527_n-1024x314.jpg 1024w, https://powiatwwl.pl/wp-content/uploads/2026/03/594420544_1437698615022497_3057466256433024527_n-300x92.jpg 300w, https://powiatwwl.pl/wp-content/uploads/2026/03/594420544_1437698615022497_3057466256433024527_n-768x236.jpg 768w, https://powiatwwl.pl/wp-content/uploads/2026/03/594420544_1437698615022497_3057466256433024527_n-1536x471.jpg 1536w, https://powiatwwl.pl/wp-content/uploads/2026/03/594420544_1437698615022497_3057466256433024527_n.jpg 1600w" sizes="auto, (max-width: 1024px) 100vw, 1024px" /></figure>
</div>


<h2 class="wp-block-heading"><strong><a href="https://www.facebook.com/dawnypl">DAWNY.PL FACEBOOK</a></strong></h2>



<p></p>

<p>Zapraszam na lekcję historii o naszym powiecie. Zapraszam w imieniu Łukasza RYGAŁO, mieszkańca Wołomina, pasjonata historii, fotografii na jego autorski portal dawny.pl DAWNY.PL DAWNY.PL FACEBOOK</p>
