{"id":1639,"date":"2026-03-01T21:37:46","date_gmt":"2026-03-01T20:37:46","guid":{"rendered":"http:\/\/powiatwwl.pl\/?page_id=1639"},"modified":"2026-03-01T21:42:04","modified_gmt":"2026-03-01T20:42:04","slug":"elite-futsal-team-zabki","status":"publish","type":"page","link":"https:\/\/powiatwwl.pl\/?page_id=1639","title":{"rendered":"ELITE FUTSAL TEAM Z\u0105bki"},"content":{"rendered":"<div class=\"wp-block-image\">\n<figure class=\"aligncenter size-full\"><img loading=\"lazy\" decoding=\"async\" width=\"318\" height=\"159\" src=\"https:\/\/powiatwwl.pl\/wp-content\/uploads\/2026\/03\/images.png\" alt=\"\" class=\"wp-image-1643\" srcset=\"https:\/\/powiatwwl.pl\/wp-content\/uploads\/2026\/03\/images.png 318w, https:\/\/powiatwwl.pl\/wp-content\/uploads\/2026\/03\/images-300x150.png 300w\" sizes=\"auto, (max-width: 318px) 100vw, 318px\" \/><\/figure>\n<\/div>\n\n\n<p>Zesp\u00f3\u0142 pi\u0142karski pi\u0142ki halowej ELITE FUTSAL TEAM Z\u0105bki gra w II lidze Futsalu.<\/p>\n\n\n<div class=\"wp-block-image\">\n<figure class=\"aligncenter size-full is-resized\"><img loading=\"lazy\" decoding=\"async\" width=\"960\" height=\"960\" src=\"https:\/\/powiatwwl.pl\/wp-content\/uploads\/2026\/03\/316259942_131859452998826_6925861926639762484_n.jpg\" alt=\"\" class=\"wp-image-1640\" style=\"width:541px;height:auto\" srcset=\"https:\/\/powiatwwl.pl\/wp-content\/uploads\/2026\/03\/316259942_131859452998826_6925861926639762484_n.jpg 960w, https:\/\/powiatwwl.pl\/wp-content\/uploads\/2026\/03\/316259942_131859452998826_6925861926639762484_n-300x300.jpg 300w, https:\/\/powiatwwl.pl\/wp-content\/uploads\/2026\/03\/316259942_131859452998826_6925861926639762484_n-150x150.jpg 150w, https:\/\/powiatwwl.pl\/wp-content\/uploads\/2026\/03\/316259942_131859452998826_6925861926639762484_n-768x768.jpg 768w, https:\/\/powiatwwl.pl\/wp-content\/uploads\/2026\/03\/316259942_131859452998826_6925861926639762484_n-80x80.jpg 80w, https:\/\/powiatwwl.pl\/wp-content\/uploads\/2026\/03\/316259942_131859452998826_6925861926639762484_n-320x320.jpg 320w\" sizes=\"auto, (max-width: 960px) 100vw, 960px\" \/><\/figure>\n<\/div>\n\n\n<hr class=\"wp-block-separator aligncenter has-alpha-channel-opacity\"\/>\n\n\n<div class=\"wp-block-image\">\n<figure class=\"alignleft size-full is-resized\"><img loading=\"lazy\" decoding=\"async\" width=\"960\" height=\"960\" src=\"https:\/\/powiatwwl.pl\/wp-content\/uploads\/2026\/03\/316259942_131859452998826_6925861926639762484_n.jpg\" alt=\"\" class=\"wp-image-1640\" style=\"width:109px;height:auto\" srcset=\"https:\/\/powiatwwl.pl\/wp-content\/uploads\/2026\/03\/316259942_131859452998826_6925861926639762484_n.jpg 960w, https:\/\/powiatwwl.pl\/wp-content\/uploads\/2026\/03\/316259942_131859452998826_6925861926639762484_n-300x300.jpg 300w, https:\/\/powiatwwl.pl\/wp-content\/uploads\/2026\/03\/316259942_131859452998826_6925861926639762484_n-150x150.jpg 150w, https:\/\/powiatwwl.pl\/wp-content\/uploads\/2026\/03\/316259942_131859452998826_6925861926639762484_n-768x768.jpg 768w, https:\/\/powiatwwl.pl\/wp-content\/uploads\/2026\/03\/316259942_131859452998826_6925861926639762484_n-80x80.jpg 80w, https:\/\/powiatwwl.pl\/wp-content\/uploads\/2026\/03\/316259942_131859452998826_6925861926639762484_n-320x320.jpg 320w\" sizes=\"auto, (max-width: 960px) 100vw, 960px\" \/><\/figure>\n<\/div>\n\n\n<h2 class=\"wp-block-heading\"><strong><a href=\"https:\/\/www.facebook.com\/EliteFutsalTeam\">ELITE FUTSAL TEAM Z\u0105bki<\/a><\/strong><\/h2>\n","protected":false},"excerpt":{"rendered":"<p>Zesp\u00f3\u0142 pi\u0142karski pi\u0142ki halowej ELITE FUTSAL TEAM Z\u0105bki gra w II lidze Futsalu. ELITE FUTSAL TEAM Z\u0105bki<\/p>\n","protected":false},"author":1,"featured_media":0,"parent":0,"menu_order":0,"comment_status":"closed","ping_status":"closed","template":"","meta":{"footnotes":""},"class_list":["post-1639","page","type-page","status-publish","hentry"],"_links":{"self":[{"href":"https:\/\/powiatwwl.pl\/index.php?rest_route=\/wp\/v2\/pages\/1639","targetHints":{"allow":["GET"]}}],"collection":[{"href":"https:\/\/powiatwwl.pl\/index.php?rest_route=\/wp\/v2\/pages"}],"about":[{"href":"https:\/\/powiatwwl.pl\/index.php?rest_route=\/wp\/v2\/types\/page"}],"author":[{"embeddable":true,"href":"https:\/\/powiatwwl.pl\/index.php?rest_route=\/wp\/v2\/users\/1"}],"replies":[{"embeddable":true,"href":"https:\/\/powiatwwl.pl\/index.php?rest_route=%2Fwp%2Fv2%2Fcomments&post=1639"}],"version-history":[{"count":2,"href":"https:\/\/powiatwwl.pl\/index.php?rest_route=\/wp\/v2\/pages\/1639\/revisions"}],"predecessor-version":[{"id":1645,"href":"https:\/\/powiatwwl.pl\/index.php?rest_route=\/wp\/v2\/pages\/1639\/revisions\/1645"}],"wp:attachment":[{"href":"https:\/\/powiatwwl.pl\/index.php?rest_route=%2Fwp%2Fv2%2Fmedia&parent=1639"}],"curies":[{"name":"wp","href":"https:\/\/api.w.org\/{rel}","templated":true}]}}

ELITE FUTSAL TEAM Ząbki

<div class="wp-block-image">
<figure class="aligncenter size-full"><img loading="lazy" decoding="async" width="318" height="159" src="https://powiatwwl.pl/wp-content/uploads/2026/03/images.png" alt="" class="wp-image-1643" srcset="https://powiatwwl.pl/wp-content/uploads/2026/03/images.png 318w, https://powiatwwl.pl/wp-content/uploads/2026/03/images-300x150.png 300w" sizes="auto, (max-width: 318px) 100vw, 318px" /></figure>
</div>


<p>Zespół piłkarski piłki halowej ELITE FUTSAL TEAM Ząbki gra w II lidze Futsalu.</p>


<div class="wp-block-image">
<figure class="aligncenter size-full is-resized"><img loading="lazy" decoding="async" width="960" height="960" src="https://powiatwwl.pl/wp-content/uploads/2026/03/316259942_131859452998826_6925861926639762484_n.jpg" alt="" class="wp-image-1640" style="width:541px;height:auto" srcset="https://powiatwwl.pl/wp-content/uploads/2026/03/316259942_131859452998826_6925861926639762484_n.jpg 960w, https://powiatwwl.pl/wp-content/uploads/2026/03/316259942_131859452998826_6925861926639762484_n-300x300.jpg 300w, https://powiatwwl.pl/wp-content/uploads/2026/03/316259942_131859452998826_6925861926639762484_n-150x150.jpg 150w, https://powiatwwl.pl/wp-content/uploads/2026/03/316259942_131859452998826_6925861926639762484_n-768x768.jpg 768w, https://powiatwwl.pl/wp-content/uploads/2026/03/316259942_131859452998826_6925861926639762484_n-80x80.jpg 80w, https://powiatwwl.pl/wp-content/uploads/2026/03/316259942_131859452998826_6925861926639762484_n-320x320.jpg 320w" sizes="auto, (max-width: 960px) 100vw, 960px" /></figure>
</div>


<hr class="wp-block-separator aligncenter has-alpha-channel-opacity"/>


<div class="wp-block-image">
<figure class="alignleft size-full is-resized"><img loading="lazy" decoding="async" width="960" height="960" src="https://powiatwwl.pl/wp-content/uploads/2026/03/316259942_131859452998826_6925861926639762484_n.jpg" alt="" class="wp-image-1640" style="width:109px;height:auto" srcset="https://powiatwwl.pl/wp-content/uploads/2026/03/316259942_131859452998826_6925861926639762484_n.jpg 960w, https://powiatwwl.pl/wp-content/uploads/2026/03/316259942_131859452998826_6925861926639762484_n-300x300.jpg 300w, https://powiatwwl.pl/wp-content/uploads/2026/03/316259942_131859452998826_6925861926639762484_n-150x150.jpg 150w, https://powiatwwl.pl/wp-content/uploads/2026/03/316259942_131859452998826_6925861926639762484_n-768x768.jpg 768w, https://powiatwwl.pl/wp-content/uploads/2026/03/316259942_131859452998826_6925861926639762484_n-80x80.jpg 80w, https://powiatwwl.pl/wp-content/uploads/2026/03/316259942_131859452998826_6925861926639762484_n-320x320.jpg 320w" sizes="auto, (max-width: 960px) 100vw, 960px" /></figure>
</div>


<h2 class="wp-block-heading"><strong><a href="https://www.facebook.com/EliteFutsalTeam">ELITE FUTSAL TEAM Ząbki</a></strong></h2>

<p>Zespół piłkarski piłki halowej ELITE FUTSAL TEAM Ząbki gra w II lidze Futsalu. ELITE FUTSAL TEAM Ząbki</p>
