{"id":1891,"date":"2026-03-06T09:25:36","date_gmt":"2026-03-06T08:25:36","guid":{"rendered":"http:\/\/powiatwwl.pl\/?page_id=1891"},"modified":"2026-04-29T10:01:46","modified_gmt":"2026-04-29T08:01:46","slug":"co-gdzie-kiedy","status":"publish","type":"page","link":"https:\/\/powiatwwl.pl\/?page_id=1891","title":{"rendered":"Co ? Gdzie ? Kiedy ?"},"content":{"rendered":"<div class=\"wp-block-image\">\n<figure class=\"aligncenter size-large is-resized\"><img loading=\"lazy\" decoding=\"async\" width=\"1024\" height=\"1024\" src=\"https:\/\/powiatwwl.pl\/wp-content\/uploads\/2026\/03\/PW-logok-Zdjecie-profilowe-na-Facebooka-4-1024x1024.jpg\" alt=\"\" class=\"wp-image-1892\" style=\"width:235px;height:auto\" srcset=\"https:\/\/powiatwwl.pl\/wp-content\/uploads\/2026\/03\/PW-logok-Zdjecie-profilowe-na-Facebooka-4-1024x1024.jpg 1024w, https:\/\/powiatwwl.pl\/wp-content\/uploads\/2026\/03\/PW-logok-Zdjecie-profilowe-na-Facebooka-4-300x300.jpg 300w, https:\/\/powiatwwl.pl\/wp-content\/uploads\/2026\/03\/PW-logok-Zdjecie-profilowe-na-Facebooka-4-150x150.jpg 150w, https:\/\/powiatwwl.pl\/wp-content\/uploads\/2026\/03\/PW-logok-Zdjecie-profilowe-na-Facebooka-4-768x768.jpg 768w, https:\/\/powiatwwl.pl\/wp-content\/uploads\/2026\/03\/PW-logok-Zdjecie-profilowe-na-Facebooka-4-1536x1536.jpg 1536w, https:\/\/powiatwwl.pl\/wp-content\/uploads\/2026\/03\/PW-logok-Zdjecie-profilowe-na-Facebooka-4-80x80.jpg 80w, https:\/\/powiatwwl.pl\/wp-content\/uploads\/2026\/03\/PW-logok-Zdjecie-profilowe-na-Facebooka-4-320x320.jpg 320w, https:\/\/powiatwwl.pl\/wp-content\/uploads\/2026\/03\/PW-logok-Zdjecie-profilowe-na-Facebooka-4.jpg 2048w\" sizes=\"auto, (max-width: 1024px) 100vw, 1024px\" \/><\/figure>\n<\/div>\n\n\n<hr class=\"wp-block-separator has-alpha-channel-opacity\"\/>\n\n\n\n<h2 class=\"wp-block-heading has-text-align-center\"><strong>Uroczysto\u015b\u0107 235 rocznicy Konstytucji 3 Maja <\/strong><\/h2>\n\n\n\n<h2 class=\"wp-block-heading has-text-align-center\"><strong>w Powiecie Wo\u0142omi\u0144skim<\/strong><\/h2>\n\n\n\n<hr class=\"wp-block-separator aligncenter has-alpha-channel-opacity\"\/>\n\n\n\n<h3 class=\"wp-block-heading\">WO\u0141OMIN, niedziela 3 maja godzina 8.30<\/h3>\n\n\n<div class=\"wp-block-image\">\n<figure class=\"aligncenter size-full\"><img loading=\"lazy\" decoding=\"async\" width=\"509\" height=\"720\" src=\"https:\/\/powiatwwl.pl\/wp-content\/uploads\/2026\/04\/674300584_1466958278776958_1786279164423023638_n.jpg\" alt=\"\" class=\"wp-image-3004\" srcset=\"https:\/\/powiatwwl.pl\/wp-content\/uploads\/2026\/04\/674300584_1466958278776958_1786279164423023638_n.jpg 509w, https:\/\/powiatwwl.pl\/wp-content\/uploads\/2026\/04\/674300584_1466958278776958_1786279164423023638_n-212x300.jpg 212w\" sizes=\"auto, (max-width: 509px) 100vw, 509px\" \/><\/figure>\n<\/div>\n\n\n<hr class=\"wp-block-separator aligncenter has-alpha-channel-opacity\"\/>\n\n\n\n<h3 class=\"wp-block-heading\">Radzymin, niedziela 3 maja godzina 13.00<\/h3>\n\n\n<div class=\"wp-block-image\">\n<figure class=\"aligncenter size-large is-resized\"><img loading=\"lazy\" decoding=\"async\" width=\"724\" height=\"1024\" src=\"https:\/\/powiatwwl.pl\/wp-content\/uploads\/2026\/04\/678288808_1457461146421849_1417889992834331365_n-724x1024.jpg\" alt=\"\" class=\"wp-image-3030\" style=\"aspect-ratio:0.707037568285165;width:504px;height:auto\" srcset=\"https:\/\/powiatwwl.pl\/wp-content\/uploads\/2026\/04\/678288808_1457461146421849_1417889992834331365_n-724x1024.jpg 724w, https:\/\/powiatwwl.pl\/wp-content\/uploads\/2026\/04\/678288808_1457461146421849_1417889992834331365_n-212x300.jpg 212w, https:\/\/powiatwwl.pl\/wp-content\/uploads\/2026\/04\/678288808_1457461146421849_1417889992834331365_n-768x1086.jpg 768w, https:\/\/powiatwwl.pl\/wp-content\/uploads\/2026\/04\/678288808_1457461146421849_1417889992834331365_n-1086x1536.jpg 1086w, https:\/\/powiatwwl.pl\/wp-content\/uploads\/2026\/04\/678288808_1457461146421849_1417889992834331365_n.jpg 1448w\" sizes=\"auto, (max-width: 724px) 100vw, 724px\" \/><\/figure>\n<\/div>\n\n\n<hr class=\"wp-block-separator aligncenter has-alpha-channel-opacity\"\/>\n\n\n\n<h3 class=\"wp-block-heading\">Koby\u0142ka, niedziela 3 maja godzina 11.30<\/h3>\n\n\n<div class=\"wp-block-image\">\n<figure class=\"aligncenter size-full\"><img loading=\"lazy\" decoding=\"async\" width=\"509\" height=\"720\" src=\"https:\/\/powiatwwl.pl\/wp-content\/uploads\/2026\/04\/681881734_1378947790922243_7416431380024426137_n.jpg\" alt=\"\" class=\"wp-image-3103\" srcset=\"https:\/\/powiatwwl.pl\/wp-content\/uploads\/2026\/04\/681881734_1378947790922243_7416431380024426137_n.jpg 509w, https:\/\/powiatwwl.pl\/wp-content\/uploads\/2026\/04\/681881734_1378947790922243_7416431380024426137_n-212x300.jpg 212w\" sizes=\"auto, (max-width: 509px) 100vw, 509px\" \/><\/figure>\n<\/div>\n\n\n<hr class=\"wp-block-separator aligncenter has-alpha-channel-opacity\"\/>\n\n\n\n<h3 class=\"wp-block-heading\">T\u0142uszcz, niedziela 3 maja godzina 10.15<\/h3>\n\n\n<div class=\"wp-block-image\">\n<figure class=\"aligncenter size-full\"><img loading=\"lazy\" decoding=\"async\" width=\"509\" height=\"720\" src=\"https:\/\/powiatwwl.pl\/wp-content\/uploads\/2026\/04\/678926844_1374758658019688_8380252744238678566_n.jpg\" alt=\"\" class=\"wp-image-3107\" srcset=\"https:\/\/powiatwwl.pl\/wp-content\/uploads\/2026\/04\/678926844_1374758658019688_8380252744238678566_n.jpg 509w, https:\/\/powiatwwl.pl\/wp-content\/uploads\/2026\/04\/678926844_1374758658019688_8380252744238678566_n-212x300.jpg 212w\" sizes=\"auto, (max-width: 509px) 100vw, 509px\" \/><\/figure>\n<\/div>\n\n\n<hr class=\"wp-block-separator aligncenter has-alpha-channel-opacity\"\/>\n\n\n\n<h3 class=\"wp-block-heading\">Zielonka, niedziela 3 maja godzina 10.00<\/h3>\n\n\n<div class=\"wp-block-image\">\n<figure class=\"aligncenter size-full\"><img loading=\"lazy\" decoding=\"async\" width=\"512\" height=\"640\" src=\"https:\/\/powiatwwl.pl\/wp-content\/uploads\/2026\/04\/681165753_1399145452381397_8047033383227765768_n.jpg\" alt=\"\" class=\"wp-image-3099\" srcset=\"https:\/\/powiatwwl.pl\/wp-content\/uploads\/2026\/04\/681165753_1399145452381397_8047033383227765768_n.jpg 512w, https:\/\/powiatwwl.pl\/wp-content\/uploads\/2026\/04\/681165753_1399145452381397_8047033383227765768_n-240x300.jpg 240w\" sizes=\"auto, (max-width: 512px) 100vw, 512px\" \/><\/figure>\n<\/div>\n\n\n<hr class=\"wp-block-separator aligncenter has-alpha-channel-opacity\"\/>\n","protected":false},"excerpt":{"rendered":"<p>Uroczysto\u015b\u0107 235 rocznicy Konstytucji 3 Maja w Powiecie Wo\u0142omi\u0144skim WO\u0141OMIN, niedziela 3 maja godzina 8.30 Radzymin, niedziela 3 maja godzina 13.00 Koby\u0142ka, niedziela 3 maja godzina 11.30 T\u0142uszcz, niedziela 3 maja godzina 10.15 Zielonka, niedziela 3 maja godzina 10.00<\/p>\n","protected":false},"author":1,"featured_media":0,"parent":0,"menu_order":0,"comment_status":"closed","ping_status":"closed","template":"","meta":{"footnotes":""},"class_list":["post-1891","page","type-page","status-publish","hentry"],"_links":{"self":[{"href":"https:\/\/powiatwwl.pl\/index.php?rest_route=\/wp\/v2\/pages\/1891","targetHints":{"allow":["GET"]}}],"collection":[{"href":"https:\/\/powiatwwl.pl\/index.php?rest_route=\/wp\/v2\/pages"}],"about":[{"href":"https:\/\/powiatwwl.pl\/index.php?rest_route=\/wp\/v2\/types\/page"}],"author":[{"embeddable":true,"href":"https:\/\/powiatwwl.pl\/index.php?rest_route=\/wp\/v2\/users\/1"}],"replies":[{"embeddable":true,"href":"https:\/\/powiatwwl.pl\/index.php?rest_route=%2Fwp%2Fv2%2Fcomments&post=1891"}],"version-history":[{"count":56,"href":"https:\/\/powiatwwl.pl\/index.php?rest_route=\/wp\/v2\/pages\/1891\/revisions"}],"predecessor-version":[{"id":3120,"href":"https:\/\/powiatwwl.pl\/index.php?rest_route=\/wp\/v2\/pages\/1891\/revisions\/3120"}],"wp:attachment":[{"href":"https:\/\/powiatwwl.pl\/index.php?rest_route=%2Fwp%2Fv2%2Fmedia&parent=1891"}],"curies":[{"name":"wp","href":"https:\/\/api.w.org\/{rel}","templated":true}]}}

<div class="wp-block-image">
<figure class="aligncenter size-large is-resized"><img loading="lazy" decoding="async" width="1024" height="1024" src="https://powiatwwl.pl/wp-content/uploads/2026/03/PW-logok-Zdjecie-profilowe-na-Facebooka-4-1024x1024.jpg" alt="" class="wp-image-1892" style="width:235px;height:auto" srcset="https://powiatwwl.pl/wp-content/uploads/2026/03/PW-logok-Zdjecie-profilowe-na-Facebooka-4-1024x1024.jpg 1024w, https://powiatwwl.pl/wp-content/uploads/2026/03/PW-logok-Zdjecie-profilowe-na-Facebooka-4-300x300.jpg 300w, https://powiatwwl.pl/wp-content/uploads/2026/03/PW-logok-Zdjecie-profilowe-na-Facebooka-4-150x150.jpg 150w, https://powiatwwl.pl/wp-content/uploads/2026/03/PW-logok-Zdjecie-profilowe-na-Facebooka-4-768x768.jpg 768w, https://powiatwwl.pl/wp-content/uploads/2026/03/PW-logok-Zdjecie-profilowe-na-Facebooka-4-1536x1536.jpg 1536w, https://powiatwwl.pl/wp-content/uploads/2026/03/PW-logok-Zdjecie-profilowe-na-Facebooka-4-80x80.jpg 80w, https://powiatwwl.pl/wp-content/uploads/2026/03/PW-logok-Zdjecie-profilowe-na-Facebooka-4-320x320.jpg 320w, https://powiatwwl.pl/wp-content/uploads/2026/03/PW-logok-Zdjecie-profilowe-na-Facebooka-4.jpg 2048w" sizes="auto, (max-width: 1024px) 100vw, 1024px" /></figure>
</div>


<hr class="wp-block-separator has-alpha-channel-opacity"/>



<h2 class="wp-block-heading has-text-align-center"><strong>Uroczystość 235 rocznicy Konstytucji 3 Maja </strong></h2>



<h2 class="wp-block-heading has-text-align-center"><strong>w Powiecie Wołomińskim</strong></h2>



<hr class="wp-block-separator aligncenter has-alpha-channel-opacity"/>



<h3 class="wp-block-heading">WOŁOMIN, niedziela 3 maja godzina 8.30</h3>


<div class="wp-block-image">
<figure class="aligncenter size-full"><img loading="lazy" decoding="async" width="509" height="720" src="https://powiatwwl.pl/wp-content/uploads/2026/04/674300584_1466958278776958_1786279164423023638_n.jpg" alt="" class="wp-image-3004" srcset="https://powiatwwl.pl/wp-content/uploads/2026/04/674300584_1466958278776958_1786279164423023638_n.jpg 509w, https://powiatwwl.pl/wp-content/uploads/2026/04/674300584_1466958278776958_1786279164423023638_n-212x300.jpg 212w" sizes="auto, (max-width: 509px) 100vw, 509px" /></figure>
</div>


<hr class="wp-block-separator aligncenter has-alpha-channel-opacity"/>



<h3 class="wp-block-heading">Radzymin, niedziela 3 maja godzina 13.00</h3>


<div class="wp-block-image">
<figure class="aligncenter size-large is-resized"><img loading="lazy" decoding="async" width="724" height="1024" src="https://powiatwwl.pl/wp-content/uploads/2026/04/678288808_1457461146421849_1417889992834331365_n-724x1024.jpg" alt="" class="wp-image-3030" style="aspect-ratio:0.707037568285165;width:504px;height:auto" srcset="https://powiatwwl.pl/wp-content/uploads/2026/04/678288808_1457461146421849_1417889992834331365_n-724x1024.jpg 724w, https://powiatwwl.pl/wp-content/uploads/2026/04/678288808_1457461146421849_1417889992834331365_n-212x300.jpg 212w, https://powiatwwl.pl/wp-content/uploads/2026/04/678288808_1457461146421849_1417889992834331365_n-768x1086.jpg 768w, https://powiatwwl.pl/wp-content/uploads/2026/04/678288808_1457461146421849_1417889992834331365_n-1086x1536.jpg 1086w, https://powiatwwl.pl/wp-content/uploads/2026/04/678288808_1457461146421849_1417889992834331365_n.jpg 1448w" sizes="auto, (max-width: 724px) 100vw, 724px" /></figure>
</div>


<hr class="wp-block-separator aligncenter has-alpha-channel-opacity"/>



<h3 class="wp-block-heading">Kobyłka, niedziela 3 maja godzina 11.30</h3>


<div class="wp-block-image">
<figure class="aligncenter size-full"><img loading="lazy" decoding="async" width="509" height="720" src="https://powiatwwl.pl/wp-content/uploads/2026/04/681881734_1378947790922243_7416431380024426137_n.jpg" alt="" class="wp-image-3103" srcset="https://powiatwwl.pl/wp-content/uploads/2026/04/681881734_1378947790922243_7416431380024426137_n.jpg 509w, https://powiatwwl.pl/wp-content/uploads/2026/04/681881734_1378947790922243_7416431380024426137_n-212x300.jpg 212w" sizes="auto, (max-width: 509px) 100vw, 509px" /></figure>
</div>


<hr class="wp-block-separator aligncenter has-alpha-channel-opacity"/>



<h3 class="wp-block-heading">Tłuszcz, niedziela 3 maja godzina 10.15</h3>


<div class="wp-block-image">
<figure class="aligncenter size-full"><img loading="lazy" decoding="async" width="509" height="720" src="https://powiatwwl.pl/wp-content/uploads/2026/04/678926844_1374758658019688_8380252744238678566_n.jpg" alt="" class="wp-image-3107" srcset="https://powiatwwl.pl/wp-content/uploads/2026/04/678926844_1374758658019688_8380252744238678566_n.jpg 509w, https://powiatwwl.pl/wp-content/uploads/2026/04/678926844_1374758658019688_8380252744238678566_n-212x300.jpg 212w" sizes="auto, (max-width: 509px) 100vw, 509px" /></figure>
</div>


<hr class="wp-block-separator aligncenter has-alpha-channel-opacity"/>



<h3 class="wp-block-heading">Zielonka, niedziela 3 maja godzina 10.00</h3>


<div class="wp-block-image">
<figure class="aligncenter size-full"><img loading="lazy" decoding="async" width="512" height="640" src="https://powiatwwl.pl/wp-content/uploads/2026/04/681165753_1399145452381397_8047033383227765768_n.jpg" alt="" class="wp-image-3099" srcset="https://powiatwwl.pl/wp-content/uploads/2026/04/681165753_1399145452381397_8047033383227765768_n.jpg 512w, https://powiatwwl.pl/wp-content/uploads/2026/04/681165753_1399145452381397_8047033383227765768_n-240x300.jpg 240w" sizes="auto, (max-width: 512px) 100vw, 512px" /></figure>
</div>


<hr class="wp-block-separator aligncenter has-alpha-channel-opacity"/>

<p>Uroczystość 235 rocznicy Konstytucji 3 Maja w Powiecie Wołomińskim WOŁOMIN, niedziela 3 maja godzina 8.30 Radzymin, niedziela 3 maja godzina 13.00 Kobyłka, niedziela 3 maja godzina 11.30 Tłuszcz, niedziela 3 maja godzina 10.15 Zielonka, niedziela 3 maja godzina 10.00</p>
