{"id":299,"date":"2026-02-06T08:58:13","date_gmt":"2026-02-06T07:58:13","guid":{"rendered":"http:\/\/powiatwwl.pl\/?page_id=299"},"modified":"2026-02-10T09:19:21","modified_gmt":"2026-02-10T08:19:21","slug":"parlamentarzysci","status":"publish","type":"page","link":"https:\/\/powiatwwl.pl\/?page_id=299","title":{"rendered":"PARLAMENTARZY\u015aCI"},"content":{"rendered":"\n<p>Nasi Parlamentarzy\u015bci:<\/p>\n\n\n\n<p><strong>Jan GRABIEC &#8211; Szef Kancelarii Premiera RP, pose\u0142 RP, Koalicja Obywatelska RP<\/strong><\/p>\n\n\n<div class=\"wp-block-image\">\n<figure class=\"aligncenter size-large is-resized\"><img loading=\"lazy\" decoding=\"async\" width=\"1024\" height=\"1024\" src=\"https:\/\/powiatwwl.pl\/wp-content\/uploads\/2026\/02\/jan-1024x1024.jpg\" alt=\"\" class=\"wp-image-285\" style=\"width:616px;height:auto\" srcset=\"https:\/\/powiatwwl.pl\/wp-content\/uploads\/2026\/02\/jan-1024x1024.jpg 1024w, https:\/\/powiatwwl.pl\/wp-content\/uploads\/2026\/02\/jan-300x300.jpg 300w, https:\/\/powiatwwl.pl\/wp-content\/uploads\/2026\/02\/jan-150x150.jpg 150w, https:\/\/powiatwwl.pl\/wp-content\/uploads\/2026\/02\/jan-768x768.jpg 768w, https:\/\/powiatwwl.pl\/wp-content\/uploads\/2026\/02\/jan-1536x1536.jpg 1536w, https:\/\/powiatwwl.pl\/wp-content\/uploads\/2026\/02\/jan-80x80.jpg 80w, https:\/\/powiatwwl.pl\/wp-content\/uploads\/2026\/02\/jan-320x320.jpg 320w, https:\/\/powiatwwl.pl\/wp-content\/uploads\/2026\/02\/jan.jpg 2048w\" sizes=\"auto, (max-width: 1024px) 100vw, 1024px\" \/><\/figure>\n<\/div>\n\n\n<hr class=\"wp-block-separator has-alpha-channel-opacity\"\/>\n\n\n\n<p><strong>Ma\u0142gorzata KIDAWA- B\u0141O\u0143SKA &#8211; Marsza\u0142ek Senatu RP, Koalicja Obywatelska RP<\/strong><\/p>\n\n\n<div class=\"wp-block-image\">\n<figure class=\"aligncenter size-large is-resized\"><img loading=\"lazy\" decoding=\"async\" width=\"1024\" height=\"1024\" src=\"https:\/\/powiatwwl.pl\/wp-content\/uploads\/2026\/02\/MKB-1024x1024.jpg\" alt=\"\" class=\"wp-image-624\" style=\"width:623px;height:auto\" srcset=\"https:\/\/powiatwwl.pl\/wp-content\/uploads\/2026\/02\/MKB-1024x1024.jpg 1024w, https:\/\/powiatwwl.pl\/wp-content\/uploads\/2026\/02\/MKB-300x300.jpg 300w, https:\/\/powiatwwl.pl\/wp-content\/uploads\/2026\/02\/MKB-150x150.jpg 150w, https:\/\/powiatwwl.pl\/wp-content\/uploads\/2026\/02\/MKB-768x768.jpg 768w, https:\/\/powiatwwl.pl\/wp-content\/uploads\/2026\/02\/MKB-80x80.jpg 80w, https:\/\/powiatwwl.pl\/wp-content\/uploads\/2026\/02\/MKB-320x320.jpg 320w, https:\/\/powiatwwl.pl\/wp-content\/uploads\/2026\/02\/MKB.jpg 1536w\" sizes=\"auto, (max-width: 1024px) 100vw, 1024px\" \/><\/figure>\n<\/div>\n\n\n<hr class=\"wp-block-separator has-alpha-channel-opacity\"\/>\n\n\n\n<p><strong>Jolanta HIBNER &#8211; Senator RP, Koalicja Obywatelska<\/strong><\/p>\n\n\n<div class=\"wp-block-image\">\n<figure class=\"aligncenter size-large is-resized\"><img loading=\"lazy\" decoding=\"async\" width=\"1024\" height=\"1024\" src=\"https:\/\/powiatwwl.pl\/wp-content\/uploads\/2026\/02\/MKB-1-1024x1024.jpg\" alt=\"\" class=\"wp-image-625\" style=\"width:624px;height:auto\" srcset=\"https:\/\/powiatwwl.pl\/wp-content\/uploads\/2026\/02\/MKB-1-1024x1024.jpg 1024w, https:\/\/powiatwwl.pl\/wp-content\/uploads\/2026\/02\/MKB-1-300x300.jpg 300w, https:\/\/powiatwwl.pl\/wp-content\/uploads\/2026\/02\/MKB-1-150x150.jpg 150w, https:\/\/powiatwwl.pl\/wp-content\/uploads\/2026\/02\/MKB-1-768x768.jpg 768w, https:\/\/powiatwwl.pl\/wp-content\/uploads\/2026\/02\/MKB-1-80x80.jpg 80w, https:\/\/powiatwwl.pl\/wp-content\/uploads\/2026\/02\/MKB-1-320x320.jpg 320w, https:\/\/powiatwwl.pl\/wp-content\/uploads\/2026\/02\/MKB-1.jpg 1536w\" sizes=\"auto, (max-width: 1024px) 100vw, 1024px\" \/><\/figure>\n<\/div>\n\n\n<hr class=\"wp-block-separator has-alpha-channel-opacity\"\/>\n\n\n\n<p><strong>Krzysztof GAWKOWSKI &#8211; Wicepremier RP, Minister Cyfryzacji, Pose\u0142 RP, Lewica<\/strong><\/p>\n\n\n<div class=\"wp-block-image\">\n<figure class=\"aligncenter size-large is-resized\"><img loading=\"lazy\" decoding=\"async\" width=\"1024\" height=\"1024\" src=\"https:\/\/powiatwwl.pl\/wp-content\/uploads\/2026\/02\/KGP-1-1024x1024.jpg\" alt=\"\" class=\"wp-image-634\" style=\"width:638px;height:auto\" srcset=\"https:\/\/powiatwwl.pl\/wp-content\/uploads\/2026\/02\/KGP-1-1024x1024.jpg 1024w, https:\/\/powiatwwl.pl\/wp-content\/uploads\/2026\/02\/KGP-1-300x300.jpg 300w, https:\/\/powiatwwl.pl\/wp-content\/uploads\/2026\/02\/KGP-1-150x150.jpg 150w, https:\/\/powiatwwl.pl\/wp-content\/uploads\/2026\/02\/KGP-1-768x768.jpg 768w, https:\/\/powiatwwl.pl\/wp-content\/uploads\/2026\/02\/KGP-1-80x80.jpg 80w, https:\/\/powiatwwl.pl\/wp-content\/uploads\/2026\/02\/KGP-1-320x320.jpg 320w, https:\/\/powiatwwl.pl\/wp-content\/uploads\/2026\/02\/KGP-1.jpg 1536w\" sizes=\"auto, (max-width: 1024px) 100vw, 1024px\" \/><\/figure>\n<\/div>\n\n\n<hr class=\"wp-block-separator has-alpha-channel-opacity\"\/>\n\n\n\n<p><strong>Kinga GAJEWSKA- Pos\u0142anka RP, Koalicja Obywatelska<\/strong><\/p>\n\n\n<div class=\"wp-block-image\">\n<figure class=\"aligncenter size-large is-resized\"><img loading=\"lazy\" decoding=\"async\" width=\"1024\" height=\"1024\" src=\"https:\/\/powiatwwl.pl\/wp-content\/uploads\/2026\/02\/KG1-1024x1024.jpg\" alt=\"\" class=\"wp-image-628\" style=\"width:640px;height:auto\" srcset=\"https:\/\/powiatwwl.pl\/wp-content\/uploads\/2026\/02\/KG1-1024x1024.jpg 1024w, https:\/\/powiatwwl.pl\/wp-content\/uploads\/2026\/02\/KG1-300x300.jpg 300w, https:\/\/powiatwwl.pl\/wp-content\/uploads\/2026\/02\/KG1-150x150.jpg 150w, https:\/\/powiatwwl.pl\/wp-content\/uploads\/2026\/02\/KG1-768x768.jpg 768w, https:\/\/powiatwwl.pl\/wp-content\/uploads\/2026\/02\/KG1-80x80.jpg 80w, https:\/\/powiatwwl.pl\/wp-content\/uploads\/2026\/02\/KG1-320x320.jpg 320w, https:\/\/powiatwwl.pl\/wp-content\/uploads\/2026\/02\/KG1.jpg 1536w\" sizes=\"auto, (max-width: 1024px) 100vw, 1024px\" \/><\/figure>\n<\/div>\n\n\n<hr class=\"wp-block-separator has-alpha-channel-opacity\"\/>\n\n\n\n<p><strong>Maciej LASEK &#8211; Pose\u0142 RP, Koalicja Obywatelska<\/strong><\/p>\n\n\n<div class=\"wp-block-image\">\n<figure class=\"aligncenter size-large is-resized\"><img loading=\"lazy\" decoding=\"async\" width=\"1024\" height=\"1024\" src=\"https:\/\/powiatwwl.pl\/wp-content\/uploads\/2026\/02\/ML-1024x1024.jpg\" alt=\"\" class=\"wp-image-618\" style=\"width:646px;height:auto\" srcset=\"https:\/\/powiatwwl.pl\/wp-content\/uploads\/2026\/02\/ML-1024x1024.jpg 1024w, https:\/\/powiatwwl.pl\/wp-content\/uploads\/2026\/02\/ML-300x300.jpg 300w, https:\/\/powiatwwl.pl\/wp-content\/uploads\/2026\/02\/ML-150x150.jpg 150w, https:\/\/powiatwwl.pl\/wp-content\/uploads\/2026\/02\/ML-768x768.jpg 768w, https:\/\/powiatwwl.pl\/wp-content\/uploads\/2026\/02\/ML-80x80.jpg 80w, https:\/\/powiatwwl.pl\/wp-content\/uploads\/2026\/02\/ML-320x320.jpg 320w, https:\/\/powiatwwl.pl\/wp-content\/uploads\/2026\/02\/ML.jpg 1536w\" sizes=\"auto, (max-width: 1024px) 100vw, 1024px\" \/><\/figure>\n<\/div>\n\n\n<hr class=\"wp-block-separator has-alpha-channel-opacity\"\/>\n\n\n\n<p><strong>Piotr KANDYBA &#8211; Pose\u0142 RP, Koalicja Obywatelska<\/strong><\/p>\n\n\n<div class=\"wp-block-image\">\n<figure class=\"aligncenter size-large is-resized\"><img loading=\"lazy\" decoding=\"async\" width=\"1024\" height=\"1024\" src=\"https:\/\/powiatwwl.pl\/wp-content\/uploads\/2026\/02\/ML-2-1024x1024.jpg\" alt=\"\" class=\"wp-image-620\" style=\"width:654px;height:auto\" srcset=\"https:\/\/powiatwwl.pl\/wp-content\/uploads\/2026\/02\/ML-2-1024x1024.jpg 1024w, https:\/\/powiatwwl.pl\/wp-content\/uploads\/2026\/02\/ML-2-300x300.jpg 300w, https:\/\/powiatwwl.pl\/wp-content\/uploads\/2026\/02\/ML-2-150x150.jpg 150w, https:\/\/powiatwwl.pl\/wp-content\/uploads\/2026\/02\/ML-2-768x768.jpg 768w, https:\/\/powiatwwl.pl\/wp-content\/uploads\/2026\/02\/ML-2-80x80.jpg 80w, https:\/\/powiatwwl.pl\/wp-content\/uploads\/2026\/02\/ML-2-320x320.jpg 320w, https:\/\/powiatwwl.pl\/wp-content\/uploads\/2026\/02\/ML-2.jpg 1536w\" sizes=\"auto, (max-width: 1024px) 100vw, 1024px\" \/><\/figure>\n<\/div>\n\n\n<hr class=\"wp-block-separator has-alpha-channel-opacity\"\/>\n\n\n\n<p><strong>Kamila GASIUK-PIHOWICZ &#8211; Pos\u0142anka Parlamentu Europejskiego, Koalicja Obywatelska<\/strong><\/p>\n\n\n<div class=\"wp-block-image\">\n<figure class=\"aligncenter size-large is-resized\"><img loading=\"lazy\" decoding=\"async\" width=\"1024\" height=\"1024\" src=\"https:\/\/powiatwwl.pl\/wp-content\/uploads\/2026\/02\/KGP-1024x1024.jpg\" alt=\"\" class=\"wp-image-630\" style=\"width:658px;height:auto\" srcset=\"https:\/\/powiatwwl.pl\/wp-content\/uploads\/2026\/02\/KGP-1024x1024.jpg 1024w, https:\/\/powiatwwl.pl\/wp-content\/uploads\/2026\/02\/KGP-300x300.jpg 300w, https:\/\/powiatwwl.pl\/wp-content\/uploads\/2026\/02\/KGP-150x150.jpg 150w, https:\/\/powiatwwl.pl\/wp-content\/uploads\/2026\/02\/KGP-768x768.jpg 768w, https:\/\/powiatwwl.pl\/wp-content\/uploads\/2026\/02\/KGP-80x80.jpg 80w, https:\/\/powiatwwl.pl\/wp-content\/uploads\/2026\/02\/KGP-320x320.jpg 320w, https:\/\/powiatwwl.pl\/wp-content\/uploads\/2026\/02\/KGP.jpg 1536w\" sizes=\"auto, (max-width: 1024px) 100vw, 1024px\" \/><\/figure>\n<\/div>","protected":false},"excerpt":{"rendered":"<p>Nasi Parlamentarzy\u015bci: Jan GRABIEC &#8211; Szef Kancelarii Premiera RP, pose\u0142 RP, Koalicja Obywatelska RP Ma\u0142gorzata KIDAWA- B\u0141O\u0143SKA &#8211; Marsza\u0142ek Senatu RP, Koalicja Obywatelska RP Jolanta HIBNER &#8211; Senator RP, Koalicja Obywatelska Krzysztof GAWKOWSKI &#8211; Wicepremier RP, Minister Cyfryzacji, Pose\u0142 RP, Lewica Kinga GAJEWSKA- Pos\u0142anka RP, Koalicja Obywatelska Maciej LASEK &#8211;&#46;&#46;&#46;<\/p>\n","protected":false},"author":1,"featured_media":0,"parent":0,"menu_order":0,"comment_status":"closed","ping_status":"closed","template":"","meta":{"footnotes":""},"class_list":["post-299","page","type-page","status-publish","hentry"],"_links":{"self":[{"href":"https:\/\/powiatwwl.pl\/index.php?rest_route=\/wp\/v2\/pages\/299","targetHints":{"allow":["GET"]}}],"collection":[{"href":"https:\/\/powiatwwl.pl\/index.php?rest_route=\/wp\/v2\/pages"}],"about":[{"href":"https:\/\/powiatwwl.pl\/index.php?rest_route=\/wp\/v2\/types\/page"}],"author":[{"embeddable":true,"href":"https:\/\/powiatwwl.pl\/index.php?rest_route=\/wp\/v2\/users\/1"}],"replies":[{"embeddable":true,"href":"https:\/\/powiatwwl.pl\/index.php?rest_route=%2Fwp%2Fv2%2Fcomments&post=299"}],"version-history":[{"count":5,"href":"https:\/\/powiatwwl.pl\/index.php?rest_route=\/wp\/v2\/pages\/299\/revisions"}],"predecessor-version":[{"id":640,"href":"https:\/\/powiatwwl.pl\/index.php?rest_route=\/wp\/v2\/pages\/299\/revisions\/640"}],"wp:attachment":[{"href":"https:\/\/powiatwwl.pl\/index.php?rest_route=%2Fwp%2Fv2%2Fmedia&parent=299"}],"curies":[{"name":"wp","href":"https:\/\/api.w.org\/{rel}","templated":true}]}}

PARLAMENTARZYŚCI

<p>Nasi Parlamentarzyści:</p>



<p><strong>Jan GRABIEC &#8211; Szef Kancelarii Premiera RP, poseł RP, Koalicja Obywatelska RP</strong></p>


<div class="wp-block-image">
<figure class="aligncenter size-large is-resized"><img loading="lazy" decoding="async" width="1024" height="1024" src="https://powiatwwl.pl/wp-content/uploads/2026/02/jan-1024x1024.jpg" alt="" class="wp-image-285" style="width:616px;height:auto" srcset="https://powiatwwl.pl/wp-content/uploads/2026/02/jan-1024x1024.jpg 1024w, https://powiatwwl.pl/wp-content/uploads/2026/02/jan-300x300.jpg 300w, https://powiatwwl.pl/wp-content/uploads/2026/02/jan-150x150.jpg 150w, https://powiatwwl.pl/wp-content/uploads/2026/02/jan-768x768.jpg 768w, https://powiatwwl.pl/wp-content/uploads/2026/02/jan-1536x1536.jpg 1536w, https://powiatwwl.pl/wp-content/uploads/2026/02/jan-80x80.jpg 80w, https://powiatwwl.pl/wp-content/uploads/2026/02/jan-320x320.jpg 320w, https://powiatwwl.pl/wp-content/uploads/2026/02/jan.jpg 2048w" sizes="auto, (max-width: 1024px) 100vw, 1024px" /></figure>
</div>


<hr class="wp-block-separator has-alpha-channel-opacity"/>



<p><strong>Małgorzata KIDAWA- BŁOŃSKA &#8211; Marszałek Senatu RP, Koalicja Obywatelska RP</strong></p>


<div class="wp-block-image">
<figure class="aligncenter size-large is-resized"><img loading="lazy" decoding="async" width="1024" height="1024" src="https://powiatwwl.pl/wp-content/uploads/2026/02/MKB-1024x1024.jpg" alt="" class="wp-image-624" style="width:623px;height:auto" srcset="https://powiatwwl.pl/wp-content/uploads/2026/02/MKB-1024x1024.jpg 1024w, https://powiatwwl.pl/wp-content/uploads/2026/02/MKB-300x300.jpg 300w, https://powiatwwl.pl/wp-content/uploads/2026/02/MKB-150x150.jpg 150w, https://powiatwwl.pl/wp-content/uploads/2026/02/MKB-768x768.jpg 768w, https://powiatwwl.pl/wp-content/uploads/2026/02/MKB-80x80.jpg 80w, https://powiatwwl.pl/wp-content/uploads/2026/02/MKB-320x320.jpg 320w, https://powiatwwl.pl/wp-content/uploads/2026/02/MKB.jpg 1536w" sizes="auto, (max-width: 1024px) 100vw, 1024px" /></figure>
</div>


<hr class="wp-block-separator has-alpha-channel-opacity"/>



<p><strong>Jolanta HIBNER &#8211; Senator RP, Koalicja Obywatelska</strong></p>


<div class="wp-block-image">
<figure class="aligncenter size-large is-resized"><img loading="lazy" decoding="async" width="1024" height="1024" src="https://powiatwwl.pl/wp-content/uploads/2026/02/MKB-1-1024x1024.jpg" alt="" class="wp-image-625" style="width:624px;height:auto" srcset="https://powiatwwl.pl/wp-content/uploads/2026/02/MKB-1-1024x1024.jpg 1024w, https://powiatwwl.pl/wp-content/uploads/2026/02/MKB-1-300x300.jpg 300w, https://powiatwwl.pl/wp-content/uploads/2026/02/MKB-1-150x150.jpg 150w, https://powiatwwl.pl/wp-content/uploads/2026/02/MKB-1-768x768.jpg 768w, https://powiatwwl.pl/wp-content/uploads/2026/02/MKB-1-80x80.jpg 80w, https://powiatwwl.pl/wp-content/uploads/2026/02/MKB-1-320x320.jpg 320w, https://powiatwwl.pl/wp-content/uploads/2026/02/MKB-1.jpg 1536w" sizes="auto, (max-width: 1024px) 100vw, 1024px" /></figure>
</div>


<hr class="wp-block-separator has-alpha-channel-opacity"/>



<p><strong>Krzysztof GAWKOWSKI &#8211; Wicepremier RP, Minister Cyfryzacji, Poseł RP, Lewica</strong></p>


<div class="wp-block-image">
<figure class="aligncenter size-large is-resized"><img loading="lazy" decoding="async" width="1024" height="1024" src="https://powiatwwl.pl/wp-content/uploads/2026/02/KGP-1-1024x1024.jpg" alt="" class="wp-image-634" style="width:638px;height:auto" srcset="https://powiatwwl.pl/wp-content/uploads/2026/02/KGP-1-1024x1024.jpg 1024w, https://powiatwwl.pl/wp-content/uploads/2026/02/KGP-1-300x300.jpg 300w, https://powiatwwl.pl/wp-content/uploads/2026/02/KGP-1-150x150.jpg 150w, https://powiatwwl.pl/wp-content/uploads/2026/02/KGP-1-768x768.jpg 768w, https://powiatwwl.pl/wp-content/uploads/2026/02/KGP-1-80x80.jpg 80w, https://powiatwwl.pl/wp-content/uploads/2026/02/KGP-1-320x320.jpg 320w, https://powiatwwl.pl/wp-content/uploads/2026/02/KGP-1.jpg 1536w" sizes="auto, (max-width: 1024px) 100vw, 1024px" /></figure>
</div>


<hr class="wp-block-separator has-alpha-channel-opacity"/>



<p><strong>Kinga GAJEWSKA- Posłanka RP, Koalicja Obywatelska</strong></p>


<div class="wp-block-image">
<figure class="aligncenter size-large is-resized"><img loading="lazy" decoding="async" width="1024" height="1024" src="https://powiatwwl.pl/wp-content/uploads/2026/02/KG1-1024x1024.jpg" alt="" class="wp-image-628" style="width:640px;height:auto" srcset="https://powiatwwl.pl/wp-content/uploads/2026/02/KG1-1024x1024.jpg 1024w, https://powiatwwl.pl/wp-content/uploads/2026/02/KG1-300x300.jpg 300w, https://powiatwwl.pl/wp-content/uploads/2026/02/KG1-150x150.jpg 150w, https://powiatwwl.pl/wp-content/uploads/2026/02/KG1-768x768.jpg 768w, https://powiatwwl.pl/wp-content/uploads/2026/02/KG1-80x80.jpg 80w, https://powiatwwl.pl/wp-content/uploads/2026/02/KG1-320x320.jpg 320w, https://powiatwwl.pl/wp-content/uploads/2026/02/KG1.jpg 1536w" sizes="auto, (max-width: 1024px) 100vw, 1024px" /></figure>
</div>


<hr class="wp-block-separator has-alpha-channel-opacity"/>



<p><strong>Maciej LASEK &#8211; Poseł RP, Koalicja Obywatelska</strong></p>


<div class="wp-block-image">
<figure class="aligncenter size-large is-resized"><img loading="lazy" decoding="async" width="1024" height="1024" src="https://powiatwwl.pl/wp-content/uploads/2026/02/ML-1024x1024.jpg" alt="" class="wp-image-618" style="width:646px;height:auto" srcset="https://powiatwwl.pl/wp-content/uploads/2026/02/ML-1024x1024.jpg 1024w, https://powiatwwl.pl/wp-content/uploads/2026/02/ML-300x300.jpg 300w, https://powiatwwl.pl/wp-content/uploads/2026/02/ML-150x150.jpg 150w, https://powiatwwl.pl/wp-content/uploads/2026/02/ML-768x768.jpg 768w, https://powiatwwl.pl/wp-content/uploads/2026/02/ML-80x80.jpg 80w, https://powiatwwl.pl/wp-content/uploads/2026/02/ML-320x320.jpg 320w, https://powiatwwl.pl/wp-content/uploads/2026/02/ML.jpg 1536w" sizes="auto, (max-width: 1024px) 100vw, 1024px" /></figure>
</div>


<hr class="wp-block-separator has-alpha-channel-opacity"/>



<p><strong>Piotr KANDYBA &#8211; Poseł RP, Koalicja Obywatelska</strong></p>


<div class="wp-block-image">
<figure class="aligncenter size-large is-resized"><img loading="lazy" decoding="async" width="1024" height="1024" src="https://powiatwwl.pl/wp-content/uploads/2026/02/ML-2-1024x1024.jpg" alt="" class="wp-image-620" style="width:654px;height:auto" srcset="https://powiatwwl.pl/wp-content/uploads/2026/02/ML-2-1024x1024.jpg 1024w, https://powiatwwl.pl/wp-content/uploads/2026/02/ML-2-300x300.jpg 300w, https://powiatwwl.pl/wp-content/uploads/2026/02/ML-2-150x150.jpg 150w, https://powiatwwl.pl/wp-content/uploads/2026/02/ML-2-768x768.jpg 768w, https://powiatwwl.pl/wp-content/uploads/2026/02/ML-2-80x80.jpg 80w, https://powiatwwl.pl/wp-content/uploads/2026/02/ML-2-320x320.jpg 320w, https://powiatwwl.pl/wp-content/uploads/2026/02/ML-2.jpg 1536w" sizes="auto, (max-width: 1024px) 100vw, 1024px" /></figure>
</div>


<hr class="wp-block-separator has-alpha-channel-opacity"/>



<p><strong>Kamila GASIUK-PIHOWICZ &#8211; Posłanka Parlamentu Europejskiego, Koalicja Obywatelska</strong></p>


<div class="wp-block-image">
<figure class="aligncenter size-large is-resized"><img loading="lazy" decoding="async" width="1024" height="1024" src="https://powiatwwl.pl/wp-content/uploads/2026/02/KGP-1024x1024.jpg" alt="" class="wp-image-630" style="width:658px;height:auto" srcset="https://powiatwwl.pl/wp-content/uploads/2026/02/KGP-1024x1024.jpg 1024w, https://powiatwwl.pl/wp-content/uploads/2026/02/KGP-300x300.jpg 300w, https://powiatwwl.pl/wp-content/uploads/2026/02/KGP-150x150.jpg 150w, https://powiatwwl.pl/wp-content/uploads/2026/02/KGP-768x768.jpg 768w, https://powiatwwl.pl/wp-content/uploads/2026/02/KGP-80x80.jpg 80w, https://powiatwwl.pl/wp-content/uploads/2026/02/KGP-320x320.jpg 320w, https://powiatwwl.pl/wp-content/uploads/2026/02/KGP.jpg 1536w" sizes="auto, (max-width: 1024px) 100vw, 1024px" /></figure>
</div>

<p>Nasi Parlamentarzyści: Jan GRABIEC &#8211; Szef Kancelarii Premiera RP, poseł RP, Koalicja Obywatelska RP Małgorzata KIDAWA- BŁOŃSKA &#8211; Marszałek Senatu RP, Koalicja Obywatelska RP Jolanta HIBNER &#8211; Senator RP, Koalicja Obywatelska Krzysztof GAWKOWSKI &#8211; Wicepremier RP, Minister Cyfryzacji, Poseł RP, Lewica Kinga GAJEWSKA- Posłanka RP, Koalicja Obywatelska Maciej LASEK &#8211;&#46;&#46;&#46;</p>
