{"id":315,"date":"2026-02-06T09:11:12","date_gmt":"2026-02-06T08:11:12","guid":{"rendered":"http:\/\/powiatwwl.pl\/?page_id=315"},"modified":"2026-02-13T10:06:08","modified_gmt":"2026-02-13T09:06:08","slug":"12-miast-i-gmin","status":"publish","type":"page","link":"https:\/\/powiatwwl.pl\/?page_id=315","title":{"rendered":"12 MIAST i GMIN"},"content":{"rendered":"<div class=\"wp-block-image\">\n<figure class=\"aligncenter size-large\"><img loading=\"lazy\" decoding=\"async\" width=\"1024\" height=\"432\" src=\"https:\/\/powiatwwl.pl\/wp-content\/uploads\/2026\/02\/1460x616-1024x432.jpg\" alt=\"\" class=\"wp-image-849\" srcset=\"https:\/\/powiatwwl.pl\/wp-content\/uploads\/2026\/02\/1460x616-1024x432.jpg 1024w, https:\/\/powiatwwl.pl\/wp-content\/uploads\/2026\/02\/1460x616-300x127.jpg 300w, https:\/\/powiatwwl.pl\/wp-content\/uploads\/2026\/02\/1460x616-768x324.jpg 768w, https:\/\/powiatwwl.pl\/wp-content\/uploads\/2026\/02\/1460x616.jpg 1460w\" sizes=\"auto, (max-width: 1024px) 100vw, 1024px\" \/><\/figure>\n<\/div>\n\n\n<p>Powiat wo\u0142omi\u0144ski (woj. mazowieckie) sk\u0142ada si\u0119 z 12 jednostek administracyjnych: 4 Gmin Miejskich, 4 Gmin Miejsko-Wiejskich i 4 Gmin Wiejskich. S\u0105 to:<\/p>\n\n\n\n<h2 class=\"wp-block-heading\">Koby\u0142ka, Marki, Z\u0105bki, Zielonka <strong><em>(Gminy Miejskie) <\/em><\/strong><\/h2>\n\n\n\n<h2 class=\"wp-block-heading\">Jad\u00f3w, Radzymin, T\u0142uszcz, Wo\u0142omin <strong><em>(Gminy Miejsko-Wiejskie) <\/em><\/strong><\/h2>\n\n\n\n<h2 class=\"wp-block-heading\">D\u0105br\u00f3wka, Klemb\u00f3w, Po\u015bwi\u0119tne i Strach\u00f3wka <em><strong>(Gminy Wiejskie)\u00a0<\/strong><\/em><\/h2>\n\n\n\n<p>Siedzib\u0105 powiatu jest\u00a0Wo\u0142omin. Region charakteryzuje si\u0119 bezpo\u015brednim s\u0105siedztwem Warszawy i intensywnym rozwojem przedsi\u0119biorczo\u015bci.\u00a0<\/p>\n\n\n\n<p>Zapraszamy na 12 stron po\u015bwi\u0119conym ka\u017cdej Gminie w Powiecie Wo\u0142omi\u0144skim<\/p>\n","protected":false},"excerpt":{"rendered":"<p>Powiat wo\u0142omi\u0144ski (woj. mazowieckie) sk\u0142ada si\u0119 z 12 jednostek administracyjnych: 4 Gmin Miejskich, 4 Gmin Miejsko-Wiejskich i 4 Gmin Wiejskich. S\u0105 to: Koby\u0142ka, Marki, Z\u0105bki, Zielonka (Gminy Miejskie) Jad\u00f3w, Radzymin, T\u0142uszcz, Wo\u0142omin (Gminy Miejsko-Wiejskie) D\u0105br\u00f3wka, Klemb\u00f3w, Po\u015bwi\u0119tne i Strach\u00f3wka (Gminy Wiejskie)\u00a0 Siedzib\u0105 powiatu jest\u00a0Wo\u0142omin. Region charakteryzuje si\u0119 bezpo\u015brednim s\u0105siedztwem Warszawy&#46;&#46;&#46;<\/p>\n","protected":false},"author":1,"featured_media":0,"parent":0,"menu_order":0,"comment_status":"closed","ping_status":"closed","template":"","meta":{"footnotes":""},"class_list":["post-315","page","type-page","status-publish","hentry"],"_links":{"self":[{"href":"https:\/\/powiatwwl.pl\/index.php?rest_route=\/wp\/v2\/pages\/315","targetHints":{"allow":["GET"]}}],"collection":[{"href":"https:\/\/powiatwwl.pl\/index.php?rest_route=\/wp\/v2\/pages"}],"about":[{"href":"https:\/\/powiatwwl.pl\/index.php?rest_route=\/wp\/v2\/types\/page"}],"author":[{"embeddable":true,"href":"https:\/\/powiatwwl.pl\/index.php?rest_route=\/wp\/v2\/users\/1"}],"replies":[{"embeddable":true,"href":"https:\/\/powiatwwl.pl\/index.php?rest_route=%2Fwp%2Fv2%2Fcomments&post=315"}],"version-history":[{"count":3,"href":"https:\/\/powiatwwl.pl\/index.php?rest_route=\/wp\/v2\/pages\/315\/revisions"}],"predecessor-version":[{"id":852,"href":"https:\/\/powiatwwl.pl\/index.php?rest_route=\/wp\/v2\/pages\/315\/revisions\/852"}],"wp:attachment":[{"href":"https:\/\/powiatwwl.pl\/index.php?rest_route=%2Fwp%2Fv2%2Fmedia&parent=315"}],"curies":[{"name":"wp","href":"https:\/\/api.w.org\/{rel}","templated":true}]}}

<div class="wp-block-image">
<figure class="aligncenter size-large"><img loading="lazy" decoding="async" width="1024" height="432" src="https://powiatwwl.pl/wp-content/uploads/2026/02/1460x616-1024x432.jpg" alt="" class="wp-image-849" srcset="https://powiatwwl.pl/wp-content/uploads/2026/02/1460x616-1024x432.jpg 1024w, https://powiatwwl.pl/wp-content/uploads/2026/02/1460x616-300x127.jpg 300w, https://powiatwwl.pl/wp-content/uploads/2026/02/1460x616-768x324.jpg 768w, https://powiatwwl.pl/wp-content/uploads/2026/02/1460x616.jpg 1460w" sizes="auto, (max-width: 1024px) 100vw, 1024px" /></figure>
</div>


<p>Powiat wołomiński (woj. mazowieckie) składa się z 12 jednostek administracyjnych: 4 Gmin Miejskich, 4 Gmin Miejsko-Wiejskich i 4 Gmin Wiejskich. Są to:</p>



<h2 class="wp-block-heading">Kobyłka, Marki, Ząbki, Zielonka <strong><em>(Gminy Miejskie) </em></strong></h2>



<h2 class="wp-block-heading">Jadów, Radzymin, Tłuszcz, Wołomin <strong><em>(Gminy Miejsko-Wiejskie) </em></strong></h2>



<h2 class="wp-block-heading">Dąbrówka, Klembów, Poświętne i Strachówka <em><strong>(Gminy Wiejskie) </strong></em></h2>



<p>Siedzibą powiatu jest Wołomin. Region charakteryzuje się bezpośrednim sąsiedztwem Warszawy i intensywnym rozwojem przedsiębiorczości. </p>



<p>Zapraszamy na 12 stron poświęconym każdej Gminie w Powiecie Wołomińskim</p>

<p>Powiat wołomiński (woj. mazowieckie) składa się z 12 jednostek administracyjnych: 4 Gmin Miejskich, 4 Gmin Miejsko-Wiejskich i 4 Gmin Wiejskich. Są to: Kobyłka, Marki, Ząbki, Zielonka (Gminy Miejskie) Jadów, Radzymin, Tłuszcz, Wołomin (Gminy Miejsko-Wiejskie) Dąbrówka, Klembów, Poświętne i Strachówka (Gminy Wiejskie)  Siedzibą powiatu jest Wołomin. Region charakteryzuje się bezpośrednim sąsiedztwem Warszawy&#46;&#46;&#46;</p>
