{"id":319,"date":"2026-02-06T09:14:49","date_gmt":"2026-02-06T08:14:49","guid":{"rendered":"http:\/\/powiatwwl.pl\/?page_id=319"},"modified":"2026-02-13T10:10:53","modified_gmt":"2026-02-13T09:10:53","slug":"dabrowka","status":"publish","type":"page","link":"https:\/\/powiatwwl.pl\/?page_id=319","title":{"rendered":"D\u0104BR\u00d3WKA"},"content":{"rendered":"<div class=\"wp-block-image\">\n<figure class=\"alignleft size-large is-resized\"><img loading=\"lazy\" decoding=\"async\" width=\"835\" height=\"1024\" src=\"https:\/\/powiatwwl.pl\/wp-content\/uploads\/2026\/02\/HERB_DABROWKA-835x1024.png\" alt=\"\" class=\"wp-image-439\" style=\"aspect-ratio:0.81544192346766;width:114px;height:auto\" srcset=\"https:\/\/powiatwwl.pl\/wp-content\/uploads\/2026\/02\/HERB_DABROWKA-835x1024.png 835w, https:\/\/powiatwwl.pl\/wp-content\/uploads\/2026\/02\/HERB_DABROWKA-245x300.png 245w, https:\/\/powiatwwl.pl\/wp-content\/uploads\/2026\/02\/HERB_DABROWKA-768x942.png 768w, https:\/\/powiatwwl.pl\/wp-content\/uploads\/2026\/02\/HERB_DABROWKA-1252x1536.png 1252w, https:\/\/powiatwwl.pl\/wp-content\/uploads\/2026\/02\/HERB_DABROWKA.png 1365w\" sizes=\"auto, (max-width: 835px) 100vw, 835px\" \/><\/figure>\n<\/div>\n\n\n<p><strong>Gmina D\u0105br\u00f3wka<\/strong> <strong><em>( Gmina Wiejska) <\/em><\/strong>le\u017cy w powiecie wo\u0142omi\u0144skim,&nbsp;35 km od centrum Warszawy. Mimo blisko\u015bci stolicy jego okolice zachowa\u0142y sw\u00f3j naturalny&nbsp;charakter.&nbsp;<\/p>\n\n\n\n<p>Malownicze lasy i urocze tereny nadbu\u017ca\u0144skie, mi\u0142o\u015bnicy aktywnego wypoczynku na pewno znajd\u0105 tutaj co\u015b dla siebie. Czekaj\u0105 pi\u0119kne i dziewicze zak\u0105tki. Mo\u017cna je podziwia\u0107 p\u0142ywaj\u0105c kajakiem po rzece Bug lub przemierzaj\u0105c rowerem. Na terenie gminy odbywaj\u0105 si\u0119 liczne imprezy kulturalno-sportowe. Szczeg\u00f3\u0142owy kalendarz imprez i aktualne informacje mo\u017cna znale\u017a\u0107&nbsp;na stronie internetowej Gminy&nbsp;<a href=\"http:\/\/www.dabrowka.net.pl\/\">www.dabrowka.net.pl<\/a>&nbsp;oraz Gminnego Centrum Kultury&nbsp;<a href=\"http:\/\/www.gckdabrowka.net.pl\/\">www.gckdabrowka.net.pl<\/a>&nbsp;.<\/p>\n\n\n\n<figure class=\"wp-block-image size-full\"><img loading=\"lazy\" decoding=\"async\" width=\"800\" height=\"532\" src=\"https:\/\/powiatwwl.pl\/wp-content\/uploads\/2026\/02\/00075_foto.jpg\" alt=\"\" class=\"wp-image-441\" srcset=\"https:\/\/powiatwwl.pl\/wp-content\/uploads\/2026\/02\/00075_foto.jpg 800w, https:\/\/powiatwwl.pl\/wp-content\/uploads\/2026\/02\/00075_foto-300x200.jpg 300w, https:\/\/powiatwwl.pl\/wp-content\/uploads\/2026\/02\/00075_foto-768x511.jpg 768w\" sizes=\"auto, (max-width: 800px) 100vw, 800px\" \/><\/figure>\n\n\n\n<p><em>Foto \u017ar\u00f3d\u0142o: Gmina D\u0105br\u00f3wka. Bogdan \u015aladowski.<\/em><\/p>\n\n\n<div class=\"wp-block-image\">\n<figure class=\"alignleft size-large is-resized\"><img loading=\"lazy\" decoding=\"async\" width=\"1024\" height=\"1024\" src=\"https:\/\/powiatwwl.pl\/wp-content\/uploads\/2026\/02\/pw-2-1024x1024.jpg\" alt=\"\" class=\"wp-image-442\" style=\"width:47px;height:auto\" srcset=\"https:\/\/powiatwwl.pl\/wp-content\/uploads\/2026\/02\/pw-2-1024x1024.jpg 1024w, https:\/\/powiatwwl.pl\/wp-content\/uploads\/2026\/02\/pw-2-300x300.jpg 300w, https:\/\/powiatwwl.pl\/wp-content\/uploads\/2026\/02\/pw-2-150x150.jpg 150w, https:\/\/powiatwwl.pl\/wp-content\/uploads\/2026\/02\/pw-2-768x768.jpg 768w, https:\/\/powiatwwl.pl\/wp-content\/uploads\/2026\/02\/pw-2-80x80.jpg 80w, https:\/\/powiatwwl.pl\/wp-content\/uploads\/2026\/02\/pw-2-320x320.jpg 320w, https:\/\/powiatwwl.pl\/wp-content\/uploads\/2026\/02\/pw-2.jpg 1280w\" sizes=\"auto, (max-width: 1024px) 100vw, 1024px\" \/><\/figure>\n<\/div>\n\n\n<h2 class=\"wp-block-heading\"><a href=\"http:\/\/www.dabrowka.net.pl\" data-type=\"link\" data-id=\"www.dabrowka.net.pl\">D\u0104BR\u00d3WKA<\/a><\/h2>\n\n\n\n<p><\/p>\n","protected":false},"excerpt":{"rendered":"<p>Gmina D\u0105br\u00f3wka ( Gmina Wiejska) le\u017cy w powiecie wo\u0142omi\u0144skim,&nbsp;35 km od centrum Warszawy. Mimo blisko\u015bci stolicy jego okolice zachowa\u0142y sw\u00f3j naturalny&nbsp;charakter.&nbsp; Malownicze lasy i urocze tereny nadbu\u017ca\u0144skie, mi\u0142o\u015bnicy aktywnego wypoczynku na pewno znajd\u0105 tutaj co\u015b dla siebie. Czekaj\u0105 pi\u0119kne i dziewicze zak\u0105tki. Mo\u017cna je podziwia\u0107 p\u0142ywaj\u0105c kajakiem po rzece Bug&#46;&#46;&#46;<\/p>\n","protected":false},"author":1,"featured_media":441,"parent":0,"menu_order":0,"comment_status":"closed","ping_status":"closed","template":"","meta":{"footnotes":""},"class_list":["post-319","page","type-page","status-publish","has-post-thumbnail","hentry"],"_links":{"self":[{"href":"https:\/\/powiatwwl.pl\/index.php?rest_route=\/wp\/v2\/pages\/319","targetHints":{"allow":["GET"]}}],"collection":[{"href":"https:\/\/powiatwwl.pl\/index.php?rest_route=\/wp\/v2\/pages"}],"about":[{"href":"https:\/\/powiatwwl.pl\/index.php?rest_route=\/wp\/v2\/types\/page"}],"author":[{"embeddable":true,"href":"https:\/\/powiatwwl.pl\/index.php?rest_route=\/wp\/v2\/users\/1"}],"replies":[{"embeddable":true,"href":"https:\/\/powiatwwl.pl\/index.php?rest_route=%2Fwp%2Fv2%2Fcomments&post=319"}],"version-history":[{"count":6,"href":"https:\/\/powiatwwl.pl\/index.php?rest_route=\/wp\/v2\/pages\/319\/revisions"}],"predecessor-version":[{"id":856,"href":"https:\/\/powiatwwl.pl\/index.php?rest_route=\/wp\/v2\/pages\/319\/revisions\/856"}],"wp:featuredmedia":[{"embeddable":true,"href":"https:\/\/powiatwwl.pl\/index.php?rest_route=\/wp\/v2\/media\/441"}],"wp:attachment":[{"href":"https:\/\/powiatwwl.pl\/index.php?rest_route=%2Fwp%2Fv2%2Fmedia&parent=319"}],"curies":[{"name":"wp","href":"https:\/\/api.w.org\/{rel}","templated":true}]}}

DĄBRÓWKA

<div class="wp-block-image">
<figure class="alignleft size-large is-resized"><img loading="lazy" decoding="async" width="835" height="1024" src="https://powiatwwl.pl/wp-content/uploads/2026/02/HERB_DABROWKA-835x1024.png" alt="" class="wp-image-439" style="aspect-ratio:0.81544192346766;width:114px;height:auto" srcset="https://powiatwwl.pl/wp-content/uploads/2026/02/HERB_DABROWKA-835x1024.png 835w, https://powiatwwl.pl/wp-content/uploads/2026/02/HERB_DABROWKA-245x300.png 245w, https://powiatwwl.pl/wp-content/uploads/2026/02/HERB_DABROWKA-768x942.png 768w, https://powiatwwl.pl/wp-content/uploads/2026/02/HERB_DABROWKA-1252x1536.png 1252w, https://powiatwwl.pl/wp-content/uploads/2026/02/HERB_DABROWKA.png 1365w" sizes="auto, (max-width: 835px) 100vw, 835px" /></figure>
</div>


<p><strong>Gmina Dąbrówka</strong> <strong><em>( Gmina Wiejska) </em></strong>leży w powiecie wołomińskim,&nbsp;35 km od centrum Warszawy. Mimo bliskości stolicy jego okolice zachowały swój naturalny&nbsp;charakter.&nbsp;</p>



<p>Malownicze lasy i urocze tereny nadbużańskie, miłośnicy aktywnego wypoczynku na pewno znajdą tutaj coś dla siebie. Czekają piękne i dziewicze zakątki. Można je podziwiać pływając kajakiem po rzece Bug lub przemierzając rowerem. Na terenie gminy odbywają się liczne imprezy kulturalno-sportowe. Szczegółowy kalendarz imprez i aktualne informacje można znaleźć&nbsp;na stronie internetowej Gminy&nbsp;<a href="http://www.dabrowka.net.pl/">www.dabrowka.net.pl</a>&nbsp;oraz Gminnego Centrum Kultury&nbsp;<a href="http://www.gckdabrowka.net.pl/">www.gckdabrowka.net.pl</a>&nbsp;.</p>



<figure class="wp-block-image size-full"><img loading="lazy" decoding="async" width="800" height="532" src="https://powiatwwl.pl/wp-content/uploads/2026/02/00075_foto.jpg" alt="" class="wp-image-441" srcset="https://powiatwwl.pl/wp-content/uploads/2026/02/00075_foto.jpg 800w, https://powiatwwl.pl/wp-content/uploads/2026/02/00075_foto-300x200.jpg 300w, https://powiatwwl.pl/wp-content/uploads/2026/02/00075_foto-768x511.jpg 768w" sizes="auto, (max-width: 800px) 100vw, 800px" /></figure>



<p><em>Foto źródło: Gmina Dąbrówka. Bogdan Śladowski.</em></p>


<div class="wp-block-image">
<figure class="alignleft size-large is-resized"><img loading="lazy" decoding="async" width="1024" height="1024" src="https://powiatwwl.pl/wp-content/uploads/2026/02/pw-2-1024x1024.jpg" alt="" class="wp-image-442" style="width:47px;height:auto" srcset="https://powiatwwl.pl/wp-content/uploads/2026/02/pw-2-1024x1024.jpg 1024w, https://powiatwwl.pl/wp-content/uploads/2026/02/pw-2-300x300.jpg 300w, https://powiatwwl.pl/wp-content/uploads/2026/02/pw-2-150x150.jpg 150w, https://powiatwwl.pl/wp-content/uploads/2026/02/pw-2-768x768.jpg 768w, https://powiatwwl.pl/wp-content/uploads/2026/02/pw-2-80x80.jpg 80w, https://powiatwwl.pl/wp-content/uploads/2026/02/pw-2-320x320.jpg 320w, https://powiatwwl.pl/wp-content/uploads/2026/02/pw-2.jpg 1280w" sizes="auto, (max-width: 1024px) 100vw, 1024px" /></figure>
</div>


<h2 class="wp-block-heading"><a href="http://www.dabrowka.net.pl" data-type="link" data-id="www.dabrowka.net.pl">DĄBRÓWKA</a></h2>



<p></p>

<p>Gmina Dąbrówka ( Gmina Wiejska) leży w powiecie wołomińskim,&nbsp;35 km od centrum Warszawy. Mimo bliskości stolicy jego okolice zachowały swój naturalny&nbsp;charakter.&nbsp; Malownicze lasy i urocze tereny nadbużańskie, miłośnicy aktywnego wypoczynku na pewno znajdą tutaj coś dla siebie. Czekają piękne i dziewicze zakątki. Można je podziwiać pływając kajakiem po rzece Bug&#46;&#46;&#46;</p>
