{"id":327,"date":"2026-02-06T09:18:39","date_gmt":"2026-02-06T08:18:39","guid":{"rendered":"http:\/\/powiatwwl.pl\/?page_id=327"},"modified":"2026-02-13T10:14:54","modified_gmt":"2026-02-13T09:14:54","slug":"klembow","status":"publish","type":"page","link":"https:\/\/powiatwwl.pl\/?page_id=327","title":{"rendered":"KLEMB\u00d3W"},"content":{"rendered":"\n<figure class=\"wp-block-image size-large\"><img loading=\"lazy\" decoding=\"async\" width=\"1024\" height=\"576\" src=\"https:\/\/powiatwwl.pl\/wp-content\/uploads\/2026\/02\/622795490_917795983927414_1621479071854061147_n-1024x576.jpg\" alt=\"\" class=\"wp-image-658\" srcset=\"https:\/\/powiatwwl.pl\/wp-content\/uploads\/2026\/02\/622795490_917795983927414_1621479071854061147_n-1024x576.jpg 1024w, https:\/\/powiatwwl.pl\/wp-content\/uploads\/2026\/02\/622795490_917795983927414_1621479071854061147_n-300x169.jpg 300w, https:\/\/powiatwwl.pl\/wp-content\/uploads\/2026\/02\/622795490_917795983927414_1621479071854061147_n-768x432.jpg 768w, https:\/\/powiatwwl.pl\/wp-content\/uploads\/2026\/02\/622795490_917795983927414_1621479071854061147_n-1536x864.jpg 1536w, https:\/\/powiatwwl.pl\/wp-content\/uploads\/2026\/02\/622795490_917795983927414_1621479071854061147_n.jpg 2048w\" sizes=\"auto, (max-width: 1024px) 100vw, 1024px\" \/><\/figure>\n\n\n\n<h3 class=\"wp-block-heading\">GMINA KLEMB\u00d3W<a href=\"https:\/\/www.klembow.pl\/uploads\/pub\/strony\/strona_66\/text\/Polozenie_Mapa_Polski_Klembow.gif\"><\/a><\/h3>\n\n\n<div class=\"wp-block-image\">\n<figure class=\"alignleft size-large is-resized\"><img loading=\"lazy\" decoding=\"async\" width=\"860\" height=\"1024\" src=\"https:\/\/powiatwwl.pl\/wp-content\/uploads\/2026\/02\/POL_gmina_Klembow_COA.svg_-860x1024.png\" alt=\"\" class=\"wp-image-660\" style=\"aspect-ratio:0.8398622750600923;width:94px;height:auto\" srcset=\"https:\/\/powiatwwl.pl\/wp-content\/uploads\/2026\/02\/POL_gmina_Klembow_COA.svg_-860x1024.png 860w, https:\/\/powiatwwl.pl\/wp-content\/uploads\/2026\/02\/POL_gmina_Klembow_COA.svg_-252x300.png 252w, https:\/\/powiatwwl.pl\/wp-content\/uploads\/2026\/02\/POL_gmina_Klembow_COA.svg_-768x914.png 768w, https:\/\/powiatwwl.pl\/wp-content\/uploads\/2026\/02\/POL_gmina_Klembow_COA.svg_.png 960w\" sizes=\"auto, (max-width: 860px) 100vw, 860px\" \/><\/figure>\n<\/div>\n\n\n<p><strong>KLEMB\u00d3W <em>(Gmina Wiejska)<\/em><\/strong>. Gmina Klemb\u00f3w po\u0142o\u017cona jest w centralnej cz\u0119\u015bci wojew\u00f3dztwa Mazowieckiego, w powiecie Wo\u0142omi\u0144skim. W p\u00f3\u0142nocno &#8211; zachodniej i po\u0142udniowo &#8211; wschodniej cz\u0119\u015bci gmin\u0119 przecina zewn\u0119trzny uk\u0142ad komunikacji ko\u0142owej. Na p\u00f3\u0142nocnym zachodzie gmina graniczy z drog\u0105 krajow\u0105 nr 8, od kt\u00f3rej rozpoczyna bieg droga wojew\u00f3dzka nr 636, biegn\u0105ca przez wsie Wola Rasztowska, Roszczep i Krusze, dalej przez gmin\u0119 T\u0142uszcz do Jadowa.<\/p>\n\n\n\n<p>Gmina Klemb\u00f3w, powiat Wo\u0142omi\u0144ski, graniczy od p\u00f3\u0142nocy z gmin\u0105 D\u0105br\u00f3wka, od wschodu z miastem i gmin\u0105 T\u0142uszcz, od po\u0142udnia z gmin\u0105 Po\u015bwi\u0119tne oraz Wo\u0142omin, za\u015b od zachodu &#8211; z gmin\u0105 Radzymin.<\/p>\n\n\n<div class=\"wp-block-image\">\n<figure class=\"aligncenter\"><a class=\"fancybox\" href=\"https:\/\/www.klembow.pl\/uploads\/pub\/strony\/strona_66\/text\/Polozenie_Mapa_Powiatu_Klembow.gif\" target=\"_blank\" rel=\"noreferrer noopener\"><img decoding=\"async\" src=\"https:\/\/www.klembow.pl\/uploads\/pub\/strony\/strona_66\/text\/Polozenie_Mapa_Powiatu_Klembow_Maly.gif\" alt=\"\"\/><\/a><\/figure>\n<\/div>\n\n\n<p>W po\u0142udniowo &#8211; wschodniej cz\u0119\u015bci gminy przebiega droga wojew\u00f3dzka nr 634 relacji T\u0142uszcz &#8211; Wo\u0142omin &#8211; Warszawa. Ponadto gmin\u0119 przecinaj\u0105 trzy linie kolejowe. Przez \u015brodkow\u0105 cz\u0119\u015bci gminy z zachodu na wsch\u00f3d biegnie linia kolejowa relacji Warszawa &#8211; Legionowo &#8211; T\u0142uszcz. We wschodniej cz\u0119\u015bci gminy z po\u0142udnia na p\u00f3\u0142noc przebiega linia kolejowa relacji Warszawa &#8211; Wo\u0142omin &#8211; T\u0142uszcz. O najbardziej na wsch\u00f3d wysuni\u0119ty fragment gminy zahacza linia kolejowa relacji Mi\u0144sk Mazowiecki &#8211; T\u0142uszcz.<\/p>\n\n\n\n<p>Przez teren gminy przep\u0142ywaj\u0105 dwa cieki wodne: Rz\u0105dza i Cienka, stanowi\u0105ce wa\u017cny element naturalnego systemu wodnego, zar\u00f3wno gminy Klemb\u00f3w jak i gmin s\u0105siednich: T\u0142uszcz, Po\u015bwi\u0119tne, Radzymin.<\/p>\n\n\n\n<p>Geograficznie ca\u0142y obszar zaliczany jest do Niziny Mazowieckiej, Kotliny Warszawskiej i R\u00f3wniny Wo\u0142omi\u0144skiej.<\/p>\n\n\n\n<p>Powierzchnia gminy wynosi&nbsp;<strong>85,79 km<sup>2<\/sup><\/strong>&nbsp;i zamieszkuje j\u0105 ponad&nbsp;<strong>10200<\/strong>&nbsp;mieszka\u0144c\u00f3w (dane z 2022r.). Jest gmin\u0105 rolnicz\u0105 z tendencj\u0105 do przekszta\u0142cania si\u0119 w jednostk\u0119 satelitarn\u0105 aglomeracji Warszawskiej.<\/p>\n\n\n<div class=\"wp-block-image\">\n<figure class=\"alignleft size-large is-resized\"><img loading=\"lazy\" decoding=\"async\" width=\"1024\" height=\"1024\" src=\"https:\/\/powiatwwl.pl\/wp-content\/uploads\/2026\/02\/pw-2-1024x1024.jpg\" alt=\"\" class=\"wp-image-442\" style=\"width:58px;height:auto\" srcset=\"https:\/\/powiatwwl.pl\/wp-content\/uploads\/2026\/02\/pw-2-1024x1024.jpg 1024w, https:\/\/powiatwwl.pl\/wp-content\/uploads\/2026\/02\/pw-2-300x300.jpg 300w, https:\/\/powiatwwl.pl\/wp-content\/uploads\/2026\/02\/pw-2-150x150.jpg 150w, https:\/\/powiatwwl.pl\/wp-content\/uploads\/2026\/02\/pw-2-768x768.jpg 768w, https:\/\/powiatwwl.pl\/wp-content\/uploads\/2026\/02\/pw-2-80x80.jpg 80w, https:\/\/powiatwwl.pl\/wp-content\/uploads\/2026\/02\/pw-2-320x320.jpg 320w, https:\/\/powiatwwl.pl\/wp-content\/uploads\/2026\/02\/pw-2.jpg 1280w\" sizes=\"auto, (max-width: 1024px) 100vw, 1024px\" \/><\/figure>\n<\/div>\n\n\n<h2 class=\"wp-block-heading\"><strong><a href=\"http:\/\/www.klembow.pl\">KLEMB\u00d3W<\/a><\/strong><\/h2>\n\n\n\n<p><\/p>\n","protected":false},"excerpt":{"rendered":"<p>GMINA KLEMB\u00d3W KLEMB\u00d3W (Gmina Wiejska). Gmina Klemb\u00f3w po\u0142o\u017cona jest w centralnej cz\u0119\u015bci wojew\u00f3dztwa Mazowieckiego, w powiecie Wo\u0142omi\u0144skim. W p\u00f3\u0142nocno &#8211; zachodniej i po\u0142udniowo &#8211; wschodniej cz\u0119\u015bci gmin\u0119 przecina zewn\u0119trzny uk\u0142ad komunikacji ko\u0142owej. Na p\u00f3\u0142nocnym zachodzie gmina graniczy z drog\u0105 krajow\u0105 nr 8, od kt\u00f3rej rozpoczyna bieg droga wojew\u00f3dzka nr 636,&#46;&#46;&#46;<\/p>\n","protected":false},"author":1,"featured_media":0,"parent":0,"menu_order":0,"comment_status":"closed","ping_status":"closed","template":"","meta":{"footnotes":""},"class_list":["post-327","page","type-page","status-publish","hentry"],"_links":{"self":[{"href":"https:\/\/powiatwwl.pl\/index.php?rest_route=\/wp\/v2\/pages\/327","targetHints":{"allow":["GET"]}}],"collection":[{"href":"https:\/\/powiatwwl.pl\/index.php?rest_route=\/wp\/v2\/pages"}],"about":[{"href":"https:\/\/powiatwwl.pl\/index.php?rest_route=\/wp\/v2\/types\/page"}],"author":[{"embeddable":true,"href":"https:\/\/powiatwwl.pl\/index.php?rest_route=\/wp\/v2\/users\/1"}],"replies":[{"embeddable":true,"href":"https:\/\/powiatwwl.pl\/index.php?rest_route=%2Fwp%2Fv2%2Fcomments&post=327"}],"version-history":[{"count":5,"href":"https:\/\/powiatwwl.pl\/index.php?rest_route=\/wp\/v2\/pages\/327\/revisions"}],"predecessor-version":[{"id":861,"href":"https:\/\/powiatwwl.pl\/index.php?rest_route=\/wp\/v2\/pages\/327\/revisions\/861"}],"wp:attachment":[{"href":"https:\/\/powiatwwl.pl\/index.php?rest_route=%2Fwp%2Fv2%2Fmedia&parent=327"}],"curies":[{"name":"wp","href":"https:\/\/api.w.org\/{rel}","templated":true}]}}

KLEMBÓW

<figure class="wp-block-image size-large"><img loading="lazy" decoding="async" width="1024" height="576" src="https://powiatwwl.pl/wp-content/uploads/2026/02/622795490_917795983927414_1621479071854061147_n-1024x576.jpg" alt="" class="wp-image-658" srcset="https://powiatwwl.pl/wp-content/uploads/2026/02/622795490_917795983927414_1621479071854061147_n-1024x576.jpg 1024w, https://powiatwwl.pl/wp-content/uploads/2026/02/622795490_917795983927414_1621479071854061147_n-300x169.jpg 300w, https://powiatwwl.pl/wp-content/uploads/2026/02/622795490_917795983927414_1621479071854061147_n-768x432.jpg 768w, https://powiatwwl.pl/wp-content/uploads/2026/02/622795490_917795983927414_1621479071854061147_n-1536x864.jpg 1536w, https://powiatwwl.pl/wp-content/uploads/2026/02/622795490_917795983927414_1621479071854061147_n.jpg 2048w" sizes="auto, (max-width: 1024px) 100vw, 1024px" /></figure>



<h3 class="wp-block-heading">GMINA KLEMBÓW<a href="https://www.klembow.pl/uploads/pub/strony/strona_66/text/Polozenie_Mapa_Polski_Klembow.gif"></a></h3>


<div class="wp-block-image">
<figure class="alignleft size-large is-resized"><img loading="lazy" decoding="async" width="860" height="1024" src="https://powiatwwl.pl/wp-content/uploads/2026/02/POL_gmina_Klembow_COA.svg_-860x1024.png" alt="" class="wp-image-660" style="aspect-ratio:0.8398622750600923;width:94px;height:auto" srcset="https://powiatwwl.pl/wp-content/uploads/2026/02/POL_gmina_Klembow_COA.svg_-860x1024.png 860w, https://powiatwwl.pl/wp-content/uploads/2026/02/POL_gmina_Klembow_COA.svg_-252x300.png 252w, https://powiatwwl.pl/wp-content/uploads/2026/02/POL_gmina_Klembow_COA.svg_-768x914.png 768w, https://powiatwwl.pl/wp-content/uploads/2026/02/POL_gmina_Klembow_COA.svg_.png 960w" sizes="auto, (max-width: 860px) 100vw, 860px" /></figure>
</div>


<p><strong>KLEMBÓW <em>(Gmina Wiejska)</em></strong>. Gmina Klembów położona jest w centralnej części województwa Mazowieckiego, w powiecie Wołomińskim. W północno &#8211; zachodniej i południowo &#8211; wschodniej części gminę przecina zewnętrzny układ komunikacji kołowej. Na północnym zachodzie gmina graniczy z drogą krajową nr 8, od której rozpoczyna bieg droga wojewódzka nr 636, biegnąca przez wsie Wola Rasztowska, Roszczep i Krusze, dalej przez gminę Tłuszcz do Jadowa.</p>



<p>Gmina Klembów, powiat Wołomiński, graniczy od północy z gminą Dąbrówka, od wschodu z miastem i gminą Tłuszcz, od południa z gminą Poświętne oraz Wołomin, zaś od zachodu &#8211; z gminą Radzymin.</p>


<div class="wp-block-image">
<figure class="aligncenter"><a class="fancybox" href="https://www.klembow.pl/uploads/pub/strony/strona_66/text/Polozenie_Mapa_Powiatu_Klembow.gif" target="_blank" rel="noreferrer noopener"><img decoding="async" src="https://www.klembow.pl/uploads/pub/strony/strona_66/text/Polozenie_Mapa_Powiatu_Klembow_Maly.gif" alt=""/></a></figure>
</div>


<p>W południowo &#8211; wschodniej części gminy przebiega droga wojewódzka nr 634 relacji Tłuszcz &#8211; Wołomin &#8211; Warszawa. Ponadto gminę przecinają trzy linie kolejowe. Przez środkową części gminy z zachodu na wschód biegnie linia kolejowa relacji Warszawa &#8211; Legionowo &#8211; Tłuszcz. We wschodniej części gminy z południa na północ przebiega linia kolejowa relacji Warszawa &#8211; Wołomin &#8211; Tłuszcz. O najbardziej na wschód wysunięty fragment gminy zahacza linia kolejowa relacji Mińsk Mazowiecki &#8211; Tłuszcz.</p>



<p>Przez teren gminy przepływają dwa cieki wodne: Rządza i Cienka, stanowiące ważny element naturalnego systemu wodnego, zarówno gminy Klembów jak i gmin sąsiednich: Tłuszcz, Poświętne, Radzymin.</p>



<p>Geograficznie cały obszar zaliczany jest do Niziny Mazowieckiej, Kotliny Warszawskiej i Równiny Wołomińskiej.</p>



<p>Powierzchnia gminy wynosi&nbsp;<strong>85,79 km<sup>2</sup></strong>&nbsp;i zamieszkuje ją ponad&nbsp;<strong>10200</strong>&nbsp;mieszkańców (dane z 2022r.). Jest gminą rolniczą z tendencją do przekształcania się w jednostkę satelitarną aglomeracji Warszawskiej.</p>


<div class="wp-block-image">
<figure class="alignleft size-large is-resized"><img loading="lazy" decoding="async" width="1024" height="1024" src="https://powiatwwl.pl/wp-content/uploads/2026/02/pw-2-1024x1024.jpg" alt="" class="wp-image-442" style="width:58px;height:auto" srcset="https://powiatwwl.pl/wp-content/uploads/2026/02/pw-2-1024x1024.jpg 1024w, https://powiatwwl.pl/wp-content/uploads/2026/02/pw-2-300x300.jpg 300w, https://powiatwwl.pl/wp-content/uploads/2026/02/pw-2-150x150.jpg 150w, https://powiatwwl.pl/wp-content/uploads/2026/02/pw-2-768x768.jpg 768w, https://powiatwwl.pl/wp-content/uploads/2026/02/pw-2-80x80.jpg 80w, https://powiatwwl.pl/wp-content/uploads/2026/02/pw-2-320x320.jpg 320w, https://powiatwwl.pl/wp-content/uploads/2026/02/pw-2.jpg 1280w" sizes="auto, (max-width: 1024px) 100vw, 1024px" /></figure>
</div>


<h2 class="wp-block-heading"><strong><a href="http://www.klembow.pl">KLEMBÓW</a></strong></h2>



<p></p>

<p>GMINA KLEMBÓW KLEMBÓW (Gmina Wiejska). Gmina Klembów położona jest w centralnej części województwa Mazowieckiego, w powiecie Wołomińskim. W północno &#8211; zachodniej i południowo &#8211; wschodniej części gminę przecina zewnętrzny układ komunikacji kołowej. Na północnym zachodzie gmina graniczy z drogą krajową nr 8, od której rozpoczyna bieg droga wojewódzka nr 636,&#46;&#46;&#46;</p>
