{"id":345,"date":"2026-02-06T09:50:04","date_gmt":"2026-02-06T08:50:04","guid":{"rendered":"http:\/\/powiatwwl.pl\/?page_id=345"},"modified":"2026-02-13T10:15:24","modified_gmt":"2026-02-13T09:15:24","slug":"marki","status":"publish","type":"page","link":"https:\/\/powiatwwl.pl\/?page_id=345","title":{"rendered":"MARKI"},"content":{"rendered":"\n<figure class=\"wp-block-image size-large\"><img loading=\"lazy\" decoding=\"async\" width=\"1024\" height=\"682\" src=\"https:\/\/powiatwwl.pl\/wp-content\/uploads\/2026\/02\/3-1024x682.jpg\" alt=\"\" class=\"wp-image-673\" srcset=\"https:\/\/powiatwwl.pl\/wp-content\/uploads\/2026\/02\/3-1024x682.jpg 1024w, https:\/\/powiatwwl.pl\/wp-content\/uploads\/2026\/02\/3-300x200.jpg 300w, https:\/\/powiatwwl.pl\/wp-content\/uploads\/2026\/02\/3-768x512.jpg 768w, https:\/\/powiatwwl.pl\/wp-content\/uploads\/2026\/02\/3.jpg 1111w\" sizes=\"auto, (max-width: 1024px) 100vw, 1024px\" \/><\/figure>\n\n\n<div class=\"wp-block-image\">\n<figure class=\"alignleft size-large is-resized\"><img loading=\"lazy\" decoding=\"async\" width=\"872\" height=\"1024\" src=\"https:\/\/powiatwwl.pl\/wp-content\/uploads\/2026\/02\/293-herb_kolor-872x1024.png\" alt=\"\" class=\"wp-image-675\" style=\"width:77px;height:auto\" srcset=\"https:\/\/powiatwwl.pl\/wp-content\/uploads\/2026\/02\/293-herb_kolor-872x1024.png 872w, https:\/\/powiatwwl.pl\/wp-content\/uploads\/2026\/02\/293-herb_kolor-255x300.png 255w, https:\/\/powiatwwl.pl\/wp-content\/uploads\/2026\/02\/293-herb_kolor-768x902.png 768w, https:\/\/powiatwwl.pl\/wp-content\/uploads\/2026\/02\/293-herb_kolor-1308x1536.png 1308w, https:\/\/powiatwwl.pl\/wp-content\/uploads\/2026\/02\/293-herb_kolor-1744x2048.png 1744w, https:\/\/powiatwwl.pl\/wp-content\/uploads\/2026\/02\/293-herb_kolor.png 1933w\" sizes=\"auto, (max-width: 872px) 100vw, 872px\" \/><\/figure>\n<\/div>\n\n\n<p><strong>MARKI <em>( Gmina Miejska)<\/em><\/strong>. Witajcie w Markach! Jeste\u015bmy miastem, kt\u00f3re od pocz\u0105tku tego stulecia przechodzi ogromne przeobra\u017cenia. Otwarcie obwodnicy, u\u0142o\u017cenie praktycznie od zera kanalizacji sanitarnej, budowa i rozbudowa plac\u00f3wek edukacyjnych &#8211; to tylko kilka przyk\u0142ad\u00f3w tego, co si\u0119 niedawno wydarzy\u0142o lub dzieje w naszym mie\u015bcie. Zapoznajcie si\u0119 z nasz\u0105 bogat\u0105 histori\u0105, planami na przysz\u0142o\u015b\u0107, instytucjami, a tak\u017ce osobami, kt\u00f3re zarz\u0105dzaj\u0105 miastem!<\/p>\n\n\n\n<p><em>Tekst i Foto \u017ar\u00f3d\u0142o: marki.pl<\/em><\/p>\n\n\n<div class=\"wp-block-image\">\n<figure class=\"aligncenter size-large is-resized\"><img loading=\"lazy\" decoding=\"async\" width=\"1024\" height=\"734\" src=\"https:\/\/powiatwwl.pl\/wp-content\/uploads\/2026\/02\/314-1024x734.jpg\" alt=\"\" class=\"wp-image-676\" style=\"width:571px;height:auto\" srcset=\"https:\/\/powiatwwl.pl\/wp-content\/uploads\/2026\/02\/314-1024x734.jpg 1024w, https:\/\/powiatwwl.pl\/wp-content\/uploads\/2026\/02\/314-300x215.jpg 300w, https:\/\/powiatwwl.pl\/wp-content\/uploads\/2026\/02\/314-768x551.jpg 768w, https:\/\/powiatwwl.pl\/wp-content\/uploads\/2026\/02\/314.jpg 1130w\" sizes=\"auto, (max-width: 1024px) 100vw, 1024px\" \/><\/figure>\n<\/div>\n\n<div class=\"wp-block-image\">\n<figure class=\"alignleft size-large is-resized\"><img loading=\"lazy\" decoding=\"async\" width=\"1024\" height=\"1024\" src=\"https:\/\/powiatwwl.pl\/wp-content\/uploads\/2026\/02\/pw-2-1024x1024.jpg\" alt=\"\" class=\"wp-image-442\" style=\"width:92px;height:auto\" srcset=\"https:\/\/powiatwwl.pl\/wp-content\/uploads\/2026\/02\/pw-2-1024x1024.jpg 1024w, https:\/\/powiatwwl.pl\/wp-content\/uploads\/2026\/02\/pw-2-300x300.jpg 300w, https:\/\/powiatwwl.pl\/wp-content\/uploads\/2026\/02\/pw-2-150x150.jpg 150w, https:\/\/powiatwwl.pl\/wp-content\/uploads\/2026\/02\/pw-2-768x768.jpg 768w, https:\/\/powiatwwl.pl\/wp-content\/uploads\/2026\/02\/pw-2-80x80.jpg 80w, https:\/\/powiatwwl.pl\/wp-content\/uploads\/2026\/02\/pw-2-320x320.jpg 320w, https:\/\/powiatwwl.pl\/wp-content\/uploads\/2026\/02\/pw-2.jpg 1280w\" sizes=\"auto, (max-width: 1024px) 100vw, 1024px\" \/><\/figure>\n<\/div>\n\n\n<h2 class=\"wp-block-heading\"><strong><a href=\"http:\/\/www.marki.pl\" data-type=\"link\" data-id=\"www.marki.pl\">MARKI<\/a><\/strong><\/h2>\n\n\n\n<p><\/p>\n","protected":false},"excerpt":{"rendered":"<p>MARKI ( Gmina Miejska). Witajcie w Markach! Jeste\u015bmy miastem, kt\u00f3re od pocz\u0105tku tego stulecia przechodzi ogromne przeobra\u017cenia. Otwarcie obwodnicy, u\u0142o\u017cenie praktycznie od zera kanalizacji sanitarnej, budowa i rozbudowa plac\u00f3wek edukacyjnych &#8211; to tylko kilka przyk\u0142ad\u00f3w tego, co si\u0119 niedawno wydarzy\u0142o lub dzieje w naszym mie\u015bcie. Zapoznajcie si\u0119 z nasz\u0105 bogat\u0105&#46;&#46;&#46;<\/p>\n","protected":false},"author":1,"featured_media":0,"parent":0,"menu_order":0,"comment_status":"closed","ping_status":"closed","template":"","meta":{"footnotes":""},"class_list":["post-345","page","type-page","status-publish","hentry"],"_links":{"self":[{"href":"https:\/\/powiatwwl.pl\/index.php?rest_route=\/wp\/v2\/pages\/345","targetHints":{"allow":["GET"]}}],"collection":[{"href":"https:\/\/powiatwwl.pl\/index.php?rest_route=\/wp\/v2\/pages"}],"about":[{"href":"https:\/\/powiatwwl.pl\/index.php?rest_route=\/wp\/v2\/types\/page"}],"author":[{"embeddable":true,"href":"https:\/\/powiatwwl.pl\/index.php?rest_route=\/wp\/v2\/users\/1"}],"replies":[{"embeddable":true,"href":"https:\/\/powiatwwl.pl\/index.php?rest_route=%2Fwp%2Fv2%2Fcomments&post=345"}],"version-history":[{"count":3,"href":"https:\/\/powiatwwl.pl\/index.php?rest_route=\/wp\/v2\/pages\/345\/revisions"}],"predecessor-version":[{"id":862,"href":"https:\/\/powiatwwl.pl\/index.php?rest_route=\/wp\/v2\/pages\/345\/revisions\/862"}],"wp:attachment":[{"href":"https:\/\/powiatwwl.pl\/index.php?rest_route=%2Fwp%2Fv2%2Fmedia&parent=345"}],"curies":[{"name":"wp","href":"https:\/\/api.w.org\/{rel}","templated":true}]}}

<figure class="wp-block-image size-large"><img loading="lazy" decoding="async" width="1024" height="682" src="https://powiatwwl.pl/wp-content/uploads/2026/02/3-1024x682.jpg" alt="" class="wp-image-673" srcset="https://powiatwwl.pl/wp-content/uploads/2026/02/3-1024x682.jpg 1024w, https://powiatwwl.pl/wp-content/uploads/2026/02/3-300x200.jpg 300w, https://powiatwwl.pl/wp-content/uploads/2026/02/3-768x512.jpg 768w, https://powiatwwl.pl/wp-content/uploads/2026/02/3.jpg 1111w" sizes="auto, (max-width: 1024px) 100vw, 1024px" /></figure>


<div class="wp-block-image">
<figure class="alignleft size-large is-resized"><img loading="lazy" decoding="async" width="872" height="1024" src="https://powiatwwl.pl/wp-content/uploads/2026/02/293-herb_kolor-872x1024.png" alt="" class="wp-image-675" style="width:77px;height:auto" srcset="https://powiatwwl.pl/wp-content/uploads/2026/02/293-herb_kolor-872x1024.png 872w, https://powiatwwl.pl/wp-content/uploads/2026/02/293-herb_kolor-255x300.png 255w, https://powiatwwl.pl/wp-content/uploads/2026/02/293-herb_kolor-768x902.png 768w, https://powiatwwl.pl/wp-content/uploads/2026/02/293-herb_kolor-1308x1536.png 1308w, https://powiatwwl.pl/wp-content/uploads/2026/02/293-herb_kolor-1744x2048.png 1744w, https://powiatwwl.pl/wp-content/uploads/2026/02/293-herb_kolor.png 1933w" sizes="auto, (max-width: 872px) 100vw, 872px" /></figure>
</div>


<p><strong>MARKI <em>( Gmina Miejska)</em></strong>. Witajcie w Markach! Jesteśmy miastem, które od początku tego stulecia przechodzi ogromne przeobrażenia. Otwarcie obwodnicy, ułożenie praktycznie od zera kanalizacji sanitarnej, budowa i rozbudowa placówek edukacyjnych &#8211; to tylko kilka przykładów tego, co się niedawno wydarzyło lub dzieje w naszym mieście. Zapoznajcie się z naszą bogatą historią, planami na przyszłość, instytucjami, a także osobami, które zarządzają miastem!</p>



<p><em>Tekst i Foto źródło: marki.pl</em></p>


<div class="wp-block-image">
<figure class="aligncenter size-large is-resized"><img loading="lazy" decoding="async" width="1024" height="734" src="https://powiatwwl.pl/wp-content/uploads/2026/02/314-1024x734.jpg" alt="" class="wp-image-676" style="width:571px;height:auto" srcset="https://powiatwwl.pl/wp-content/uploads/2026/02/314-1024x734.jpg 1024w, https://powiatwwl.pl/wp-content/uploads/2026/02/314-300x215.jpg 300w, https://powiatwwl.pl/wp-content/uploads/2026/02/314-768x551.jpg 768w, https://powiatwwl.pl/wp-content/uploads/2026/02/314.jpg 1130w" sizes="auto, (max-width: 1024px) 100vw, 1024px" /></figure>
</div>

<div class="wp-block-image">
<figure class="alignleft size-large is-resized"><img loading="lazy" decoding="async" width="1024" height="1024" src="https://powiatwwl.pl/wp-content/uploads/2026/02/pw-2-1024x1024.jpg" alt="" class="wp-image-442" style="width:92px;height:auto" srcset="https://powiatwwl.pl/wp-content/uploads/2026/02/pw-2-1024x1024.jpg 1024w, https://powiatwwl.pl/wp-content/uploads/2026/02/pw-2-300x300.jpg 300w, https://powiatwwl.pl/wp-content/uploads/2026/02/pw-2-150x150.jpg 150w, https://powiatwwl.pl/wp-content/uploads/2026/02/pw-2-768x768.jpg 768w, https://powiatwwl.pl/wp-content/uploads/2026/02/pw-2-80x80.jpg 80w, https://powiatwwl.pl/wp-content/uploads/2026/02/pw-2-320x320.jpg 320w, https://powiatwwl.pl/wp-content/uploads/2026/02/pw-2.jpg 1280w" sizes="auto, (max-width: 1024px) 100vw, 1024px" /></figure>
</div>


<h2 class="wp-block-heading"><strong><a href="http://www.marki.pl" data-type="link" data-id="www.marki.pl">MARKI</a></strong></h2>



<p></p>

<p>MARKI ( Gmina Miejska). Witajcie w Markach! Jesteśmy miastem, które od początku tego stulecia przechodzi ogromne przeobrażenia. Otwarcie obwodnicy, ułożenie praktycznie od zera kanalizacji sanitarnej, budowa i rozbudowa placówek edukacyjnych &#8211; to tylko kilka przykładów tego, co się niedawno wydarzyło lub dzieje w naszym mieście. Zapoznajcie się z naszą bogatą&#46;&#46;&#46;</p>
