{"id":347,"date":"2026-02-06T09:50:26","date_gmt":"2026-02-06T08:50:26","guid":{"rendered":"http:\/\/powiatwwl.pl\/?page_id=347"},"modified":"2026-02-16T13:13:52","modified_gmt":"2026-02-16T12:13:52","slug":"wolomin","status":"publish","type":"page","link":"https:\/\/powiatwwl.pl\/?page_id=347","title":{"rendered":"WO\u0141OMIN"},"content":{"rendered":"<div class=\"wp-block-image\">\n<figure class=\"aligncenter size-full\"><img loading=\"lazy\" decoding=\"async\" width=\"900\" height=\"506\" src=\"https:\/\/powiatwwl.pl\/wp-content\/uploads\/2026\/02\/wywiad-BD.jpg\" alt=\"\" class=\"wp-image-988\" srcset=\"https:\/\/powiatwwl.pl\/wp-content\/uploads\/2026\/02\/wywiad-BD.jpg 900w, https:\/\/powiatwwl.pl\/wp-content\/uploads\/2026\/02\/wywiad-BD-300x169.jpg 300w, https:\/\/powiatwwl.pl\/wp-content\/uploads\/2026\/02\/wywiad-BD-768x432.jpg 768w\" sizes=\"auto, (max-width: 900px) 100vw, 900px\" \/><\/figure>\n<\/div>\n\n<div class=\"wp-block-image\">\n<figure class=\"alignleft size-full is-resized\"><img loading=\"lazy\" decoding=\"async\" width=\"583\" height=\"418\" src=\"https:\/\/powiatwwl.pl\/wp-content\/uploads\/2026\/02\/d92i3418.jpg\" alt=\"\" class=\"wp-image-989\" style=\"width:142px;height:auto\" srcset=\"https:\/\/powiatwwl.pl\/wp-content\/uploads\/2026\/02\/d92i3418.jpg 583w, https:\/\/powiatwwl.pl\/wp-content\/uploads\/2026\/02\/d92i3418-300x215.jpg 300w\" sizes=\"auto, (max-width: 583px) 100vw, 583px\" \/><\/figure>\n<\/div>\n\n\n<p><strong>Wo\u0142omin <em>(Gmina miejsko-Wiejska)<\/em> &#8211; &nbsp;<\/strong>(dawn.&nbsp;<em>Wo\u0142umin<\/em><sup><a href=\"https:\/\/pl.wikipedia.org\/wiki\/Wo%C5%82omin#cite_note-SgKP-3\">[3]<\/a><\/sup>) \u2013&nbsp;<a href=\"https:\/\/pl.wikipedia.org\/wiki\/Miasto\">miasto<\/a>&nbsp;w&nbsp;<a href=\"https:\/\/pl.wikipedia.org\/wiki\/Polska\">Polsce<\/a>&nbsp;po\u0142o\u017cone w&nbsp;<a href=\"https:\/\/pl.wikipedia.org\/wiki\/Wojew%C3%B3dztwo_mazowieckie\">wojew\u00f3dztwie mazowieckim<\/a>, siedziba&nbsp;<a href=\"https:\/\/pl.wikipedia.org\/wiki\/Powiat_wo%C5%82omi%C5%84ski\">powiatu wo\u0142omi\u0144skiego<\/a>&nbsp;i&nbsp;<a href=\"https:\/\/pl.wikipedia.org\/wiki\/Wo%C5%82omin_(gmina)\">gminy miejsko-wiejskiej Wo\u0142omin<\/a>.&nbsp;<a href=\"https:\/\/pl.wikipedia.org\/wiki\/Podzia%C5%82_administracyjny_Polski_(1975%E2%80%931998)\">W latach 1975\u20131998<\/a>&nbsp;miasto administracyjnie nale\u017ca\u0142o do&nbsp;<a href=\"https:\/\/pl.wikipedia.org\/wiki\/Wojew%C3%B3dztwo_warszawskie_(1975%E2%80%931998)\">wojew\u00f3dztwa warszawskiego<\/a>. Wo\u0142omin nale\u017cy do&nbsp;<a href=\"https:\/\/pl.wikipedia.org\/wiki\/Aglomeracja_warszawska\">aglomeracji warszawskiej<\/a>. Wo\u0142omin po\u0142o\u017cony jest 20 km od centrum&nbsp;<a href=\"https:\/\/pl.wikipedia.org\/wiki\/Warszawa\">Warszawy<\/a>&nbsp;na&nbsp;<a href=\"https:\/\/pl.wikipedia.org\/wiki\/Linia_kolejowa_nr_6\">linii kolejowej<\/a>&nbsp;do&nbsp;<a href=\"https:\/\/pl.wikipedia.org\/wiki\/Bia%C5%82ystok\">Bia\u0142egostoku<\/a>&nbsp;(dwie stacje w Wo\u0142ominie). Centralnym punktem miasta jest plac 3-go maja (dawniej przed II wojn\u0105 \u015bwiatow\u0105 plac g\u00f3rno\u015bl\u0105ski, a po wojnie plac 1-go maja). Wo\u0142omin jest cz\u0142onkiem&nbsp;<a href=\"https:\/\/pl.wikipedia.org\/wiki\/Zwi%C4%85zek_Miast_Polskich\">Zwi\u0105zku Miast Polskich<\/a>. Wed\u0142ug danych&nbsp;<a href=\"https:\/\/pl.wikipedia.org\/wiki\/G%C5%82%C3%B3wny_Urz%C4%85d_Statystyczny\">GUS<\/a>&nbsp;z 1 stycznia 2024 r. miasto liczy\u0142o 35 620 mieszka\u0144c\u00f3w, b\u0119d\u0105c 15. najludniejszym&nbsp;<a href=\"https:\/\/pl.wikipedia.org\/wiki\/Lista_miast_w_wojew%C3%B3dztwie_mazowieckim\">miastem w wojew\u00f3dztwie<\/a><sup><a href=\"https:\/\/pl.wikipedia.org\/wiki\/Wo%C5%82omin#cite_note-PopulacjaPowierzchnia-1\">[1]<\/a><\/sup>.<\/p>\n\n\n\n<p><em>\u017ar\u00f3d\u0142o: Wikipedia<\/em><\/p>\n\n\n\n<p><em>Foto \u017ar\u00f3d\u0142o: Wie\u015bci Podwarszawskie<\/em><\/p>\n\n\n\n<p>W sk\u0142ad Gminy Wo\u0142omin wchodz\u0105: Miasto Wo\u0142omin oraz So\u0142ectwa: Ci\u0119ciwa, Czarna, Duczki, Stare Grabie, Nowe Grabie, Helen\u00f3w, Lipinki, Stare Lipiny, Nowe Lipiny, Le\u015bniakowizna, Majdan, Most\u00f3wka, Oss\u00f3w, Tur\u00f3w, Zago\u015bciniec<\/p>\n\n\n<div class=\"wp-block-image\">\n<figure class=\"alignleft size-large is-resized\"><img loading=\"lazy\" decoding=\"async\" width=\"1024\" height=\"1024\" src=\"https:\/\/powiatwwl.pl\/wp-content\/uploads\/2026\/02\/pw-2-1024x1024.jpg\" alt=\"\" class=\"wp-image-442\" style=\"width:109px;height:auto\" srcset=\"https:\/\/powiatwwl.pl\/wp-content\/uploads\/2026\/02\/pw-2-1024x1024.jpg 1024w, https:\/\/powiatwwl.pl\/wp-content\/uploads\/2026\/02\/pw-2-300x300.jpg 300w, https:\/\/powiatwwl.pl\/wp-content\/uploads\/2026\/02\/pw-2-150x150.jpg 150w, https:\/\/powiatwwl.pl\/wp-content\/uploads\/2026\/02\/pw-2-768x768.jpg 768w, https:\/\/powiatwwl.pl\/wp-content\/uploads\/2026\/02\/pw-2-80x80.jpg 80w, https:\/\/powiatwwl.pl\/wp-content\/uploads\/2026\/02\/pw-2-320x320.jpg 320w, https:\/\/powiatwwl.pl\/wp-content\/uploads\/2026\/02\/pw-2.jpg 1280w\" sizes=\"auto, (max-width: 1024px) 100vw, 1024px\" \/><\/figure>\n<\/div>\n\n\n<h2 class=\"wp-block-heading\"><strong><a href=\"http:\/\/www.wolomin.org\">WO\u0141OMIN<\/a><\/strong><\/h2>\n\n\n\n<p><\/p>\n","protected":false},"excerpt":{"rendered":"<p>Wo\u0142omin (Gmina miejsko-Wiejska) &#8211; &nbsp;(dawn.&nbsp;Wo\u0142umin[3]) \u2013&nbsp;miasto&nbsp;w&nbsp;Polsce&nbsp;po\u0142o\u017cone w&nbsp;wojew\u00f3dztwie mazowieckim, siedziba&nbsp;powiatu wo\u0142omi\u0144skiego&nbsp;i&nbsp;gminy miejsko-wiejskiej Wo\u0142omin.&nbsp;W latach 1975\u20131998&nbsp;miasto administracyjnie nale\u017ca\u0142o do&nbsp;wojew\u00f3dztwa warszawskiego. Wo\u0142omin nale\u017cy do&nbsp;aglomeracji warszawskiej. Wo\u0142omin po\u0142o\u017cony jest 20 km od centrum&nbsp;Warszawy&nbsp;na&nbsp;linii kolejowej&nbsp;do&nbsp;Bia\u0142egostoku&nbsp;(dwie stacje w Wo\u0142ominie). Centralnym punktem miasta jest plac 3-go maja (dawniej przed II wojn\u0105 \u015bwiatow\u0105 plac g\u00f3rno\u015bl\u0105ski, a po wojnie&#46;&#46;&#46;<\/p>\n","protected":false},"author":1,"featured_media":0,"parent":0,"menu_order":0,"comment_status":"closed","ping_status":"closed","template":"","meta":{"footnotes":""},"class_list":["post-347","page","type-page","status-publish","hentry"],"_links":{"self":[{"href":"https:\/\/powiatwwl.pl\/index.php?rest_route=\/wp\/v2\/pages\/347","targetHints":{"allow":["GET"]}}],"collection":[{"href":"https:\/\/powiatwwl.pl\/index.php?rest_route=\/wp\/v2\/pages"}],"about":[{"href":"https:\/\/powiatwwl.pl\/index.php?rest_route=\/wp\/v2\/types\/page"}],"author":[{"embeddable":true,"href":"https:\/\/powiatwwl.pl\/index.php?rest_route=\/wp\/v2\/users\/1"}],"replies":[{"embeddable":true,"href":"https:\/\/powiatwwl.pl\/index.php?rest_route=%2Fwp%2Fv2%2Fcomments&post=347"}],"version-history":[{"count":5,"href":"https:\/\/powiatwwl.pl\/index.php?rest_route=\/wp\/v2\/pages\/347\/revisions"}],"predecessor-version":[{"id":993,"href":"https:\/\/powiatwwl.pl\/index.php?rest_route=\/wp\/v2\/pages\/347\/revisions\/993"}],"wp:attachment":[{"href":"https:\/\/powiatwwl.pl\/index.php?rest_route=%2Fwp%2Fv2%2Fmedia&parent=347"}],"curies":[{"name":"wp","href":"https:\/\/api.w.org\/{rel}","templated":true}]}}

WOŁOMIN

<div class="wp-block-image">
<figure class="aligncenter size-full"><img loading="lazy" decoding="async" width="900" height="506" src="https://powiatwwl.pl/wp-content/uploads/2026/02/wywiad-BD.jpg" alt="" class="wp-image-988" srcset="https://powiatwwl.pl/wp-content/uploads/2026/02/wywiad-BD.jpg 900w, https://powiatwwl.pl/wp-content/uploads/2026/02/wywiad-BD-300x169.jpg 300w, https://powiatwwl.pl/wp-content/uploads/2026/02/wywiad-BD-768x432.jpg 768w" sizes="auto, (max-width: 900px) 100vw, 900px" /></figure>
</div>

<div class="wp-block-image">
<figure class="alignleft size-full is-resized"><img loading="lazy" decoding="async" width="583" height="418" src="https://powiatwwl.pl/wp-content/uploads/2026/02/d92i3418.jpg" alt="" class="wp-image-989" style="width:142px;height:auto" srcset="https://powiatwwl.pl/wp-content/uploads/2026/02/d92i3418.jpg 583w, https://powiatwwl.pl/wp-content/uploads/2026/02/d92i3418-300x215.jpg 300w" sizes="auto, (max-width: 583px) 100vw, 583px" /></figure>
</div>


<p><strong>Wołomin <em>(Gmina miejsko-Wiejska)</em> &#8211; &nbsp;</strong>(dawn.&nbsp;<em>Wołumin</em><sup><a href="https://pl.wikipedia.org/wiki/Wo%C5%82omin#cite_note-SgKP-3">[3]</a></sup>) –&nbsp;<a href="https://pl.wikipedia.org/wiki/Miasto">miasto</a>&nbsp;w&nbsp;<a href="https://pl.wikipedia.org/wiki/Polska">Polsce</a>&nbsp;położone w&nbsp;<a href="https://pl.wikipedia.org/wiki/Wojew%C3%B3dztwo_mazowieckie">województwie mazowieckim</a>, siedziba&nbsp;<a href="https://pl.wikipedia.org/wiki/Powiat_wo%C5%82omi%C5%84ski">powiatu wołomińskiego</a>&nbsp;i&nbsp;<a href="https://pl.wikipedia.org/wiki/Wo%C5%82omin_(gmina)">gminy miejsko-wiejskiej Wołomin</a>.&nbsp;<a href="https://pl.wikipedia.org/wiki/Podzia%C5%82_administracyjny_Polski_(1975%E2%80%931998)">W latach 1975–1998</a>&nbsp;miasto administracyjnie należało do&nbsp;<a href="https://pl.wikipedia.org/wiki/Wojew%C3%B3dztwo_warszawskie_(1975%E2%80%931998)">województwa warszawskiego</a>. Wołomin należy do&nbsp;<a href="https://pl.wikipedia.org/wiki/Aglomeracja_warszawska">aglomeracji warszawskiej</a>. Wołomin położony jest 20 km od centrum&nbsp;<a href="https://pl.wikipedia.org/wiki/Warszawa">Warszawy</a>&nbsp;na&nbsp;<a href="https://pl.wikipedia.org/wiki/Linia_kolejowa_nr_6">linii kolejowej</a>&nbsp;do&nbsp;<a href="https://pl.wikipedia.org/wiki/Bia%C5%82ystok">Białegostoku</a>&nbsp;(dwie stacje w Wołominie). Centralnym punktem miasta jest plac 3-go maja (dawniej przed II wojną światową plac górnośląski, a po wojnie plac 1-go maja). Wołomin jest członkiem&nbsp;<a href="https://pl.wikipedia.org/wiki/Zwi%C4%85zek_Miast_Polskich">Związku Miast Polskich</a>. Według danych&nbsp;<a href="https://pl.wikipedia.org/wiki/G%C5%82%C3%B3wny_Urz%C4%85d_Statystyczny">GUS</a>&nbsp;z 1 stycznia 2024 r. miasto liczyło 35 620 mieszkańców, będąc 15. najludniejszym&nbsp;<a href="https://pl.wikipedia.org/wiki/Lista_miast_w_wojew%C3%B3dztwie_mazowieckim">miastem w województwie</a><sup><a href="https://pl.wikipedia.org/wiki/Wo%C5%82omin#cite_note-PopulacjaPowierzchnia-1">[1]</a></sup>.</p>



<p><em>źródło: Wikipedia</em></p>



<p><em>Foto źródło: Wieści Podwarszawskie</em></p>



<p>W skład Gminy Wołomin wchodzą: Miasto Wołomin oraz Sołectwa: Cięciwa, Czarna, Duczki, Stare Grabie, Nowe Grabie, Helenów, Lipinki, Stare Lipiny, Nowe Lipiny, Leśniakowizna, Majdan, Mostówka, Ossów, Turów, Zagościniec</p>


<div class="wp-block-image">
<figure class="alignleft size-large is-resized"><img loading="lazy" decoding="async" width="1024" height="1024" src="https://powiatwwl.pl/wp-content/uploads/2026/02/pw-2-1024x1024.jpg" alt="" class="wp-image-442" style="width:109px;height:auto" srcset="https://powiatwwl.pl/wp-content/uploads/2026/02/pw-2-1024x1024.jpg 1024w, https://powiatwwl.pl/wp-content/uploads/2026/02/pw-2-300x300.jpg 300w, https://powiatwwl.pl/wp-content/uploads/2026/02/pw-2-150x150.jpg 150w, https://powiatwwl.pl/wp-content/uploads/2026/02/pw-2-768x768.jpg 768w, https://powiatwwl.pl/wp-content/uploads/2026/02/pw-2-80x80.jpg 80w, https://powiatwwl.pl/wp-content/uploads/2026/02/pw-2-320x320.jpg 320w, https://powiatwwl.pl/wp-content/uploads/2026/02/pw-2.jpg 1280w" sizes="auto, (max-width: 1024px) 100vw, 1024px" /></figure>
</div>


<h2 class="wp-block-heading"><strong><a href="http://www.wolomin.org">WOŁOMIN</a></strong></h2>



<p></p>

<p>Wołomin (Gmina miejsko-Wiejska) &#8211; &nbsp;(dawn.&nbsp;Wołumin[3]) –&nbsp;miasto&nbsp;w&nbsp;Polsce&nbsp;położone w&nbsp;województwie mazowieckim, siedziba&nbsp;powiatu wołomińskiego&nbsp;i&nbsp;gminy miejsko-wiejskiej Wołomin.&nbsp;W latach 1975–1998&nbsp;miasto administracyjnie należało do&nbsp;województwa warszawskiego. Wołomin należy do&nbsp;aglomeracji warszawskiej. Wołomin położony jest 20 km od centrum&nbsp;Warszawy&nbsp;na&nbsp;linii kolejowej&nbsp;do&nbsp;Białegostoku&nbsp;(dwie stacje w Wołominie). Centralnym punktem miasta jest plac 3-go maja (dawniej przed II wojną światową plac górnośląski, a po wojnie&#46;&#46;&#46;</p>
