{"id":352,"date":"2026-02-06T09:51:40","date_gmt":"2026-02-06T08:51:40","guid":{"rendered":"http:\/\/powiatwwl.pl\/?page_id=352"},"modified":"2026-02-16T13:45:04","modified_gmt":"2026-02-16T12:45:04","slug":"zielonka","status":"publish","type":"page","link":"https:\/\/powiatwwl.pl\/?page_id=352","title":{"rendered":"ZIELONKA"},"content":{"rendered":"<div class=\"wp-block-image\">\n<figure class=\"aligncenter size-full\"><img loading=\"lazy\" decoding=\"async\" width=\"690\" height=\"240\" src=\"https:\/\/powiatwwl.pl\/wp-content\/uploads\/2026\/02\/csm_Pasazerowie_na_stacji_PKP_ZIELONKA_fot._Natalia_Brzostek-Pacan_495cd61050.jpg\" alt=\"\" class=\"wp-image-1004\" srcset=\"https:\/\/powiatwwl.pl\/wp-content\/uploads\/2026\/02\/csm_Pasazerowie_na_stacji_PKP_ZIELONKA_fot._Natalia_Brzostek-Pacan_495cd61050.jpg 690w, https:\/\/powiatwwl.pl\/wp-content\/uploads\/2026\/02\/csm_Pasazerowie_na_stacji_PKP_ZIELONKA_fot._Natalia_Brzostek-Pacan_495cd61050-300x104.jpg 300w\" sizes=\"auto, (max-width: 690px) 100vw, 690px\" \/><\/figure>\n<\/div>\n\n<div class=\"wp-block-image\">\n<figure class=\"alignleft size-large is-resized\"><img loading=\"lazy\" decoding=\"async\" width=\"861\" height=\"1024\" src=\"https:\/\/powiatwwl.pl\/wp-content\/uploads\/2026\/02\/shield.1200px-POL_Zielonka_COA-861x1024.png\" alt=\"\" class=\"wp-image-1005\" style=\"aspect-ratio:0.8408306593206999;width:110px;height:auto\" srcset=\"https:\/\/powiatwwl.pl\/wp-content\/uploads\/2026\/02\/shield.1200px-POL_Zielonka_COA-861x1024.png 861w, https:\/\/powiatwwl.pl\/wp-content\/uploads\/2026\/02\/shield.1200px-POL_Zielonka_COA-252x300.png 252w, https:\/\/powiatwwl.pl\/wp-content\/uploads\/2026\/02\/shield.1200px-POL_Zielonka_COA-768x914.png 768w, https:\/\/powiatwwl.pl\/wp-content\/uploads\/2026\/02\/shield.1200px-POL_Zielonka_COA.png 1200w\" sizes=\"auto, (max-width: 861px) 100vw, 861px\" \/><\/figure>\n<\/div>\n\n\n<p><strong><em>Zielonka ( Gmina Miejska)<\/em><\/strong>\u00a0\u2013\u00a0<a href=\"https:\/\/pl.wikipedia.org\/wiki\/Miasto\">miasto<\/a>\u00a0w\u00a0<a href=\"https:\/\/pl.wikipedia.org\/wiki\/Wojew%C3%B3dztwo_mazowieckie\">wojew\u00f3dztwie mazowieckim<\/a>, w\u00a0<a href=\"https:\/\/pl.wikipedia.org\/wiki\/Powiat_wo%C5%82omi%C5%84ski\">powiecie wo\u0142omi\u0144skim<\/a>. Nale\u017cy do\u00a0<a href=\"https:\/\/pl.wikipedia.org\/wiki\/Aglomeracja_warszawska\">aglomeracji warszawskiej<\/a>.\u00a0<a href=\"https:\/\/pl.wikipedia.org\/wiki\/Podzia%C5%82_administracyjny_Polski_(1975%E2%80%931998)\">W latach 1975\u20131998<\/a>\u00a0administracyjnie nale\u017ca\u0142o do\u00a0<a href=\"https:\/\/pl.wikipedia.org\/wiki\/Wojew%C3%B3dztwo_warszawskie_(1975%E2%80%931998)\">wojew\u00f3dztwa warszawskiego<\/a>. Wed\u0142ug danych\u00a0<a href=\"https:\/\/pl.wikipedia.org\/wiki\/G%C5%82%C3%B3wny_Urz%C4%85d_Statystyczny\">GUS<\/a>\u00a0z 1 stycznia 2024 r. miasto liczy\u0142o 18 143 mieszka\u0144c\u00f3w, b\u0119d\u0105c 30. najludniejszym\u00a0<a href=\"https:\/\/pl.wikipedia.org\/wiki\/Lista_miast_w_wojew%C3%B3dztwie_mazowieckim\">miastem w wojew\u00f3dztwie<\/a><sup><a href=\"https:\/\/pl.wikipedia.org\/wiki\/Zielonka_(miasto)#cite_note-PopulacjaPowierzchnia-1\">[1]<\/a><\/sup>.<\/p>\n\n\n\n<p>O\u015brodek g\u0142\u00f3wnie mieszkaniowy i us\u0142ugowy, cho\u0107 ze wzgl\u0119du na znaczn\u0105 ilo\u015b\u0107 teren\u00f3w le\u015bnych oraz pi\u0119\u0107&nbsp;<a href=\"https:\/\/pl.wikipedia.org\/wiki\/Glinianka_(geologia)\">glinianek<\/a>, o \u0142\u0105cznej powierzchni w\u00f3d wynosz\u0105cej nieco powy\u017cej 30 ha, Zielonka jest&nbsp;<a href=\"https:\/\/pl.wikipedia.org\/wiki\/Aglomeracja_warszawska\">podwarszawsk\u0105<\/a>&nbsp;miejscowo\u015bci\u0105 rekreacyjn\u0105. Wyznaczonych jest tu kilka szlak\u00f3w turystycznych, m.in. w okolicach przep\u0142ywaj\u0105cej przez teren gminy rzeki&nbsp;<a href=\"https:\/\/pl.wikipedia.org\/wiki\/D%C5%82uga_(rzeka)\">D\u0142ugiej<\/a>.<\/p>\n\n\n\n<p>Zielonka otrzyma\u0142a status osiedla w 1956, a&nbsp;<a href=\"https:\/\/pl.wikipedia.org\/wiki\/Prawa_miejskie\">prawa miejskie<\/a>&nbsp;w 1960. Na terenie miasta funkcjonuje&nbsp;<a href=\"https:\/\/pl.wikipedia.org\/wiki\/Wojskowy_Instytut_Techniczny_Uzbrojenia\">Wojskowy Instytut Techniczny Uzbrojenia<\/a>&nbsp;oraz Centralny Wojskowy O\u015brodek Metrologii. Wyr\u00f3\u017cnia si\u0119 drobny przemys\u0142: spo\u017cywczy, w\u0142\u00f3kienniczy, odzie\u017cowy i dziewiarski, oraz kilka&nbsp;<a href=\"https:\/\/pl.wikipedia.org\/wiki\/Cegielnia\">cegielni<\/a>.<\/p>\n\n\n\n<p>14 maja 2009 na terenie Zespo\u0142u Szk\u00f3\u0142 im. Prezydenta Ignacego Mo\u015bcickiego otwarto obiekt wybudowany w ramach rz\u0105dowego projektu \u201e<a href=\"https:\/\/pl.wikipedia.org\/wiki\/Orlik_2012\">Orlik 2012<\/a>\u201d. Planuje si\u0119 budow\u0119 nowej szko\u0142y podstawowej i basenu.<\/p>\n\n\n\n<p>Na terenie&nbsp;<a href=\"https:\/\/pl.wikipedia.org\/wiki\/Poligon_w_Zielonce\">poligonu wojskowego w Zielonce<\/a>, w s\u0105siedztwie Wojskowych Zak\u0142ad\u00f3w Lotniczych (przy granicy z warszawsk\u0105 dzielnic\u0105&nbsp;<a href=\"https:\/\/pl.wikipedia.org\/wiki\/Weso%C5%82a_(Warszawa)\">Weso\u0142a<\/a>), powstanie najnowocze\u015bniejsze na \u015bwiecie Laboratorium Bada\u0144 Nap\u0119d\u00f3w Lotniczych<sup><a href=\"https:\/\/pl.wikipedia.org\/wiki\/Zielonka_(miasto)#cite_note-4\">[4]<\/a><\/sup>&nbsp;Polonia Aero<sup><a href=\"https:\/\/pl.wikipedia.org\/wiki\/Zielonka_(miasto)#cite_note-5\">[5]<\/a><\/sup>.<\/p>\n\n\n\n<p>W Zielonce powstaje centrum produkcji i licencjonowania rakiet typu ziemia-morze i ziemia-ziemia, 31 maja 2019 roku umow\u0119 z wykonawc\u0105 podpisa\u0142y Wojskowe Zak\u0142ady Elektroniczne. Jest to inwestycja w ramach projektu utworzenia Nadbrze\u017cnego Dywizjonu Rakietowego. Inwestycja ma by\u0107 zako\u0144czona na prze\u0142omie 2019\/2020 roku. Rakiety b\u0119d\u0105 cz\u0119\u015bci\u0105 systemu Patriot<sup><a href=\"https:\/\/pl.wikipedia.org\/wiki\/Zielonka_(miasto)#cite_note-6\">[6]<\/a><\/sup>.<\/p>\n\n\n\n<p>Ponadto w Zielonce znajduj\u0105 si\u0119:<\/p>\n\n\n\n<ul class=\"wp-block-list\">\n<li>3 publiczne przedszkola,<\/li>\n\n\n\n<li>4 publiczne szko\u0142y podstawowe, z czego najnowsza, przekszta\u0142cona z gimnazjum, posiada nowoczesn\u0105, wielofunkcyjn\u0105 hal\u0119 widowiskowo-sportow\u0105 (kt\u00f3ra jest te\u017c boiskiem zespo\u0142u\u00a0<a href=\"https:\/\/pl.wikipedia.org\/wiki\/MUKS_Zielonka\">MUKS Zielonka<\/a>) i multimedialn\u0105 sal\u0105 widowiskowo-konferencyjn\u0105,<\/li>\n\n\n\n<li>zesp\u00f3\u0142 szk\u00f3\u0142 \u015brednich,<\/li>\n\n\n\n<li>2\u00a0<a href=\"https:\/\/pl.wikipedia.org\/wiki\/Parafia\">parafie<\/a>\u00a0<a href=\"https:\/\/pl.wikipedia.org\/wiki\/Ko%C5%9Bci%C3%B3%C5%82_%C5%82aci%C5%84ski\">rzymskokatolickie<\/a>,<\/li>\n\n\n\n<li>kaplica i dom Si\u00f3str Dominikanek Misjonarek,<\/li>\n\n\n\n<li><a href=\"https:\/\/pl.wikipedia.org\/wiki\/Cmentarz_parafialny_w_Zielonce_(powiat_wo%C5%82omi%C5%84ski)\">cmentarz<\/a>,<\/li>\n\n\n\n<li><a href=\"https:\/\/pl.wikipedia.org\/wiki\/Samodzielny_publiczny_zak%C5%82ad_opieki_zdrowotnej\">Samodzielny Publiczny Zak\u0142ad Opieki Zdrowotnej<\/a>,<\/li>\n\n\n\n<li>O\u015brodek Kultury i Sportu,<\/li>\n\n\n\n<li>3 filie Miejskiej Biblioteki Publicznej<sup><a href=\"https:\/\/pl.wikipedia.org\/wiki\/Zielonka_(miasto)#cite_note-7\">[7]<\/a><\/sup>,<\/li>\n\n\n\n<li>3 banki,<\/li>\n\n\n\n<li><a href=\"https:\/\/pl.wikipedia.org\/wiki\/Zielonka_(stacja_kolejowa)\">stacja kolejowa<\/a>\u00a0i\u00a0<a href=\"https:\/\/pl.wikipedia.org\/wiki\/Zielonka_Bankowa\">przystanek kolejowy<\/a>,<\/li>\n\n\n\n<li><a href=\"https:\/\/pl.wikipedia.org\/wiki\/Poligon_w_Zielonce\">poligon wojskowy<\/a>\u00a0zajmuj\u0105cy ok. 7\/8 obszaru gminy. <\/li>\n<\/ul>\n\n\n\n<p><em>\u0179r\u00f3d\u0142o: Wikipedia<\/em><\/p>\n\n\n<div class=\"wp-block-image\">\n<figure class=\"alignleft size-large is-resized\"><img loading=\"lazy\" decoding=\"async\" width=\"1024\" height=\"1024\" src=\"https:\/\/powiatwwl.pl\/wp-content\/uploads\/2026\/02\/pw-2-1024x1024.jpg\" alt=\"\" class=\"wp-image-442\" style=\"width:110px;height:auto\" srcset=\"https:\/\/powiatwwl.pl\/wp-content\/uploads\/2026\/02\/pw-2-1024x1024.jpg 1024w, https:\/\/powiatwwl.pl\/wp-content\/uploads\/2026\/02\/pw-2-300x300.jpg 300w, https:\/\/powiatwwl.pl\/wp-content\/uploads\/2026\/02\/pw-2-150x150.jpg 150w, https:\/\/powiatwwl.pl\/wp-content\/uploads\/2026\/02\/pw-2-768x768.jpg 768w, https:\/\/powiatwwl.pl\/wp-content\/uploads\/2026\/02\/pw-2-80x80.jpg 80w, https:\/\/powiatwwl.pl\/wp-content\/uploads\/2026\/02\/pw-2-320x320.jpg 320w, https:\/\/powiatwwl.pl\/wp-content\/uploads\/2026\/02\/pw-2.jpg 1280w\" sizes=\"auto, (max-width: 1024px) 100vw, 1024px\" \/><\/figure>\n<\/div>\n\n\n<h2 class=\"wp-block-heading\"><strong><a href=\"http:\/\/www.zielonka.pl\">ZIELONKA<\/a><\/strong><\/h2>\n","protected":false},"excerpt":{"rendered":"<p>Zielonka ( Gmina Miejska)\u00a0\u2013\u00a0miasto\u00a0w\u00a0wojew\u00f3dztwie mazowieckim, w\u00a0powiecie wo\u0142omi\u0144skim. Nale\u017cy do\u00a0aglomeracji warszawskiej.\u00a0W latach 1975\u20131998\u00a0administracyjnie nale\u017ca\u0142o do\u00a0wojew\u00f3dztwa warszawskiego. Wed\u0142ug danych\u00a0GUS\u00a0z 1 stycznia 2024 r. miasto liczy\u0142o 18 143 mieszka\u0144c\u00f3w, b\u0119d\u0105c 30. najludniejszym\u00a0miastem w wojew\u00f3dztwie[1]. O\u015brodek g\u0142\u00f3wnie mieszkaniowy i us\u0142ugowy, cho\u0107 ze wzgl\u0119du na znaczn\u0105 ilo\u015b\u0107 teren\u00f3w le\u015bnych oraz pi\u0119\u0107&nbsp;glinianek, o \u0142\u0105cznej powierzchni w\u00f3d&#46;&#46;&#46;<\/p>\n","protected":false},"author":1,"featured_media":0,"parent":0,"menu_order":0,"comment_status":"closed","ping_status":"closed","template":"","meta":{"footnotes":""},"class_list":["post-352","page","type-page","status-publish","hentry"],"_links":{"self":[{"href":"https:\/\/powiatwwl.pl\/index.php?rest_route=\/wp\/v2\/pages\/352","targetHints":{"allow":["GET"]}}],"collection":[{"href":"https:\/\/powiatwwl.pl\/index.php?rest_route=\/wp\/v2\/pages"}],"about":[{"href":"https:\/\/powiatwwl.pl\/index.php?rest_route=\/wp\/v2\/types\/page"}],"author":[{"embeddable":true,"href":"https:\/\/powiatwwl.pl\/index.php?rest_route=\/wp\/v2\/users\/1"}],"replies":[{"embeddable":true,"href":"https:\/\/powiatwwl.pl\/index.php?rest_route=%2Fwp%2Fv2%2Fcomments&post=352"}],"version-history":[{"count":3,"href":"https:\/\/powiatwwl.pl\/index.php?rest_route=\/wp\/v2\/pages\/352\/revisions"}],"predecessor-version":[{"id":1006,"href":"https:\/\/powiatwwl.pl\/index.php?rest_route=\/wp\/v2\/pages\/352\/revisions\/1006"}],"wp:attachment":[{"href":"https:\/\/powiatwwl.pl\/index.php?rest_route=%2Fwp%2Fv2%2Fmedia&parent=352"}],"curies":[{"name":"wp","href":"https:\/\/api.w.org\/{rel}","templated":true}]}}

<div class="wp-block-image">
<figure class="aligncenter size-full"><img loading="lazy" decoding="async" width="690" height="240" src="https://powiatwwl.pl/wp-content/uploads/2026/02/csm_Pasazerowie_na_stacji_PKP_ZIELONKA_fot._Natalia_Brzostek-Pacan_495cd61050.jpg" alt="" class="wp-image-1004" srcset="https://powiatwwl.pl/wp-content/uploads/2026/02/csm_Pasazerowie_na_stacji_PKP_ZIELONKA_fot._Natalia_Brzostek-Pacan_495cd61050.jpg 690w, https://powiatwwl.pl/wp-content/uploads/2026/02/csm_Pasazerowie_na_stacji_PKP_ZIELONKA_fot._Natalia_Brzostek-Pacan_495cd61050-300x104.jpg 300w" sizes="auto, (max-width: 690px) 100vw, 690px" /></figure>
</div>

<div class="wp-block-image">
<figure class="alignleft size-large is-resized"><img loading="lazy" decoding="async" width="861" height="1024" src="https://powiatwwl.pl/wp-content/uploads/2026/02/shield.1200px-POL_Zielonka_COA-861x1024.png" alt="" class="wp-image-1005" style="aspect-ratio:0.8408306593206999;width:110px;height:auto" srcset="https://powiatwwl.pl/wp-content/uploads/2026/02/shield.1200px-POL_Zielonka_COA-861x1024.png 861w, https://powiatwwl.pl/wp-content/uploads/2026/02/shield.1200px-POL_Zielonka_COA-252x300.png 252w, https://powiatwwl.pl/wp-content/uploads/2026/02/shield.1200px-POL_Zielonka_COA-768x914.png 768w, https://powiatwwl.pl/wp-content/uploads/2026/02/shield.1200px-POL_Zielonka_COA.png 1200w" sizes="auto, (max-width: 861px) 100vw, 861px" /></figure>
</div>


<p><strong><em>Zielonka ( Gmina Miejska)</em></strong> – <a href="https://pl.wikipedia.org/wiki/Miasto">miasto</a> w <a href="https://pl.wikipedia.org/wiki/Wojew%C3%B3dztwo_mazowieckie">województwie mazowieckim</a>, w <a href="https://pl.wikipedia.org/wiki/Powiat_wo%C5%82omi%C5%84ski">powiecie wołomińskim</a>. Należy do <a href="https://pl.wikipedia.org/wiki/Aglomeracja_warszawska">aglomeracji warszawskiej</a>. <a href="https://pl.wikipedia.org/wiki/Podzia%C5%82_administracyjny_Polski_(1975%E2%80%931998)">W latach 1975–1998</a> administracyjnie należało do <a href="https://pl.wikipedia.org/wiki/Wojew%C3%B3dztwo_warszawskie_(1975%E2%80%931998)">województwa warszawskiego</a>. Według danych <a href="https://pl.wikipedia.org/wiki/G%C5%82%C3%B3wny_Urz%C4%85d_Statystyczny">GUS</a> z 1 stycznia 2024 r. miasto liczyło 18 143 mieszkańców, będąc 30. najludniejszym <a href="https://pl.wikipedia.org/wiki/Lista_miast_w_wojew%C3%B3dztwie_mazowieckim">miastem w województwie</a><sup><a href="https://pl.wikipedia.org/wiki/Zielonka_(miasto)#cite_note-PopulacjaPowierzchnia-1">[1]</a></sup>.</p>



<p>Ośrodek głównie mieszkaniowy i usługowy, choć ze względu na znaczną ilość terenów leśnych oraz pięć&nbsp;<a href="https://pl.wikipedia.org/wiki/Glinianka_(geologia)">glinianek</a>, o łącznej powierzchni wód wynoszącej nieco powyżej 30 ha, Zielonka jest&nbsp;<a href="https://pl.wikipedia.org/wiki/Aglomeracja_warszawska">podwarszawską</a>&nbsp;miejscowością rekreacyjną. Wyznaczonych jest tu kilka szlaków turystycznych, m.in. w okolicach przepływającej przez teren gminy rzeki&nbsp;<a href="https://pl.wikipedia.org/wiki/D%C5%82uga_(rzeka)">Długiej</a>.</p>



<p>Zielonka otrzymała status osiedla w 1956, a&nbsp;<a href="https://pl.wikipedia.org/wiki/Prawa_miejskie">prawa miejskie</a>&nbsp;w 1960. Na terenie miasta funkcjonuje&nbsp;<a href="https://pl.wikipedia.org/wiki/Wojskowy_Instytut_Techniczny_Uzbrojenia">Wojskowy Instytut Techniczny Uzbrojenia</a>&nbsp;oraz Centralny Wojskowy Ośrodek Metrologii. Wyróżnia się drobny przemysł: spożywczy, włókienniczy, odzieżowy i dziewiarski, oraz kilka&nbsp;<a href="https://pl.wikipedia.org/wiki/Cegielnia">cegielni</a>.</p>



<p>14 maja 2009 na terenie Zespołu Szkół im. Prezydenta Ignacego Mościckiego otwarto obiekt wybudowany w ramach rządowego projektu „<a href="https://pl.wikipedia.org/wiki/Orlik_2012">Orlik 2012</a>”. Planuje się budowę nowej szkoły podstawowej i basenu.</p>



<p>Na terenie&nbsp;<a href="https://pl.wikipedia.org/wiki/Poligon_w_Zielonce">poligonu wojskowego w Zielonce</a>, w sąsiedztwie Wojskowych Zakładów Lotniczych (przy granicy z warszawską dzielnicą&nbsp;<a href="https://pl.wikipedia.org/wiki/Weso%C5%82a_(Warszawa)">Wesoła</a>), powstanie najnowocześniejsze na świecie Laboratorium Badań Napędów Lotniczych<sup><a href="https://pl.wikipedia.org/wiki/Zielonka_(miasto)#cite_note-4">[4]</a></sup>&nbsp;Polonia Aero<sup><a href="https://pl.wikipedia.org/wiki/Zielonka_(miasto)#cite_note-5">[5]</a></sup>.</p>



<p>W Zielonce powstaje centrum produkcji i licencjonowania rakiet typu ziemia-morze i ziemia-ziemia, 31 maja 2019 roku umowę z wykonawcą podpisały Wojskowe Zakłady Elektroniczne. Jest to inwestycja w ramach projektu utworzenia Nadbrzeżnego Dywizjonu Rakietowego. Inwestycja ma być zakończona na przełomie 2019/2020 roku. Rakiety będą częścią systemu Patriot<sup><a href="https://pl.wikipedia.org/wiki/Zielonka_(miasto)#cite_note-6">[6]</a></sup>.</p>



<p>Ponadto w Zielonce znajdują się:</p>



<ul class="wp-block-list">
<li>3 publiczne przedszkola,</li>



<li>4 publiczne szkoły podstawowe, z czego najnowsza, przekształcona z gimnazjum, posiada nowoczesną, wielofunkcyjną halę widowiskowo-sportową (która jest też boiskiem zespołu <a href="https://pl.wikipedia.org/wiki/MUKS_Zielonka">MUKS Zielonka</a>) i multimedialną salą widowiskowo-konferencyjną,</li>



<li>zespół szkół średnich,</li>



<li>2 <a href="https://pl.wikipedia.org/wiki/Parafia">parafie</a> <a href="https://pl.wikipedia.org/wiki/Ko%C5%9Bci%C3%B3%C5%82_%C5%82aci%C5%84ski">rzymskokatolickie</a>,</li>



<li>kaplica i dom Sióstr Dominikanek Misjonarek,</li>



<li><a href="https://pl.wikipedia.org/wiki/Cmentarz_parafialny_w_Zielonce_(powiat_wo%C5%82omi%C5%84ski)">cmentarz</a>,</li>



<li><a href="https://pl.wikipedia.org/wiki/Samodzielny_publiczny_zak%C5%82ad_opieki_zdrowotnej">Samodzielny Publiczny Zakład Opieki Zdrowotnej</a>,</li>



<li>Ośrodek Kultury i Sportu,</li>



<li>3 filie Miejskiej Biblioteki Publicznej<sup><a href="https://pl.wikipedia.org/wiki/Zielonka_(miasto)#cite_note-7">[7]</a></sup>,</li>



<li>3 banki,</li>



<li><a href="https://pl.wikipedia.org/wiki/Zielonka_(stacja_kolejowa)">stacja kolejowa</a> i <a href="https://pl.wikipedia.org/wiki/Zielonka_Bankowa">przystanek kolejowy</a>,</li>



<li><a href="https://pl.wikipedia.org/wiki/Poligon_w_Zielonce">poligon wojskowy</a> zajmujący ok. 7/8 obszaru gminy. </li>
</ul>



<p><em>Źródło: Wikipedia</em></p>


<div class="wp-block-image">
<figure class="alignleft size-large is-resized"><img loading="lazy" decoding="async" width="1024" height="1024" src="https://powiatwwl.pl/wp-content/uploads/2026/02/pw-2-1024x1024.jpg" alt="" class="wp-image-442" style="width:110px;height:auto" srcset="https://powiatwwl.pl/wp-content/uploads/2026/02/pw-2-1024x1024.jpg 1024w, https://powiatwwl.pl/wp-content/uploads/2026/02/pw-2-300x300.jpg 300w, https://powiatwwl.pl/wp-content/uploads/2026/02/pw-2-150x150.jpg 150w, https://powiatwwl.pl/wp-content/uploads/2026/02/pw-2-768x768.jpg 768w, https://powiatwwl.pl/wp-content/uploads/2026/02/pw-2-80x80.jpg 80w, https://powiatwwl.pl/wp-content/uploads/2026/02/pw-2-320x320.jpg 320w, https://powiatwwl.pl/wp-content/uploads/2026/02/pw-2.jpg 1280w" sizes="auto, (max-width: 1024px) 100vw, 1024px" /></figure>
</div>


<h2 class="wp-block-heading"><strong><a href="http://www.zielonka.pl">ZIELONKA</a></strong></h2>

<p>Zielonka ( Gmina Miejska) – miasto w województwie mazowieckim, w powiecie wołomińskim. Należy do aglomeracji warszawskiej. W latach 1975–1998 administracyjnie należało do województwa warszawskiego. Według danych GUS z 1 stycznia 2024 r. miasto liczyło 18 143 mieszkańców, będąc 30. najludniejszym miastem w województwie[1]. Ośrodek głównie mieszkaniowy i usługowy, choć ze względu na znaczną ilość terenów leśnych oraz pięć&nbsp;glinianek, o łącznej powierzchni wód&#46;&#46;&#46;</p>
