{"id":356,"date":"2026-02-06T09:52:40","date_gmt":"2026-02-06T08:52:40","guid":{"rendered":"http:\/\/powiatwwl.pl\/?page_id=356"},"modified":"2026-02-12T10:48:21","modified_gmt":"2026-02-12T09:48:21","slug":"radzymin","status":"publish","type":"page","link":"https:\/\/powiatwwl.pl\/?page_id=356","title":{"rendered":"RADZYMIN"},"content":{"rendered":"<div class=\"wp-block-image\">\n<figure class=\"alignleft size-full is-resized\"><img loading=\"lazy\" decoding=\"async\" width=\"1024\" height=\"646\" src=\"https:\/\/powiatwwl.pl\/wp-content\/uploads\/2026\/02\/Flaga_Radzymin.jpg\" alt=\"\" class=\"wp-image-819\" style=\"width:111px;height:auto\" srcset=\"https:\/\/powiatwwl.pl\/wp-content\/uploads\/2026\/02\/Flaga_Radzymin.jpg 1024w, https:\/\/powiatwwl.pl\/wp-content\/uploads\/2026\/02\/Flaga_Radzymin-300x189.jpg 300w, https:\/\/powiatwwl.pl\/wp-content\/uploads\/2026\/02\/Flaga_Radzymin-768x485.jpg 768w\" sizes=\"auto, (max-width: 1024px) 100vw, 1024px\" \/><\/figure>\n<\/div>\n\n\n<p><strong>RADZYMIN <em>(Gmina Miejsko-Wiejska<\/em>)&nbsp;<\/strong>\u2013&nbsp;<a href=\"https:\/\/pl.wikipedia.org\/wiki\/Miasto\">miasto<\/a>&nbsp;w&nbsp;<a href=\"https:\/\/pl.wikipedia.org\/wiki\/Polska\">Polsce<\/a>&nbsp;w&nbsp;<a href=\"https:\/\/pl.wikipedia.org\/wiki\/Wojew%C3%B3dztwo_mazowieckie\">wojew\u00f3dztwie mazowieckim<\/a>, w&nbsp;<a href=\"https:\/\/pl.wikipedia.org\/wiki\/Powiat_wo%C5%82omi%C5%84ski\">powiecie wo\u0142omi\u0144skim<\/a>, po\u0142o\u017cone oko\u0142o 10&nbsp;km od&nbsp;<a href=\"https:\/\/pl.wikipedia.org\/wiki\/Wo%C5%82omin\">Wo\u0142omina<\/a>&nbsp;i oko\u0142o 17&nbsp;km od granic&nbsp;<a href=\"https:\/\/pl.wikipedia.org\/wiki\/Warszawa\">Warszawy<\/a>, 25&nbsp;km od jej centrum. Siedziba&nbsp;<a href=\"https:\/\/pl.wikipedia.org\/wiki\/Radzymin_(gmina)\">gminy miejsko-wiejskiej Radzymin<\/a>. Miasto wchodzi w sk\u0142ad&nbsp;<a href=\"https:\/\/pl.wikipedia.org\/wiki\/Aglomeracja_warszawska\">aglomeracji warszawskiej<\/a>.&nbsp;<a href=\"https:\/\/pl.wikipedia.org\/wiki\/Podzia%C5%82_administracyjny_Polski_(1975%E2%80%931998)\">W latach 1975\u20131998<\/a>&nbsp;miasto administracyjnie nale\u017ca\u0142o do&nbsp;<a href=\"https:\/\/pl.wikipedia.org\/wiki\/Wojew%C3%B3dztwo_warszawskie_(1975%E2%80%931998)\">wojew\u00f3dztwa warszawskiego<\/a>. Wed\u0142ug danych&nbsp;<a href=\"https:\/\/pl.wikipedia.org\/wiki\/G%C5%82%C3%B3wny_Urz%C4%85d_Statystyczny\">G\u0142\u00f3wnego Urz\u0119du Statystycznego<\/a>&nbsp;z 2016 miasto liczy\u0142o 12 244 mieszka\u0144c\u00f3w<sup><a href=\"https:\/\/pl.wikipedia.org\/wiki\/Radzymin#cite_note-populacja2016-2\">[2]<\/a><\/sup>.Przywilej lokacyjny nada\u0142 Radzyminowi ksi\u0105\u017c\u0119&nbsp;<a href=\"https:\/\/pl.wikipedia.org\/wiki\/Boles%C5%82aw_IV_warszawski\">Boles\u0142aw IV warszawski<\/a>&nbsp;w 1440 r. Udokumentowane&nbsp;<a href=\"https:\/\/pl.wikipedia.org\/wiki\/Prawa_miejskie\">prawa miejskie<\/a>&nbsp;otrzyma\u0142 Radzymin w 1475 r.13\u201318 sierpnia 1920 w rejonie Radzymina mia\u0142y miejsce decyduj\u0105ce walki&nbsp;<a href=\"https:\/\/pl.wikipedia.org\/wiki\/Bitwa_Warszawska\">Bitwy Warszawskiej<\/a>. W mie\u015bcie znajduje si\u0119 cmentarz \u017co\u0142nierzy polskich poleg\u0142ych w tej bitwie&#8230;.<\/p>\n\n\n\n<p>\u017ar\u00f3d\u0142o:pl.wikipedia.org<\/p>\n\n\n<div class=\"wp-block-image\">\n<figure class=\"aligncenter size-large\"><img loading=\"lazy\" decoding=\"async\" width=\"1024\" height=\"773\" src=\"https:\/\/powiatwwl.pl\/wp-content\/uploads\/2026\/02\/Radzymin_kolegiata-scaled-1-1024x773.jpg\" alt=\"\" class=\"wp-image-820\" srcset=\"https:\/\/powiatwwl.pl\/wp-content\/uploads\/2026\/02\/Radzymin_kolegiata-scaled-1-1024x773.jpg 1024w, https:\/\/powiatwwl.pl\/wp-content\/uploads\/2026\/02\/Radzymin_kolegiata-scaled-1-300x226.jpg 300w, https:\/\/powiatwwl.pl\/wp-content\/uploads\/2026\/02\/Radzymin_kolegiata-scaled-1-768x580.jpg 768w, https:\/\/powiatwwl.pl\/wp-content\/uploads\/2026\/02\/Radzymin_kolegiata-scaled-1-1536x1159.jpg 1536w, https:\/\/powiatwwl.pl\/wp-content\/uploads\/2026\/02\/Radzymin_kolegiata-scaled-1-2048x1546.jpg 2048w\" sizes=\"auto, (max-width: 1024px) 100vw, 1024px\" \/><\/figure>\n<\/div>\n\n\n<p><em>Foto \u017ar\u00f3d\u0142o:g\u0142osseniora.pl<\/em><\/p>\n\n\n\n<h2 class=\"wp-block-heading\"><\/h2>\n\n\n<div class=\"wp-block-image\">\n<figure class=\"alignleft size-large is-resized\"><img loading=\"lazy\" decoding=\"async\" width=\"1024\" height=\"1024\" src=\"https:\/\/powiatwwl.pl\/wp-content\/uploads\/2026\/02\/pw-2-1024x1024.jpg\" alt=\"\" class=\"wp-image-442\" style=\"width:109px;height:auto\" srcset=\"https:\/\/powiatwwl.pl\/wp-content\/uploads\/2026\/02\/pw-2-1024x1024.jpg 1024w, https:\/\/powiatwwl.pl\/wp-content\/uploads\/2026\/02\/pw-2-300x300.jpg 300w, https:\/\/powiatwwl.pl\/wp-content\/uploads\/2026\/02\/pw-2-150x150.jpg 150w, https:\/\/powiatwwl.pl\/wp-content\/uploads\/2026\/02\/pw-2-768x768.jpg 768w, https:\/\/powiatwwl.pl\/wp-content\/uploads\/2026\/02\/pw-2-80x80.jpg 80w, https:\/\/powiatwwl.pl\/wp-content\/uploads\/2026\/02\/pw-2-320x320.jpg 320w, https:\/\/powiatwwl.pl\/wp-content\/uploads\/2026\/02\/pw-2.jpg 1280w\" sizes=\"auto, (max-width: 1024px) 100vw, 1024px\" \/><\/figure>\n<\/div>\n\n\n<h2 class=\"wp-block-heading\"><strong><a href=\"http:\/\/www.radzymin.pl\">RADZYMIN<\/a><\/strong><\/h2>\n\n\n\n<p><\/p>\n","protected":false},"excerpt":{"rendered":"<p>RADZYMIN (Gmina Miejsko-Wiejska)&nbsp;\u2013&nbsp;miasto&nbsp;w&nbsp;Polsce&nbsp;w&nbsp;wojew\u00f3dztwie mazowieckim, w&nbsp;powiecie wo\u0142omi\u0144skim, po\u0142o\u017cone oko\u0142o 10&nbsp;km od&nbsp;Wo\u0142omina&nbsp;i oko\u0142o 17&nbsp;km od granic&nbsp;Warszawy, 25&nbsp;km od jej centrum. Siedziba&nbsp;gminy miejsko-wiejskiej Radzymin. Miasto wchodzi w sk\u0142ad&nbsp;aglomeracji warszawskiej.&nbsp;W latach 1975\u20131998&nbsp;miasto administracyjnie nale\u017ca\u0142o do&nbsp;wojew\u00f3dztwa warszawskiego. Wed\u0142ug danych&nbsp;G\u0142\u00f3wnego Urz\u0119du Statystycznego&nbsp;z 2016 miasto liczy\u0142o 12 244 mieszka\u0144c\u00f3w[2].Przywilej lokacyjny nada\u0142 Radzyminowi ksi\u0105\u017c\u0119&nbsp;Boles\u0142aw IV warszawski&nbsp;w 1440 r.&#46;&#46;&#46;<\/p>\n","protected":false},"author":1,"featured_media":0,"parent":0,"menu_order":0,"comment_status":"closed","ping_status":"closed","template":"","meta":{"footnotes":""},"class_list":["post-356","page","type-page","status-publish","hentry"],"_links":{"self":[{"href":"https:\/\/powiatwwl.pl\/index.php?rest_route=\/wp\/v2\/pages\/356","targetHints":{"allow":["GET"]}}],"collection":[{"href":"https:\/\/powiatwwl.pl\/index.php?rest_route=\/wp\/v2\/pages"}],"about":[{"href":"https:\/\/powiatwwl.pl\/index.php?rest_route=\/wp\/v2\/types\/page"}],"author":[{"embeddable":true,"href":"https:\/\/powiatwwl.pl\/index.php?rest_route=\/wp\/v2\/users\/1"}],"replies":[{"embeddable":true,"href":"https:\/\/powiatwwl.pl\/index.php?rest_route=%2Fwp%2Fv2%2Fcomments&post=356"}],"version-history":[{"count":4,"href":"https:\/\/powiatwwl.pl\/index.php?rest_route=\/wp\/v2\/pages\/356\/revisions"}],"predecessor-version":[{"id":823,"href":"https:\/\/powiatwwl.pl\/index.php?rest_route=\/wp\/v2\/pages\/356\/revisions\/823"}],"wp:attachment":[{"href":"https:\/\/powiatwwl.pl\/index.php?rest_route=%2Fwp%2Fv2%2Fmedia&parent=356"}],"curies":[{"name":"wp","href":"https:\/\/api.w.org\/{rel}","templated":true}]}}

<div class="wp-block-image">
<figure class="alignleft size-full is-resized"><img loading="lazy" decoding="async" width="1024" height="646" src="https://powiatwwl.pl/wp-content/uploads/2026/02/Flaga_Radzymin.jpg" alt="" class="wp-image-819" style="width:111px;height:auto" srcset="https://powiatwwl.pl/wp-content/uploads/2026/02/Flaga_Radzymin.jpg 1024w, https://powiatwwl.pl/wp-content/uploads/2026/02/Flaga_Radzymin-300x189.jpg 300w, https://powiatwwl.pl/wp-content/uploads/2026/02/Flaga_Radzymin-768x485.jpg 768w" sizes="auto, (max-width: 1024px) 100vw, 1024px" /></figure>
</div>


<p><strong>RADZYMIN <em>(Gmina Miejsko-Wiejska</em>)&nbsp;</strong>–&nbsp;<a href="https://pl.wikipedia.org/wiki/Miasto">miasto</a>&nbsp;w&nbsp;<a href="https://pl.wikipedia.org/wiki/Polska">Polsce</a>&nbsp;w&nbsp;<a href="https://pl.wikipedia.org/wiki/Wojew%C3%B3dztwo_mazowieckie">województwie mazowieckim</a>, w&nbsp;<a href="https://pl.wikipedia.org/wiki/Powiat_wo%C5%82omi%C5%84ski">powiecie wołomińskim</a>, położone około 10&nbsp;km od&nbsp;<a href="https://pl.wikipedia.org/wiki/Wo%C5%82omin">Wołomina</a>&nbsp;i około 17&nbsp;km od granic&nbsp;<a href="https://pl.wikipedia.org/wiki/Warszawa">Warszawy</a>, 25&nbsp;km od jej centrum. Siedziba&nbsp;<a href="https://pl.wikipedia.org/wiki/Radzymin_(gmina)">gminy miejsko-wiejskiej Radzymin</a>. Miasto wchodzi w skład&nbsp;<a href="https://pl.wikipedia.org/wiki/Aglomeracja_warszawska">aglomeracji warszawskiej</a>.&nbsp;<a href="https://pl.wikipedia.org/wiki/Podzia%C5%82_administracyjny_Polski_(1975%E2%80%931998)">W latach 1975–1998</a>&nbsp;miasto administracyjnie należało do&nbsp;<a href="https://pl.wikipedia.org/wiki/Wojew%C3%B3dztwo_warszawskie_(1975%E2%80%931998)">województwa warszawskiego</a>. Według danych&nbsp;<a href="https://pl.wikipedia.org/wiki/G%C5%82%C3%B3wny_Urz%C4%85d_Statystyczny">Głównego Urzędu Statystycznego</a>&nbsp;z 2016 miasto liczyło 12 244 mieszkańców<sup><a href="https://pl.wikipedia.org/wiki/Radzymin#cite_note-populacja2016-2">[2]</a></sup>.Przywilej lokacyjny nadał Radzyminowi książę&nbsp;<a href="https://pl.wikipedia.org/wiki/Boles%C5%82aw_IV_warszawski">Bolesław IV warszawski</a>&nbsp;w 1440 r. Udokumentowane&nbsp;<a href="https://pl.wikipedia.org/wiki/Prawa_miejskie">prawa miejskie</a>&nbsp;otrzymał Radzymin w 1475 r.13–18 sierpnia 1920 w rejonie Radzymina miały miejsce decydujące walki&nbsp;<a href="https://pl.wikipedia.org/wiki/Bitwa_Warszawska">Bitwy Warszawskiej</a>. W mieście znajduje się cmentarz żołnierzy polskich poległych w tej bitwie&#8230;.</p>



<p>źródło:pl.wikipedia.org</p>


<div class="wp-block-image">
<figure class="aligncenter size-large"><img loading="lazy" decoding="async" width="1024" height="773" src="https://powiatwwl.pl/wp-content/uploads/2026/02/Radzymin_kolegiata-scaled-1-1024x773.jpg" alt="" class="wp-image-820" srcset="https://powiatwwl.pl/wp-content/uploads/2026/02/Radzymin_kolegiata-scaled-1-1024x773.jpg 1024w, https://powiatwwl.pl/wp-content/uploads/2026/02/Radzymin_kolegiata-scaled-1-300x226.jpg 300w, https://powiatwwl.pl/wp-content/uploads/2026/02/Radzymin_kolegiata-scaled-1-768x580.jpg 768w, https://powiatwwl.pl/wp-content/uploads/2026/02/Radzymin_kolegiata-scaled-1-1536x1159.jpg 1536w, https://powiatwwl.pl/wp-content/uploads/2026/02/Radzymin_kolegiata-scaled-1-2048x1546.jpg 2048w" sizes="auto, (max-width: 1024px) 100vw, 1024px" /></figure>
</div>


<p><em>Foto źródło:głosseniora.pl</em></p>



<h2 class="wp-block-heading"></h2>


<div class="wp-block-image">
<figure class="alignleft size-large is-resized"><img loading="lazy" decoding="async" width="1024" height="1024" src="https://powiatwwl.pl/wp-content/uploads/2026/02/pw-2-1024x1024.jpg" alt="" class="wp-image-442" style="width:109px;height:auto" srcset="https://powiatwwl.pl/wp-content/uploads/2026/02/pw-2-1024x1024.jpg 1024w, https://powiatwwl.pl/wp-content/uploads/2026/02/pw-2-300x300.jpg 300w, https://powiatwwl.pl/wp-content/uploads/2026/02/pw-2-150x150.jpg 150w, https://powiatwwl.pl/wp-content/uploads/2026/02/pw-2-768x768.jpg 768w, https://powiatwwl.pl/wp-content/uploads/2026/02/pw-2-80x80.jpg 80w, https://powiatwwl.pl/wp-content/uploads/2026/02/pw-2-320x320.jpg 320w, https://powiatwwl.pl/wp-content/uploads/2026/02/pw-2.jpg 1280w" sizes="auto, (max-width: 1024px) 100vw, 1024px" /></figure>
</div>


<h2 class="wp-block-heading"><strong><a href="http://www.radzymin.pl">RADZYMIN</a></strong></h2>



<p></p>

<p>RADZYMIN (Gmina Miejsko-Wiejska)&nbsp;–&nbsp;miasto&nbsp;w&nbsp;Polsce&nbsp;w&nbsp;województwie mazowieckim, w&nbsp;powiecie wołomińskim, położone około 10&nbsp;km od&nbsp;Wołomina&nbsp;i około 17&nbsp;km od granic&nbsp;Warszawy, 25&nbsp;km od jej centrum. Siedziba&nbsp;gminy miejsko-wiejskiej Radzymin. Miasto wchodzi w skład&nbsp;aglomeracji warszawskiej.&nbsp;W latach 1975–1998&nbsp;miasto administracyjnie należało do&nbsp;województwa warszawskiego. Według danych&nbsp;Głównego Urzędu Statystycznego&nbsp;z 2016 miasto liczyło 12 244 mieszkańców[2].Przywilej lokacyjny nadał Radzyminowi książę&nbsp;Bolesław IV warszawski&nbsp;w 1440 r.&#46;&#46;&#46;</p>
