{"id":365,"date":"2026-02-06T09:54:41","date_gmt":"2026-02-06T08:54:41","guid":{"rendered":"http:\/\/powiatwwl.pl\/?page_id=365"},"modified":"2026-02-13T10:15:44","modified_gmt":"2026-02-13T09:15:44","slug":"poswietne","status":"publish","type":"page","link":"https:\/\/powiatwwl.pl\/?page_id=365","title":{"rendered":"PO\u015aWI\u0118TNE"},"content":{"rendered":"<div class=\"wp-block-image\">\n<figure class=\"alignleft size-full is-resized\"><img loading=\"lazy\" decoding=\"async\" width=\"216\" height=\"233\" src=\"https:\/\/powiatwwl.pl\/wp-content\/uploads\/2026\/02\/download.jpg\" alt=\"\" class=\"wp-image-813\" style=\"width:75px;height:auto\"\/><\/figure>\n<\/div>\n\n\n<p><strong>PO\u015aWI\u0118TNE<\/strong> <strong><em>(Gmina Wiejska)<\/em><\/strong> po\u0142o\u017cona jest w wojew\u00f3dztwie mazowieckim, powiecie wo\u0142omi\u0144skim. Gmin\u0119 tworzy 28 so\u0142ectw o \u0142\u0105cznej powierzchni 10 425 ha. Zamieszkuje tu oko\u0142o 6 000 os\u00f3b. Wed\u0142ug danych z roku 2002, gmina Po\u015bwi\u0119tne ma obszar 106,26 km2, w tym:<\/p>\n\n\n\n<ul class=\"wp-block-list\">\n<li>u\u017cytki rolne: 74%<\/li>\n\n\n\n<li>u\u017cytki le\u015bne: 19%<\/li>\n<\/ul>\n\n\n<div class=\"wp-block-image\">\n<figure class=\"alignright size-full\"><img loading=\"lazy\" decoding=\"async\" width=\"300\" height=\"168\" src=\"https:\/\/powiatwwl.pl\/wp-content\/uploads\/2026\/02\/images-2.jpg\" alt=\"\" class=\"wp-image-814\"\/><\/figure>\n<\/div>\n\n\n<p>Gmina stanowi 11,12% powierzchni powiatu. <strong>So\u0142ectwa:<\/strong> Choiny, Cyg\u00f3w, Czubajowizna, D\u0105browica, Helen\u00f3w, Jadwiniew, J\u00f3zefin, Kielczykowizna, Kolno, Krubki-G\u00f3rki, Laskowizna, Ma\u0142k\u00f3w, Mi\u0119dzyle\u015b, Mi\u0119dzypole, Nadbiel, Nowe R\u0119czaje, Nowy Cyg\u00f3w, Ostrowik, Po\u015bwi\u0119tne, R\u0119czaje Polskie, Rojk\u00f3w, Str\u00f3\u017cki, Trzcinka, Turze, Wola Cygowska, Wola R\u0119czajska, W\u00f3lka D\u0105browicka, Zabraniec&#8230;<\/p>\n\n\n<div class=\"wp-block-image\">\n<figure class=\"aligncenter size-large is-resized\"><img loading=\"lazy\" decoding=\"async\" width=\"1024\" height=\"683\" src=\"https:\/\/powiatwwl.pl\/wp-content\/uploads\/2026\/02\/7cdbac757d48f1d84f1f0eb02b76c60a-1024x683.jpg\" alt=\"\" class=\"wp-image-812\" style=\"width:757px;height:auto\" srcset=\"https:\/\/powiatwwl.pl\/wp-content\/uploads\/2026\/02\/7cdbac757d48f1d84f1f0eb02b76c60a-1024x683.jpg 1024w, https:\/\/powiatwwl.pl\/wp-content\/uploads\/2026\/02\/7cdbac757d48f1d84f1f0eb02b76c60a-300x200.jpg 300w, https:\/\/powiatwwl.pl\/wp-content\/uploads\/2026\/02\/7cdbac757d48f1d84f1f0eb02b76c60a-768x512.jpg 768w, https:\/\/powiatwwl.pl\/wp-content\/uploads\/2026\/02\/7cdbac757d48f1d84f1f0eb02b76c60a-1536x1025.jpg 1536w, https:\/\/powiatwwl.pl\/wp-content\/uploads\/2026\/02\/7cdbac757d48f1d84f1f0eb02b76c60a.jpg 1800w\" sizes=\"auto, (max-width: 1024px) 100vw, 1024px\" \/><\/figure>\n<\/div>\n\n\n<p><em>\u0179r\u00f3d\u0142o: gminaposwietne.pl &nbsp;<\/em><\/p>\n\n\n<div class=\"wp-block-image\">\n<figure class=\"alignleft size-large is-resized\"><img loading=\"lazy\" decoding=\"async\" width=\"1024\" height=\"1024\" src=\"https:\/\/powiatwwl.pl\/wp-content\/uploads\/2026\/02\/pw-2-1024x1024.jpg\" alt=\"\" class=\"wp-image-442\" style=\"width:111px;height:auto\" srcset=\"https:\/\/powiatwwl.pl\/wp-content\/uploads\/2026\/02\/pw-2-1024x1024.jpg 1024w, https:\/\/powiatwwl.pl\/wp-content\/uploads\/2026\/02\/pw-2-300x300.jpg 300w, https:\/\/powiatwwl.pl\/wp-content\/uploads\/2026\/02\/pw-2-150x150.jpg 150w, https:\/\/powiatwwl.pl\/wp-content\/uploads\/2026\/02\/pw-2-768x768.jpg 768w, https:\/\/powiatwwl.pl\/wp-content\/uploads\/2026\/02\/pw-2-80x80.jpg 80w, https:\/\/powiatwwl.pl\/wp-content\/uploads\/2026\/02\/pw-2-320x320.jpg 320w, https:\/\/powiatwwl.pl\/wp-content\/uploads\/2026\/02\/pw-2.jpg 1280w\" sizes=\"auto, (max-width: 1024px) 100vw, 1024px\" \/><\/figure>\n<\/div>\n\n\n<h2 class=\"wp-block-heading\"><strong><a href=\"http:\/\/www.gminaposwietne.pl\">PO\u015aWI\u0118TNE<\/a><\/strong><\/h2>\n\n\n\n<p><\/p>\n","protected":false},"excerpt":{"rendered":"<p>PO\u015aWI\u0118TNE (Gmina Wiejska) po\u0142o\u017cona jest w wojew\u00f3dztwie mazowieckim, powiecie wo\u0142omi\u0144skim. Gmin\u0119 tworzy 28 so\u0142ectw o \u0142\u0105cznej powierzchni 10 425 ha. Zamieszkuje tu oko\u0142o 6 000 os\u00f3b. Wed\u0142ug danych z roku 2002, gmina Po\u015bwi\u0119tne ma obszar 106,26 km2, w tym: Gmina stanowi 11,12% powierzchni powiatu. So\u0142ectwa: Choiny, Cyg\u00f3w, Czubajowizna, D\u0105browica, Helen\u00f3w,&#46;&#46;&#46;<\/p>\n","protected":false},"author":1,"featured_media":0,"parent":0,"menu_order":0,"comment_status":"closed","ping_status":"closed","template":"","meta":{"footnotes":""},"class_list":["post-365","page","type-page","status-publish","hentry"],"_links":{"self":[{"href":"https:\/\/powiatwwl.pl\/index.php?rest_route=\/wp\/v2\/pages\/365","targetHints":{"allow":["GET"]}}],"collection":[{"href":"https:\/\/powiatwwl.pl\/index.php?rest_route=\/wp\/v2\/pages"}],"about":[{"href":"https:\/\/powiatwwl.pl\/index.php?rest_route=\/wp\/v2\/types\/page"}],"author":[{"embeddable":true,"href":"https:\/\/powiatwwl.pl\/index.php?rest_route=\/wp\/v2\/users\/1"}],"replies":[{"embeddable":true,"href":"https:\/\/powiatwwl.pl\/index.php?rest_route=%2Fwp%2Fv2%2Fcomments&post=365"}],"version-history":[{"count":4,"href":"https:\/\/powiatwwl.pl\/index.php?rest_route=\/wp\/v2\/pages\/365\/revisions"}],"predecessor-version":[{"id":863,"href":"https:\/\/powiatwwl.pl\/index.php?rest_route=\/wp\/v2\/pages\/365\/revisions\/863"}],"wp:attachment":[{"href":"https:\/\/powiatwwl.pl\/index.php?rest_route=%2Fwp%2Fv2%2Fmedia&parent=365"}],"curies":[{"name":"wp","href":"https:\/\/api.w.org\/{rel}","templated":true}]}}

POŚWIĘTNE

<div class="wp-block-image">
<figure class="alignleft size-full is-resized"><img loading="lazy" decoding="async" width="216" height="233" src="https://powiatwwl.pl/wp-content/uploads/2026/02/download.jpg" alt="" class="wp-image-813" style="width:75px;height:auto"/></figure>
</div>


<p><strong>POŚWIĘTNE</strong> <strong><em>(Gmina Wiejska)</em></strong> położona jest w województwie mazowieckim, powiecie wołomińskim. Gminę tworzy 28 sołectw o łącznej powierzchni 10 425 ha. Zamieszkuje tu około 6 000 osób. Według danych z roku 2002, gmina Poświętne ma obszar 106,26 km2, w tym:</p>



<ul class="wp-block-list">
<li>użytki rolne: 74%</li>



<li>użytki leśne: 19%</li>
</ul>


<div class="wp-block-image">
<figure class="alignright size-full"><img loading="lazy" decoding="async" width="300" height="168" src="https://powiatwwl.pl/wp-content/uploads/2026/02/images-2.jpg" alt="" class="wp-image-814"/></figure>
</div>


<p>Gmina stanowi 11,12% powierzchni powiatu. <strong>Sołectwa:</strong> Choiny, Cygów, Czubajowizna, Dąbrowica, Helenów, Jadwiniew, Józefin, Kielczykowizna, Kolno, Krubki-Górki, Laskowizna, Małków, Międzyleś, Międzypole, Nadbiel, Nowe Ręczaje, Nowy Cygów, Ostrowik, Poświętne, Ręczaje Polskie, Rojków, Stróżki, Trzcinka, Turze, Wola Cygowska, Wola Ręczajska, Wólka Dąbrowicka, Zabraniec&#8230;</p>


<div class="wp-block-image">
<figure class="aligncenter size-large is-resized"><img loading="lazy" decoding="async" width="1024" height="683" src="https://powiatwwl.pl/wp-content/uploads/2026/02/7cdbac757d48f1d84f1f0eb02b76c60a-1024x683.jpg" alt="" class="wp-image-812" style="width:757px;height:auto" srcset="https://powiatwwl.pl/wp-content/uploads/2026/02/7cdbac757d48f1d84f1f0eb02b76c60a-1024x683.jpg 1024w, https://powiatwwl.pl/wp-content/uploads/2026/02/7cdbac757d48f1d84f1f0eb02b76c60a-300x200.jpg 300w, https://powiatwwl.pl/wp-content/uploads/2026/02/7cdbac757d48f1d84f1f0eb02b76c60a-768x512.jpg 768w, https://powiatwwl.pl/wp-content/uploads/2026/02/7cdbac757d48f1d84f1f0eb02b76c60a-1536x1025.jpg 1536w, https://powiatwwl.pl/wp-content/uploads/2026/02/7cdbac757d48f1d84f1f0eb02b76c60a.jpg 1800w" sizes="auto, (max-width: 1024px) 100vw, 1024px" /></figure>
</div>


<p><em>Źródło: gminaposwietne.pl &nbsp;</em></p>


<div class="wp-block-image">
<figure class="alignleft size-large is-resized"><img loading="lazy" decoding="async" width="1024" height="1024" src="https://powiatwwl.pl/wp-content/uploads/2026/02/pw-2-1024x1024.jpg" alt="" class="wp-image-442" style="width:111px;height:auto" srcset="https://powiatwwl.pl/wp-content/uploads/2026/02/pw-2-1024x1024.jpg 1024w, https://powiatwwl.pl/wp-content/uploads/2026/02/pw-2-300x300.jpg 300w, https://powiatwwl.pl/wp-content/uploads/2026/02/pw-2-150x150.jpg 150w, https://powiatwwl.pl/wp-content/uploads/2026/02/pw-2-768x768.jpg 768w, https://powiatwwl.pl/wp-content/uploads/2026/02/pw-2-80x80.jpg 80w, https://powiatwwl.pl/wp-content/uploads/2026/02/pw-2-320x320.jpg 320w, https://powiatwwl.pl/wp-content/uploads/2026/02/pw-2.jpg 1280w" sizes="auto, (max-width: 1024px) 100vw, 1024px" /></figure>
</div>


<h2 class="wp-block-heading"><strong><a href="http://www.gminaposwietne.pl">POŚWIĘTNE</a></strong></h2>



<p></p>

<p>POŚWIĘTNE (Gmina Wiejska) położona jest w województwie mazowieckim, powiecie wołomińskim. Gminę tworzy 28 sołectw o łącznej powierzchni 10 425 ha. Zamieszkuje tu około 6 000 osób. Według danych z roku 2002, gmina Poświętne ma obszar 106,26 km2, w tym: Gmina stanowi 11,12% powierzchni powiatu. Sołectwa: Choiny, Cygów, Czubajowizna, Dąbrowica, Helenów,&#46;&#46;&#46;</p>
