{"id":367,"date":"2026-02-06T09:55:14","date_gmt":"2026-02-06T08:55:14","guid":{"rendered":"http:\/\/powiatwwl.pl\/?page_id=367"},"modified":"2026-02-13T10:16:10","modified_gmt":"2026-02-13T09:16:10","slug":"strachowka","status":"publish","type":"page","link":"https:\/\/powiatwwl.pl\/?page_id=367","title":{"rendered":"STRACH\u00d3WKA"},"content":{"rendered":"\n<p><strong>STRACH\u00d3WKA <em>(Gmina Wiejska)<\/em><\/strong><\/p>\n\n\n<div class=\"wp-block-image\">\n<figure class=\"alignleft size-full is-resized\"><img loading=\"lazy\" decoding=\"async\" width=\"230\" height=\"219\" src=\"https:\/\/powiatwwl.pl\/wp-content\/uploads\/2026\/02\/images-3.jpg\" alt=\"\" class=\"wp-image-841\" style=\"width:167px;height:auto\"\/><\/figure>\n<\/div>\n\n\n<p>Ekologiczny, czysty teren, \u017ceremia bobr\u00f3w, \u0142osie, sarny, bociany, pomniki przyrody, rozwijaj\u0105ca si\u0119 agroturystyka, pomnik bohater\u00f3w Powstania Styczniowego w Boruczy i K\u0105tach Wielgich,&nbsp; to tylko niekt\u00f3re atrakcje tego terenu.<br>Mieszkaj\u0105 tu wspaniali, go\u015bcinni, niezwykle uczynni&nbsp; ludzie. Pr\u0119\u017cnie dzia\u0142aj\u0105 dwa Ko\u0142a Gospody\u0144 Wiejskich w miejscowo\u015bci R\u00f3wne i Strach\u00f3wka, gdzie kultywowane s\u0105 tradycje kulinarne i regionalne. Panie s\u0105 niezwykle uzdolnione wokalnie i artystycznie. Ich dzie\u0142a pocz\u0105wszy od prawdziwego wiejskiego chleba, ciast dro\u017cd\u017cowych czy pierog\u00f3w do pi\u0119knych wyhaftowanych serwetek i obraz\u00f3w s\u0105 znane i doceniane w regionie.<br>W Strach\u00f3wce prawie 200 lat temu poznali si\u0119 rodzice Cypriana Kamila Norwida i tutaj \u2013 w&nbsp; dworze prababki poety, Hilarii Sobieskiej &#8211; zamieszkali po \u015blubie. Tutaj przyszli na \u015bwiat brat i siostra Poety. Prawdopodobnie tutaj mi\u0142o\u015b\u0107 Ludwiki i Jana Norwid\u00f3w da\u0142a pocz\u0105tek \u017cyciu \u201ejednemu z najwi\u0119kszych chrze\u015bcija\u0144skich my\u015blicieli Europy\u201d \u2013 jak Cypriana Norwida nazwa\u0142 jego wielki mi\u0142o\u015bnik Papie\u017c Jan Pawe\u0142 II.<\/p>\n\n\n<div class=\"wp-block-image\">\n<figure class=\"aligncenter size-full\"><img loading=\"lazy\" decoding=\"async\" width=\"960\" height=\"720\" src=\"https:\/\/powiatwwl.pl\/wp-content\/uploads\/2026\/02\/18_39_34_20240228122511_.jpg\" alt=\"\" class=\"wp-image-842\" srcset=\"https:\/\/powiatwwl.pl\/wp-content\/uploads\/2026\/02\/18_39_34_20240228122511_.jpg 960w, https:\/\/powiatwwl.pl\/wp-content\/uploads\/2026\/02\/18_39_34_20240228122511_-300x225.jpg 300w, https:\/\/powiatwwl.pl\/wp-content\/uploads\/2026\/02\/18_39_34_20240228122511_-768x576.jpg 768w\" sizes=\"auto, (max-width: 960px) 100vw, 960px\" \/><\/figure>\n<\/div>\n\n\n<p><em>\u0179r\u00f3d\u0142o:strachowka.org<\/em><\/p>\n\n\n<div class=\"wp-block-image\">\n<figure class=\"alignleft size-large is-resized\"><img loading=\"lazy\" decoding=\"async\" width=\"1024\" height=\"1024\" src=\"https:\/\/powiatwwl.pl\/wp-content\/uploads\/2026\/02\/pw-2-1024x1024.jpg\" alt=\"\" class=\"wp-image-442\" style=\"width:112px;height:auto\" srcset=\"https:\/\/powiatwwl.pl\/wp-content\/uploads\/2026\/02\/pw-2-1024x1024.jpg 1024w, https:\/\/powiatwwl.pl\/wp-content\/uploads\/2026\/02\/pw-2-300x300.jpg 300w, https:\/\/powiatwwl.pl\/wp-content\/uploads\/2026\/02\/pw-2-150x150.jpg 150w, https:\/\/powiatwwl.pl\/wp-content\/uploads\/2026\/02\/pw-2-768x768.jpg 768w, https:\/\/powiatwwl.pl\/wp-content\/uploads\/2026\/02\/pw-2-80x80.jpg 80w, https:\/\/powiatwwl.pl\/wp-content\/uploads\/2026\/02\/pw-2-320x320.jpg 320w, https:\/\/powiatwwl.pl\/wp-content\/uploads\/2026\/02\/pw-2.jpg 1280w\" sizes=\"auto, (max-width: 1024px) 100vw, 1024px\" \/><\/figure>\n<\/div>\n\n\n<h2 class=\"wp-block-heading\"><strong><a href=\"http:\/\/www.strachowka.org\">STRACH\u00d3WKA<\/a><\/strong><\/h2>\n\n\n\n<p><\/p>\n","protected":false},"excerpt":{"rendered":"<p>STRACH\u00d3WKA (Gmina Wiejska) Ekologiczny, czysty teren, \u017ceremia bobr\u00f3w, \u0142osie, sarny, bociany, pomniki przyrody, rozwijaj\u0105ca si\u0119 agroturystyka, pomnik bohater\u00f3w Powstania Styczniowego w Boruczy i K\u0105tach Wielgich,&nbsp; to tylko niekt\u00f3re atrakcje tego terenu.Mieszkaj\u0105 tu wspaniali, go\u015bcinni, niezwykle uczynni&nbsp; ludzie. Pr\u0119\u017cnie dzia\u0142aj\u0105 dwa Ko\u0142a Gospody\u0144 Wiejskich w miejscowo\u015bci R\u00f3wne i Strach\u00f3wka, gdzie kultywowane&#46;&#46;&#46;<\/p>\n","protected":false},"author":1,"featured_media":0,"parent":0,"menu_order":0,"comment_status":"closed","ping_status":"closed","template":"","meta":{"footnotes":""},"class_list":["post-367","page","type-page","status-publish","hentry"],"_links":{"self":[{"href":"https:\/\/powiatwwl.pl\/index.php?rest_route=\/wp\/v2\/pages\/367","targetHints":{"allow":["GET"]}}],"collection":[{"href":"https:\/\/powiatwwl.pl\/index.php?rest_route=\/wp\/v2\/pages"}],"about":[{"href":"https:\/\/powiatwwl.pl\/index.php?rest_route=\/wp\/v2\/types\/page"}],"author":[{"embeddable":true,"href":"https:\/\/powiatwwl.pl\/index.php?rest_route=\/wp\/v2\/users\/1"}],"replies":[{"embeddable":true,"href":"https:\/\/powiatwwl.pl\/index.php?rest_route=%2Fwp%2Fv2%2Fcomments&post=367"}],"version-history":[{"count":3,"href":"https:\/\/powiatwwl.pl\/index.php?rest_route=\/wp\/v2\/pages\/367\/revisions"}],"predecessor-version":[{"id":864,"href":"https:\/\/powiatwwl.pl\/index.php?rest_route=\/wp\/v2\/pages\/367\/revisions\/864"}],"wp:attachment":[{"href":"https:\/\/powiatwwl.pl\/index.php?rest_route=%2Fwp%2Fv2%2Fmedia&parent=367"}],"curies":[{"name":"wp","href":"https:\/\/api.w.org\/{rel}","templated":true}]}}

STRACHÓWKA

<p><strong>STRACHÓWKA <em>(Gmina Wiejska)</em></strong></p>


<div class="wp-block-image">
<figure class="alignleft size-full is-resized"><img loading="lazy" decoding="async" width="230" height="219" src="https://powiatwwl.pl/wp-content/uploads/2026/02/images-3.jpg" alt="" class="wp-image-841" style="width:167px;height:auto"/></figure>
</div>


<p>Ekologiczny, czysty teren, żeremia bobrów, łosie, sarny, bociany, pomniki przyrody, rozwijająca się agroturystyka, pomnik bohaterów Powstania Styczniowego w Boruczy i Kątach Wielgich,&nbsp; to tylko niektóre atrakcje tego terenu.<br>Mieszkają tu wspaniali, gościnni, niezwykle uczynni&nbsp; ludzie. Prężnie działają dwa Koła Gospodyń Wiejskich w miejscowości Równe i Strachówka, gdzie kultywowane są tradycje kulinarne i regionalne. Panie są niezwykle uzdolnione wokalnie i artystycznie. Ich dzieła począwszy od prawdziwego wiejskiego chleba, ciast drożdżowych czy pierogów do pięknych wyhaftowanych serwetek i obrazów są znane i doceniane w regionie.<br>W Strachówce prawie 200 lat temu poznali się rodzice Cypriana Kamila Norwida i tutaj – w&nbsp; dworze prababki poety, Hilarii Sobieskiej &#8211; zamieszkali po ślubie. Tutaj przyszli na świat brat i siostra Poety. Prawdopodobnie tutaj miłość Ludwiki i Jana Norwidów dała początek życiu „jednemu z największych chrześcijańskich myślicieli Europy” – jak Cypriana Norwida nazwał jego wielki miłośnik Papież Jan Paweł II.</p>


<div class="wp-block-image">
<figure class="aligncenter size-full"><img loading="lazy" decoding="async" width="960" height="720" src="https://powiatwwl.pl/wp-content/uploads/2026/02/18_39_34_20240228122511_.jpg" alt="" class="wp-image-842" srcset="https://powiatwwl.pl/wp-content/uploads/2026/02/18_39_34_20240228122511_.jpg 960w, https://powiatwwl.pl/wp-content/uploads/2026/02/18_39_34_20240228122511_-300x225.jpg 300w, https://powiatwwl.pl/wp-content/uploads/2026/02/18_39_34_20240228122511_-768x576.jpg 768w" sizes="auto, (max-width: 960px) 100vw, 960px" /></figure>
</div>


<p><em>Źródło:strachowka.org</em></p>


<div class="wp-block-image">
<figure class="alignleft size-large is-resized"><img loading="lazy" decoding="async" width="1024" height="1024" src="https://powiatwwl.pl/wp-content/uploads/2026/02/pw-2-1024x1024.jpg" alt="" class="wp-image-442" style="width:112px;height:auto" srcset="https://powiatwwl.pl/wp-content/uploads/2026/02/pw-2-1024x1024.jpg 1024w, https://powiatwwl.pl/wp-content/uploads/2026/02/pw-2-300x300.jpg 300w, https://powiatwwl.pl/wp-content/uploads/2026/02/pw-2-150x150.jpg 150w, https://powiatwwl.pl/wp-content/uploads/2026/02/pw-2-768x768.jpg 768w, https://powiatwwl.pl/wp-content/uploads/2026/02/pw-2-80x80.jpg 80w, https://powiatwwl.pl/wp-content/uploads/2026/02/pw-2-320x320.jpg 320w, https://powiatwwl.pl/wp-content/uploads/2026/02/pw-2.jpg 1280w" sizes="auto, (max-width: 1024px) 100vw, 1024px" /></figure>
</div>


<h2 class="wp-block-heading"><strong><a href="http://www.strachowka.org">STRACHÓWKA</a></strong></h2>



<p></p>

<p>STRACHÓWKA (Gmina Wiejska) Ekologiczny, czysty teren, żeremia bobrów, łosie, sarny, bociany, pomniki przyrody, rozwijająca się agroturystyka, pomnik bohaterów Powstania Styczniowego w Boruczy i Kątach Wielgich,&nbsp; to tylko niektóre atrakcje tego terenu.Mieszkają tu wspaniali, gościnni, niezwykle uczynni&nbsp; ludzie. Prężnie działają dwa Koła Gospodyń Wiejskich w miejscowości Równe i Strachówka, gdzie kultywowane&#46;&#46;&#46;</p>
