{"id":70,"date":"2026-02-05T10:40:37","date_gmt":"2026-02-05T09:40:37","guid":{"rendered":"http:\/\/powiatwwl.pl\/?page_id=70"},"modified":"2026-02-11T09:16:39","modified_gmt":"2026-02-11T08:16:39","slug":"samorzad","status":"publish","type":"page","link":"https:\/\/powiatwwl.pl\/?page_id=70","title":{"rendered":"Samorz\u0105dowcy\/Nasi Parlamentarzy\u015bci"},"content":{"rendered":"\n<p>Zapraszam na nasze strony:<\/p>\n\n\n\n<p><strong><a href=\"https:\/\/powiatwwl.pl\/?page_id=121\">STAROSTWO POWIATOWE<\/a><\/strong><\/p>\n\n\n\n<p><strong><a href=\"https:\/\/powiatwwl.pl\/?page_id=107\">RADA POWIATU WO\u0141OMI\u0143SKIEGO<\/a><\/strong><\/p>\n\n\n\n<p><strong><a href=\"https:\/\/powiatwwl.pl\/?page_id=299\">NASI PARLAMENTARZY\u015aCI<\/a><\/strong><\/p>\n\n\n<div class=\"wp-block-image\">\n<figure class=\"aligncenter size-large is-resized\"><img loading=\"lazy\" decoding=\"async\" width=\"1024\" height=\"1024\" src=\"https:\/\/powiatwwl.pl\/wp-content\/uploads\/2026\/02\/PW-logo1-1-1024x1024.jpg\" alt=\"\" class=\"wp-image-40\" style=\"width:576px;height:auto\" srcset=\"https:\/\/powiatwwl.pl\/wp-content\/uploads\/2026\/02\/PW-logo1-1-1024x1024.jpg 1024w, https:\/\/powiatwwl.pl\/wp-content\/uploads\/2026\/02\/PW-logo1-1-300x300.jpg 300w, https:\/\/powiatwwl.pl\/wp-content\/uploads\/2026\/02\/PW-logo1-1-150x150.jpg 150w, https:\/\/powiatwwl.pl\/wp-content\/uploads\/2026\/02\/PW-logo1-1-768x768.jpg 768w, https:\/\/powiatwwl.pl\/wp-content\/uploads\/2026\/02\/PW-logo1-1-1536x1536.jpg 1536w, https:\/\/powiatwwl.pl\/wp-content\/uploads\/2026\/02\/PW-logo1-1-80x80.jpg 80w, https:\/\/powiatwwl.pl\/wp-content\/uploads\/2026\/02\/PW-logo1-1-320x320.jpg 320w, https:\/\/powiatwwl.pl\/wp-content\/uploads\/2026\/02\/PW-logo1-1.jpg 2000w\" sizes=\"auto, (max-width: 1024px) 100vw, 1024px\" \/><\/figure>\n<\/div>","protected":false},"excerpt":{"rendered":"<p>Zapraszam na nasze strony: STAROSTWO POWIATOWE RADA POWIATU WO\u0141OMI\u0143SKIEGO NASI PARLAMENTARZY\u015aCI<\/p>\n","protected":false},"author":1,"featured_media":0,"parent":0,"menu_order":0,"comment_status":"closed","ping_status":"closed","template":"","meta":{"footnotes":""},"class_list":["post-70","page","type-page","status-publish","hentry"],"_links":{"self":[{"href":"https:\/\/powiatwwl.pl\/index.php?rest_route=\/wp\/v2\/pages\/70","targetHints":{"allow":["GET"]}}],"collection":[{"href":"https:\/\/powiatwwl.pl\/index.php?rest_route=\/wp\/v2\/pages"}],"about":[{"href":"https:\/\/powiatwwl.pl\/index.php?rest_route=\/wp\/v2\/types\/page"}],"author":[{"embeddable":true,"href":"https:\/\/powiatwwl.pl\/index.php?rest_route=\/wp\/v2\/users\/1"}],"replies":[{"embeddable":true,"href":"https:\/\/powiatwwl.pl\/index.php?rest_route=%2Fwp%2Fv2%2Fcomments&post=70"}],"version-history":[{"count":3,"href":"https:\/\/powiatwwl.pl\/index.php?rest_route=\/wp\/v2\/pages\/70\/revisions"}],"predecessor-version":[{"id":803,"href":"https:\/\/powiatwwl.pl\/index.php?rest_route=\/wp\/v2\/pages\/70\/revisions\/803"}],"wp:attachment":[{"href":"https:\/\/powiatwwl.pl\/index.php?rest_route=%2Fwp%2Fv2%2Fmedia&parent=70"}],"curies":[{"name":"wp","href":"https:\/\/api.w.org\/{rel}","templated":true}]}}

Samorządowcy/Nasi Parlamentarzyści

<p>Zapraszam na nasze strony:</p>



<p><strong><a href="https://powiatwwl.pl/?page_id=121">STAROSTWO POWIATOWE</a></strong></p>



<p><strong><a href="https://powiatwwl.pl/?page_id=107">RADA POWIATU WOŁOMIŃSKIEGO</a></strong></p>



<p><strong><a href="https://powiatwwl.pl/?page_id=299">NASI PARLAMENTARZYŚCI</a></strong></p>


<div class="wp-block-image">
<figure class="aligncenter size-large is-resized"><img loading="lazy" decoding="async" width="1024" height="1024" src="https://powiatwwl.pl/wp-content/uploads/2026/02/PW-logo1-1-1024x1024.jpg" alt="" class="wp-image-40" style="width:576px;height:auto" srcset="https://powiatwwl.pl/wp-content/uploads/2026/02/PW-logo1-1-1024x1024.jpg 1024w, https://powiatwwl.pl/wp-content/uploads/2026/02/PW-logo1-1-300x300.jpg 300w, https://powiatwwl.pl/wp-content/uploads/2026/02/PW-logo1-1-150x150.jpg 150w, https://powiatwwl.pl/wp-content/uploads/2026/02/PW-logo1-1-768x768.jpg 768w, https://powiatwwl.pl/wp-content/uploads/2026/02/PW-logo1-1-1536x1536.jpg 1536w, https://powiatwwl.pl/wp-content/uploads/2026/02/PW-logo1-1-80x80.jpg 80w, https://powiatwwl.pl/wp-content/uploads/2026/02/PW-logo1-1-320x320.jpg 320w, https://powiatwwl.pl/wp-content/uploads/2026/02/PW-logo1-1.jpg 2000w" sizes="auto, (max-width: 1024px) 100vw, 1024px" /></figure>
</div>

<p>Zapraszam na nasze strony: STAROSTWO POWIATOWE RADA POWIATU WOŁOMIŃSKIEGO NASI PARLAMENTARZYŚCI</p>
